-- http://www.phpmyadmin.net
--




 

CREATE TABLE IF NOT EXISTS `api_admin` (
  `id` int(11) NOT NULL AUTO_INCREMENT,
  `username` varchar(200) NOT NULL,
  `password` varchar(200) NOT NULL,
  PRIMARY KEY (`id`)
) ENGINE=InnoDB  DEFAULT CHARSET=latin1 AUTO_INCREMENT=2 ;

--
-- Dumping data for table `api_admin`
--

INSERT INTO `api_admin` (`id`, `username`, `password`) VALUES
(1, 'admin', 'JSbJDnsh@3672');

-- --------------------------------------------------------

--
-- Table structure for table `oc_address`
--

CREATE TABLE IF NOT EXISTS `oc_address` (
  `address_id` int(11) NOT NULL AUTO_INCREMENT,
  `customer_id` int(11) NOT NULL,
  `firstname` varchar(32) NOT NULL,
  `lastname` varchar(32) NOT NULL,
  `company` varchar(40) NOT NULL,
  `address_1` varchar(128) NOT NULL,
  `address_2` varchar(128) NOT NULL,
  `city` varchar(128) NOT NULL,
  `postcode` varchar(10) NOT NULL,
  `country_id` int(11) NOT NULL DEFAULT '0',
  `zone_id` int(11) NOT NULL DEFAULT '0',
  `custom_field` text NOT NULL,
  PRIMARY KEY (`address_id`),
  KEY `customer_id` (`customer_id`)
) ENGINE=MyISAM  DEFAULT CHARSET=utf8 AUTO_INCREMENT=108 ;

--
-- Dumping data for table `oc_address`
--

INSERT INTO `oc_address` (`address_id`, `customer_id`, `firstname`, `lastname`, `company`, `address_1`, `address_2`, `city`, `postcode`, `country_id`, `zone_id`, `custom_field`) VALUES
(85, 84, 'Ashok', 'V', '', 'Sherkhanpally (V), Hathnoora (M), Sangareddy Dist.  Telangana', '', 'Hyderabad', '502313', 99, 4231, ''),
(89, 88, 'sam', 'Populous', '', '', '', '', '', 0, 0, ''),
(90, 89, 'nagesh ', 'rao', 'confidential', 'kadubeesana halli', '', 'bangalore', '560034', 99, 1489, ''),
(91, 90, 'kalyani', 'rao', '', '', '', '', '', 0, 0, ''),
(92, 91, 'herbs', 'yoga', 'confidential', 'kadubeesana halli', '', 'bangalore', '560034', 99, 1489, ''),
(93, 92, 'Prashant Kumar', 'Sharma', '', '201 PLOT NO.99 BHUSA MANDI ROAD', 'RASOMA SQUARE VIJAY NAGAR', 'INDORE', '452001', 99, 1492, ''),
(94, 93, 'saurav', 'kumar', '', 'B-198 Mig colony behind CHL Hospital', '', 'indore', '452010', 99, 1492, ''),
(95, 94, 'Pankaj', 'Nigam', '', 'E-154 Madipur Colony', '', 'New Delhi', '110063', 99, 1483, ''),
(96, 95, 'ASHISH', 'RATHORE', '', 'C114', 'DLF CAPITAL GREEN ', 'DELHI', '110015', 99, 1483, ''),
(97, 96, 'Himanshu', 'Rathore', '', '3938 Gali Brana Sadar Bazar', 'Delhi - 110006', 'delhi', '110006', 99, 1483, ''),
(98, 97, 'RAZA', 'RAZA', '', 'INDIRAPURAM', '', 'INDIRAPURAM', '', 99, 1505, ''),
(99, 98, 'Randhir Kumar', 'singh', '', '', '', '', '', 0, 0, ''),
(100, 99, 'Nicky', 'Kushwaha', '', 'B-53 2nd floor ', 'Ganesh nagar 2 Shakarpur', 'Delhi', '110092', 258, 0, ''),
(101, 100, 'Anand', 'Kumar', 'RDA Softech Private Limited', 'U-152A, 2nd Floor', 'Near Laxmi Nagar Metro Station Delhi 110092', 'Shakarpur', '110092', 99, 1483, ''),
(102, 101, 'Jai', 'Prakash', '', '', '', '', '', 0, 0, ''),
(103, 102, 'Helmet man', 'India', '', '', '', '', '', 0, 0, ''),
(104, 103, 'S&amp;S ', 'Collection''s ', '', '', '', '', '', 0, 0, ''),
(105, 104, 'Nitish ', 'gaurav', '', '', '', '', '', 0, 0, ''),
(106, 105, 'Sushil', 'Chaudhary', '', '', '', '', '', 0, 0, ''),
(107, 106, 'Anand', 'Kumar', '', '', '', '', '', 0, 0, '');

-- --------------------------------------------------------

--
-- Table structure for table `oc_affiliate`
--

CREATE TABLE IF NOT EXISTS `oc_affiliate` (
  `affiliate_id` int(11) NOT NULL AUTO_INCREMENT,
  `firstname` varchar(32) NOT NULL,
  `lastname` varchar(32) NOT NULL,
  `email` varchar(96) NOT NULL,
  `telephone` varchar(32) NOT NULL,
  `fax` varchar(32) NOT NULL,
  `password` varchar(40) NOT NULL,
  `salt` varchar(9) NOT NULL,
  `company` varchar(40) NOT NULL,
  `website` varchar(255) NOT NULL,
  `address_1` varchar(128) NOT NULL,
  `address_2` varchar(128) NOT NULL,
  `city` varchar(128) NOT NULL,
  `postcode` varchar(10) NOT NULL,
  `country_id` int(11) NOT NULL,
  `zone_id` int(11) NOT NULL,
  `code` varchar(64) NOT NULL,
  `commission` decimal(4,2) NOT NULL DEFAULT '0.00',
  `tax` varchar(64) NOT NULL,
  `payment` varchar(6) NOT NULL,
  `cheque` varchar(100) NOT NULL,
  `paypal` varchar(64) NOT NULL,
  `bank_name` varchar(64) NOT NULL,
  `bank_branch_number` varchar(64) NOT NULL,
  `bank_swift_code` varchar(64) NOT NULL,
  `bank_account_name` varchar(64) NOT NULL,
  `bank_account_number` varchar(64) NOT NULL,
  `ip` varchar(40) NOT NULL,
  `status` tinyint(1) NOT NULL,
  `approved` tinyint(1) NOT NULL,
  `date_added` datetime NOT NULL,
  PRIMARY KEY (`affiliate_id`)
) ENGINE=MyISAM  DEFAULT CHARSET=utf8 AUTO_INCREMENT=6 ;

--
-- Dumping data for table `oc_affiliate`
--

INSERT INTO `oc_affiliate` (`affiliate_id`, `firstname`, `lastname`, `email`, `telephone`, `fax`, `password`, `salt`, `company`, `website`, `address_1`, `address_2`, `city`, `postcode`, `country_id`, `zone_id`, `code`, `commission`, `tax`, `payment`, `cheque`, `paypal`, `bank_name`, `bank_branch_number`, `bank_swift_code`, `bank_account_name`, `bank_account_number`, `ip`, `status`, `approved`, `date_added`) VALUES
(1, 'Pradyumna', 'borthakur', 'pradyumnaborthakur23@gmail.com', '8011787490', '', 'c0902804344a3003ac96ae417f00aad909e83384', 'lrN3RBBwp', '', '', 'sreemanta nagar, margherita', '', 'margherita', '786181', 99, 1478, '585a759a23522', '5.00', '', 'cheque', '', '', '', '', '', '', '', '42.109.134.237', 1, 1, '2016-12-21 17:59:14'),
(2, 'Hoang', 'Le', 'couponsplusdeals.com@gmail.com', '0123 433 4335', '1234334335', '1912e4a3bf71f21c51bcc3fd13e1f3cd1b32b5e7', 'emQzlZxGv', 'BOGO', 'https://www.couponsplusdeals.com/', '72A Royal City', '', 'CA', '90001', 223, 3624, '5a191a8230296', '5.00', '112367962', 'paypal', 'Hoang Xuan Le', 'couponsplusdeals.com@gmail.com', '', '', '', '', '', '173.245.48.150', 1, 1, '2017-11-25 12:53:46'),
(3, 'Gajanan', 'Bisen', 'gajubisen20@gmail.com', '9595255551', '', '031ef0756cc5b1477773dbc43fae8420544801e8', 'LXY1kDcYf', 'Gbmart', '', 'Nanded', 'Nanded', 'Nanded', '431603', 99, 1493, '5ace593a24eaf', '5.00', '', 'bank', '', '', 'Bank of india', '', '', '6766576', '6766576', '162.158.166.44', 1, 1, '2018-04-12 00:21:38'),
(4, 'Muzafar ', 'Khan', 'muzafar.khan@ymail.com', '9920981239', '', '350e508b803ad440153983f8686449ea3facd907', 'G8HcsLI1H', '', 'www.ridaintl.com', '203 meghna solitare , phase 1 sec 11 taloja', '', 'Navi mumbai', '', 99, 1493, '5b2d288474709', '5.00', '', 'cheque', '', '', '', '', '', '', '', '162.158.50.37', 1, 1, '2018-06-22 22:19:08'),
(5, 'Prashant', 'Kumar', 'prashant83700@gmail.com', '8370064194', '', '32a303aeaf7ae8369e16c29a8ed345289a2bd6ff', 'gtyMLpRp2', '', '', '201, plot no 99, Rasoma Square', '', 'Indore', '452010', 99, 1492, '5d0294d36b7ec', '10.00', '', 'cheque', 'Prashant Kumar Sharma', '', '', '', '', '', '', '162.158.150.55', 1, 1, '2019-06-13 23:54:19');

-- --------------------------------------------------------

--
-- Table structure for table `oc_affiliate_activity`
--

CREATE TABLE IF NOT EXISTS `oc_affiliate_activity` (
  `activity_id` int(11) NOT NULL AUTO_INCREMENT,
  `affiliate_id` int(11) NOT NULL,
  `key` varchar(64) NOT NULL,
  `data` text NOT NULL,
  `ip` varchar(40) NOT NULL,
  `date_added` datetime NOT NULL,
  PRIMARY KEY (`activity_id`)
) ENGINE=MyISAM  DEFAULT CHARSET=utf8 AUTO_INCREMENT=7 ;

--
-- Dumping data for table `oc_affiliate_activity`
--

INSERT INTO `oc_affiliate_activity` (`activity_id`, `affiliate_id`, `key`, `data`, `ip`, `date_added`) VALUES
(1, 1, 'register', '{"affiliate_id":1,"name":"Pradyumna borthakur"}', '117.203.171.144', '2016-12-21 17:59:19'),
(2, 2, 'register', '{"affiliate_id":2,"name":"Hoang Le"}', '173.245.48.150', '2017-11-25 12:53:46'),
(3, 3, 'register', '{"affiliate_id":3,"name":"Gajanan Bisen"}', '162.158.166.44', '2018-04-12 00:21:39'),
(4, 4, 'register', '{"affiliate_id":4,"name":"Muzafar  Khan"}', '162.158.50.37', '2018-06-22 22:19:08'),
(5, 4, 'login', '{"affiliate_id":"4","name":"Muzafar  Khan"}', '162.158.50.37', '2018-06-22 22:29:33'),
(6, 5, 'register', '{"affiliate_id":5,"name":"Prashant Kumar"}', '162.158.150.61', '2019-06-13 23:54:20');

-- --------------------------------------------------------

--
-- Table structure for table `oc_affiliate_login`
--

CREATE TABLE IF NOT EXISTS `oc_affiliate_login` (
  `affiliate_login_id` int(11) NOT NULL AUTO_INCREMENT,
  `email` varchar(96) NOT NULL,
  `ip` varchar(40) NOT NULL,
  `total` int(4) NOT NULL,
  `date_added` datetime NOT NULL,
  `date_modified` datetime NOT NULL,
  PRIMARY KEY (`affiliate_login_id`),
  KEY `email` (`email`),
  KEY `ip` (`ip`)
) ENGINE=MyISAM DEFAULT CHARSET=utf8 AUTO_INCREMENT=1 ;

-- --------------------------------------------------------

--
-- Table structure for table `oc_affiliate_transaction`
--

CREATE TABLE IF NOT EXISTS `oc_affiliate_transaction` (
  `affiliate_transaction_id` int(11) NOT NULL AUTO_INCREMENT,
  `affiliate_id` int(11) NOT NULL,
  `order_id` int(11) NOT NULL,
  `description` text NOT NULL,
  `amount` decimal(15,4) NOT NULL,
  `date_added` datetime NOT NULL,
  PRIMARY KEY (`affiliate_transaction_id`)
) ENGINE=MyISAM DEFAULT CHARSET=utf8 AUTO_INCREMENT=1 ;

-- --------------------------------------------------------

--
-- Table structure for table `oc_api`
--

CREATE TABLE IF NOT EXISTS `oc_api` (
  `api_id` int(11) NOT NULL AUTO_INCREMENT,
  `name` varchar(64) NOT NULL,
  `key` text NOT NULL,
  `status` tinyint(1) NOT NULL,
  `date_added` datetime NOT NULL,
  `date_modified` datetime NOT NULL,
  PRIMARY KEY (`api_id`)
) ENGINE=MyISAM  DEFAULT CHARSET=utf8 AUTO_INCREMENT=3 ;

--
-- Dumping data for table `oc_api`
--

INSERT INTO `oc_api` (`api_id`, `name`, `key`, `status`, `date_added`, `date_modified`) VALUES
(1, 'Default', 'PNFGymUuPn1OYdp7Gtw3RVzAT8f1dDFvNYor2AG6psIOheB4nOls6uvLO2T2VnZsCHoWVgdGrpBxEUZJBXdNKD3ECRoX6tRNQnHJK6X42jEFhEb7lhQLKthhwkK1fFPF3EXSkJ3qlWIfXQAiKHOPiuWeExeKGoDMINlXoBI7GiirjD2LnjlDWzbIrPuh47rPP0dWRWqwZkYrpDNyIYmIw3k9Vv12Dg7wG2GzMWq0aFhEDKzNbUo58chGlQoQ94OS', 1, '2016-05-03 00:42:25', '2019-01-11 00:47:34'),
(2, 'Main', 'bfExnzUWQdWxD7UegZ5tLKuGzSdOrCuGygmnsrw3kqI87R5tROiKMp0qN7TEFyy6Tx0JDCv80CNirvbs8IVqwwudOQ4gcK1NXpnJzVjDLDcUSca0RsBkrvZYulSFSikS7fnOdmZck3bghiuH2VB2SgJL4kbUMlUbZNNFabHiwKxUmBgnyKDNwS80OJG7dgGSaCIuLSjOSxFZueq4HINaj5jM133L7FEjirExinhAhHHbmr1BTVGwyy7EmHm4vbgp', 1, '2019-01-10 08:37:52', '2019-01-11 00:46:59');

-- --------------------------------------------------------

--
-- Table structure for table `oc_apibzcc`
--

CREATE TABLE IF NOT EXISTS `oc_apibzcc` (
  `a_id` int(11) NOT NULL AUTO_INCREMENT,
  `license_id` varchar(255) NOT NULL,
  `user_id` varchar(255) NOT NULL,
  `license_key` varchar(255) NOT NULL,
  `pgmodule_version` varchar(255) NOT NULL,
  `cms` varchar(255) NOT NULL,
  `cms_version` varchar(255) NOT NULL,
  `ccversion` varchar(255) NOT NULL,
  PRIMARY KEY (`a_id`),
  KEY `pgmodule_version` (`pgmodule_version`)
) ENGINE=MyISAM  DEFAULT CHARSET=latin1 AUTO_INCREMENT=2 ;

--
-- Dumping data for table `oc_apibzcc`
--

INSERT INTO `oc_apibzcc` (`a_id`, `license_id`, `user_id`, `license_key`, `pgmodule_version`, `cms`, `cms_version`, `ccversion`) VALUES
(1, 'free', '0', 'FREE', '2.0', 'opencart', '2.1.0.1', '2.0');

-- --------------------------------------------------------

--
-- Table structure for table `oc_api_ip`
--

CREATE TABLE IF NOT EXISTS `oc_api_ip` (
  `api_ip_id` int(11) NOT NULL AUTO_INCREMENT,
  `api_id` int(11) NOT NULL,
  `ip` varchar(40) NOT NULL,
  PRIMARY KEY (`api_ip_id`)
) ENGINE=MyISAM  DEFAULT CHARSET=utf8 AUTO_INCREMENT=34 ;

--
-- Dumping data for table `oc_api_ip`
--

INSERT INTO `oc_api_ip` (`api_ip_id`, `api_id`, `ip`) VALUES
(19, 1, '157.44.189.71'),
(18, 1, '203.134.197.47'),
(17, 1, '124.253.255.125'),
(4, 0, ''),
(5, 0, ''),
(16, 1, '124.253.255.125'),
(10, 0, ''),
(14, 2, '157.44.111.234'),
(13, 2, '116.72.130.44'),
(15, 2, '157.44.189.71'),
(20, 2, '157.48.193.81'),
(21, 2, '157.48.231.5'),
(22, 2, '157.48.205.249'),
(23, 2, '103.41.97.186'),
(24, 2, '72.163.217.105'),
(25, 2, '103.91.160.152'),
(26, 2, '103.91.160.191'),
(27, 2, '103.91.160.62'),
(28, 2, '47.29.107.144'),
(29, 2, '47.29.71.255'),
(30, 2, '103.91.160.60'),
(31, 2, '103.91.160.97'),
(32, 2, '60.254.107.192'),
(33, 2, '203.212.228.64');

-- --------------------------------------------------------

--
-- Table structure for table `oc_api_session`
--

CREATE TABLE IF NOT EXISTS `oc_api_session` (
  `api_session_id` int(11) NOT NULL AUTO_INCREMENT,
  `api_id` int(11) NOT NULL,
  `token` varchar(32) NOT NULL,
  `session_id` varchar(32) NOT NULL,
  `session_name` varchar(32) NOT NULL,
  `ip` varchar(40) NOT NULL,
  `date_added` datetime NOT NULL,
  `date_modified` datetime NOT NULL,
  PRIMARY KEY (`api_session_id`)
) ENGINE=MyISAM  DEFAULT CHARSET=utf8 AUTO_INCREMENT=32 ;

-- --------------------------------------------------------

--
-- Table structure for table `oc_as_device`
--

CREATE TABLE IF NOT EXISTS `oc_as_device` (
  `device_id` int(11) NOT NULL AUTO_INCREMENT,
  `device_token` varchar(256) CHARACTER SET utf8 NOT NULL,
  `date_added` datetime NOT NULL DEFAULT '0000-00-00 00:00:00',
  PRIMARY KEY (`device_id`)
) ENGINE=MyISAM DEFAULT CHARSET=latin1 AUTO_INCREMENT=1 ;

-- --------------------------------------------------------

--
-- Table structure for table `oc_as_push_notification`
--

CREATE TABLE IF NOT EXISTS `oc_as_push_notification` (
  `notification_id` int(11) NOT NULL AUTO_INCREMENT,
  `short_title` varchar(255) CHARACTER SET utf8 NOT NULL,
  `short_description` varchar(255) CHARACTER SET utf8 NOT NULL,
  `extended_description` text CHARACTER SET utf8 NOT NULL,
  `redirect_route` varchar(255) CHARACTER SET utf8 NOT NULL,
  `redirect_param` varchar(255) CHARACTER SET utf8 NOT NULL,
  `date_added` datetime NOT NULL DEFAULT '0000-00-00 00:00:00',
  PRIMARY KEY (`notification_id`)
) ENGINE=MyISAM DEFAULT CHARSET=latin1 AUTO_INCREMENT=1 ;

-- --------------------------------------------------------

--
-- Table structure for table `oc_attribute`
--

CREATE TABLE IF NOT EXISTS `oc_attribute` (
  `attribute_id` int(11) NOT NULL AUTO_INCREMENT,
  `attribute_group_id` int(11) NOT NULL,
  `sort_order` int(3) NOT NULL,
  PRIMARY KEY (`attribute_id`)
) ENGINE=MyISAM  DEFAULT CHARSET=utf8 AUTO_INCREMENT=13 ;

--
-- Dumping data for table `oc_attribute`
--

INSERT INTO `oc_attribute` (`attribute_id`, `attribute_group_id`, `sort_order`) VALUES
(1, 6, 1),
(2, 6, 5),
(3, 6, 3),
(12, 7, 0);

-- --------------------------------------------------------

--
-- Table structure for table `oc_attribute_description`
--

CREATE TABLE IF NOT EXISTS `oc_attribute_description` (
  `attribute_id` int(11) NOT NULL,
  `language_id` int(11) NOT NULL,
  `name` varchar(64) NOT NULL,
  PRIMARY KEY (`attribute_id`,`language_id`)
) ENGINE=MyISAM DEFAULT CHARSET=utf8;

--
-- Dumping data for table `oc_attribute_description`
--

INSERT INTO `oc_attribute_description` (`attribute_id`, `language_id`, `name`) VALUES
(1, 1, 'Description'),
(2, 1, 'No. of Cores'),
(12, 1, 'Online Delivery'),
(3, 1, 'Clockspeed');

-- --------------------------------------------------------

--
-- Table structure for table `oc_attribute_group`
--

CREATE TABLE IF NOT EXISTS `oc_attribute_group` (
  `attribute_group_id` int(11) NOT NULL AUTO_INCREMENT,
  `sort_order` int(3) NOT NULL,
  PRIMARY KEY (`attribute_group_id`)
) ENGINE=MyISAM  DEFAULT CHARSET=utf8 AUTO_INCREMENT=8 ;

--
-- Dumping data for table `oc_attribute_group`
--

INSERT INTO `oc_attribute_group` (`attribute_group_id`, `sort_order`) VALUES
(3, 2),
(4, 1),
(5, 3),
(6, 4),
(7, 0);

-- --------------------------------------------------------

--
-- Table structure for table `oc_attribute_group_description`
--

CREATE TABLE IF NOT EXISTS `oc_attribute_group_description` (
  `attribute_group_id` int(11) NOT NULL,
  `language_id` int(11) NOT NULL,
  `name` varchar(64) NOT NULL,
  PRIMARY KEY (`attribute_group_id`,`language_id`)
) ENGINE=MyISAM DEFAULT CHARSET=utf8;

--
-- Dumping data for table `oc_attribute_group_description`
--

INSERT INTO `oc_attribute_group_description` (`attribute_group_id`, `language_id`, `name`) VALUES
(3, 1, 'Memory'),
(4, 1, 'Technical'),
(5, 1, 'Motherboard'),
(6, 1, 'Processor'),
(7, 1, 'Online Delivery');

-- --------------------------------------------------------

--
-- Table structure for table `oc_banner`
--

CREATE TABLE IF NOT EXISTS `oc_banner` (
  `banner_id` int(11) NOT NULL AUTO_INCREMENT,
  `name` varchar(64) NOT NULL,
  `status` tinyint(1) NOT NULL,
  PRIMARY KEY (`banner_id`)
) ENGINE=MyISAM  DEFAULT CHARSET=utf8 AUTO_INCREMENT=16 ;

--
-- Dumping data for table `oc_banner`
--

INSERT INTO `oc_banner` (`banner_id`, `name`, `status`) VALUES
(8, 'Manufacturers', 0),
(9, 'Home Page 8 Image Slide-bottom', 0),
(10, 'Home-Page-Top-Banners', 1),
(12, 'Android-SlideShow', 1),
(13, 'NEW ARRIVALS', 1),
(15, 'Physiotherapy workshop', 1);

-- --------------------------------------------------------

--
-- Table structure for table `oc_banner_image`
--

CREATE TABLE IF NOT EXISTS `oc_banner_image` (
  `banner_image_id` int(11) NOT NULL AUTO_INCREMENT,
  `banner_id` int(11) NOT NULL,
  `link` varchar(255) NOT NULL,
  `image` varchar(255) NOT NULL,
  `sort_order` int(3) NOT NULL DEFAULT '0',
  PRIMARY KEY (`banner_image_id`)
) ENGINE=MyISAM  DEFAULT CHARSET=utf8 AUTO_INCREMENT=305 ;

--
-- Dumping data for table `oc_banner_image`
--

INSERT INTO `oc_banner_image` (`banner_image_id`, `banner_id`, `link`, `image`, `sort_order`) VALUES
(282, 10, '#', 'catalog/banner/bellow-sider2.jpg', 3),
(296, 8, '', 'catalog/demo/manufacturer/cocacola.png', 0),
(301, 9, 'index.php?route=product/category&amp;path=92', '', 1),
(281, 10, '#', 'catalog/banner/bellow-sider3.jpg', 2),
(280, 10, '#', 'catalog/banner/bellow-sider1.jpg', 1),
(284, 12, '', 'catalog/banner/banners/android-slider2.png', 3),
(283, 12, '', 'catalog/banner/banners/slide1-1.png', 1),
(285, 12, '', 'catalog/banner/banners/slide4-1.png', 2),
(290, 13, '', '', 0),
(295, 8, '', 'catalog/demo/manufacturer/burgerking.png', 0),
(302, 9, '#', '', 2),
(304, 15, '', 'catalog/ecommerceimage.jpg', 1);

-- --------------------------------------------------------

--
-- Table structure for table `oc_banner_image_description`
--

CREATE TABLE IF NOT EXISTS `oc_banner_image_description` (
  `banner_image_id` int(11) NOT NULL,
  `language_id` int(11) NOT NULL,
  `banner_id` int(11) NOT NULL,
  `title` varchar(64) NOT NULL,
  PRIMARY KEY (`banner_image_id`,`language_id`)
) ENGINE=MyISAM DEFAULT CHARSET=utf8;

--
-- Dumping data for table `oc_banner_image_description`
--

INSERT INTO `oc_banner_image_description` (`banner_image_id`, `language_id`, `banner_id`, `title`) VALUES
(296, 1, 8, 'Coca Cola'),
(295, 1, 8, 'Burger King'),
(301, 1, 9, 'HANDLOOM &amp; TEXTILE PRODUCTS'),
(282, 1, 10, 'Banner3'),
(281, 1, 10, 'Banner2'),
(280, 1, 10, 'Banner1'),
(285, 1, 12, 'Slide2'),
(284, 1, 12, 'Slide3'),
(283, 1, 12, 'Slide1'),
(290, 1, 13, 'PHYSIO'),
(302, 1, 9, 'Title2'),
(304, 1, 15, 'Physiotherapy workshop');

-- --------------------------------------------------------

--
-- Table structure for table `oc_blog`
--

CREATE TABLE IF NOT EXISTS `oc_blog` (
  `blog_id` int(11) NOT NULL AUTO_INCREMENT,
  `allow_comment` int(1) NOT NULL DEFAULT '1',
  `count_read` int(11) NOT NULL DEFAULT '0',
  `sort_order` int(3) NOT NULL,
  `status` int(1) NOT NULL DEFAULT '1',
  `author` varchar(255) CHARACTER SET utf8 COLLATE utf8_bin DEFAULT NULL,
  `date_added` datetime NOT NULL DEFAULT '0000-00-00 00:00:00',
  `image` varchar(255) CHARACTER SET utf8 COLLATE utf8_bin DEFAULT NULL,
  PRIMARY KEY (`blog_id`)
) ENGINE=MyISAM  DEFAULT CHARSET=latin1 AUTO_INCREMENT=20 ;

--
-- Dumping data for table `oc_blog`
--

INSERT INTO `oc_blog` (`blog_id`, `allow_comment`, `count_read`, `sort_order`, `status`, `author`, `date_added`, `image`) VALUES
(16, 1, 484, 0, 1, 'John', '2015-06-24 03:34:34', 'catalog/shopme_samples/blog_thumb.png'),
(17, 1, 373, 0, 1, 'John', '2015-06-24 03:36:12', 'catalog/shopme_samples/blog_thumb.png'),
(18, 1, 489, 0, 1, 'John', '2015-06-24 03:36:58', 'catalog/shopme_samples/blog_thumb.png'),
(19, 1, 154, 0, 1, 'John', '2015-07-18 22:52:49', 'catalog/shopme_samples/blog_thumb.png');

-- --------------------------------------------------------

--
-- Table structure for table `oc_blog_category`
--

CREATE TABLE IF NOT EXISTS `oc_blog_category` (
  `blog_category_id` int(11) NOT NULL AUTO_INCREMENT,
  `parent_id` int(11) NOT NULL DEFAULT '0',
  `sort_order` int(3) NOT NULL DEFAULT '0',
  `date_added` datetime NOT NULL DEFAULT '0000-00-00 00:00:00',
  `status` int(1) NOT NULL DEFAULT '1',
  PRIMARY KEY (`blog_category_id`)
) ENGINE=MyISAM  DEFAULT CHARSET=utf8 COLLATE=utf8_bin AUTO_INCREMENT=54 ;

--
-- Dumping data for table `oc_blog_category`
--

INSERT INTO `oc_blog_category` (`blog_category_id`, `parent_id`, `sort_order`, `date_added`, `status`) VALUES
(49, 0, 0, '2015-06-24 03:30:28', 1),
(50, 0, 0, '2015-06-24 03:30:53', 1),
(51, 0, 0, '2015-06-24 03:31:14', 1),
(52, 0, 0, '2015-06-24 03:31:28', 1),
(53, 0, 0, '2015-06-24 03:31:37', 1);

-- --------------------------------------------------------

--
-- Table structure for table `oc_blog_category_description`
--

CREATE TABLE IF NOT EXISTS `oc_blog_category_description` (
  `blog_category_id` int(11) NOT NULL,
  `language_id` int(11) NOT NULL,
  `name` varchar(255) COLLATE utf8_bin NOT NULL DEFAULT '',
  `page_title` varchar(255) COLLATE utf8_bin NOT NULL DEFAULT '',
  `meta_keywords` varchar(255) COLLATE utf8_bin NOT NULL,
  `meta_description` varchar(255) COLLATE utf8_bin NOT NULL,
  `description` text COLLATE utf8_bin NOT NULL,
  PRIMARY KEY (`blog_category_id`,`language_id`),
  KEY `name` (`name`)
) ENGINE=MyISAM DEFAULT CHARSET=utf8 COLLATE=utf8_bin;

--
-- Dumping data for table `oc_blog_category_description`
--

INSERT INTO `oc_blog_category_description` (`blog_category_id`, `language_id`, `name`, `page_title`, `meta_keywords`, `meta_description`, `description`) VALUES
(49, 1, 'News', '', '', '', '&lt;p&gt;&lt;br&gt;&lt;/p&gt;'),
(49, 2, 'News', '', '', '', '&lt;p&gt;&lt;br&gt;&lt;/p&gt;'),
(50, 1, 'About Beauty', '', '', '', '&lt;p&gt;&lt;br&gt;&lt;/p&gt;'),
(50, 2, 'About Beauty', '', '', '', '&lt;p&gt;&lt;br&gt;&lt;/p&gt;'),
(51, 1, 'Baby &amp; Mom', '', '', '', '&lt;p&gt;&lt;br&gt;&lt;/p&gt;'),
(51, 2, 'Baby &amp; Mom', '', '', '', '&lt;p&gt;&lt;br&gt;&lt;/p&gt;'),
(52, 1, 'Diet &amp; Fitness', '', '', '', '&lt;p&gt;&lt;br&gt;&lt;/p&gt;'),
(52, 2, 'Diet &amp; Fitness', '', '', '', '&lt;p&gt;&lt;br&gt;&lt;/p&gt;'),
(53, 1, 'Promotions', '', '', '', '&lt;p&gt;&lt;br&gt;&lt;/p&gt;'),
(53, 2, 'Promotions', '', '', '', '&lt;p&gt;&lt;br&gt;&lt;/p&gt;');

-- --------------------------------------------------------

--
-- Table structure for table `oc_blog_category_to_layout`
--

CREATE TABLE IF NOT EXISTS `oc_blog_category_to_layout` (
  `blog_category_id` int(11) NOT NULL,
  `store_id` int(11) NOT NULL,
  `layout_id` int(11) NOT NULL,
  PRIMARY KEY (`blog_category_id`,`store_id`)
) ENGINE=MyISAM DEFAULT CHARSET=utf8 COLLATE=utf8_bin;

-- --------------------------------------------------------

--
-- Table structure for table `oc_blog_category_to_store`
--

CREATE TABLE IF NOT EXISTS `oc_blog_category_to_store` (
  `blog_category_id` int(11) NOT NULL,
  `store_id` int(11) NOT NULL,
  PRIMARY KEY (`blog_category_id`,`store_id`)
) ENGINE=MyISAM DEFAULT CHARSET=utf8 COLLATE=utf8_bin;

--
-- Dumping data for table `oc_blog_category_to_store`
--

INSERT INTO `oc_blog_category_to_store` (`blog_category_id`, `store_id`) VALUES
(49, 0),
(50, 0),
(51, 0),
(52, 0),
(53, 0);

-- --------------------------------------------------------

--
-- Table structure for table `oc_blog_comment`
--

CREATE TABLE IF NOT EXISTS `oc_blog_comment` (
  `blog_comment_id` int(11) NOT NULL AUTO_INCREMENT,
  `blog_id` int(11) NOT NULL DEFAULT '0',
  `name` varchar(255) CHARACTER SET utf8 COLLATE utf8_bin NOT NULL,
  `email` varchar(255) CHARACTER SET utf8 COLLATE utf8_bin NOT NULL,
  `comment` text CHARACTER SET utf8 COLLATE utf8_bin NOT NULL,
  `date_added` datetime DEFAULT '0000-00-00 00:00:00',
  `status` int(1) NOT NULL DEFAULT '1',
  PRIMARY KEY (`blog_comment_id`)
) ENGINE=MyISAM  DEFAULT CHARSET=latin1 AUTO_INCREMENT=27 ;

--
-- Dumping data for table `oc_blog_comment`
--

INSERT INTO `oc_blog_comment` (`blog_comment_id`, `blog_id`, `name`, `email`, `comment`, `date_added`, `status`) VALUES
(21, 16, 'Karl', 'sample@example.com', 'It is a long established fact that a reader will be distracted by the readable content of a page when looking at its layout. The point of using Lorem Ipsum is that it has a more-or-less normal distribution of letters, as opposed to using ''Content here, content here'', making it look like readable English. Many desktop publishing packages and web page editors now use Lorem Ipsum as their default model text, and a search for ''lorem ipsum'' will uncover many web sites still in their infancy. Various versions have evolved over the years, sometimes by accident, sometimes on purpose (injected humour and the like).', '2015-06-24 03:41:27', 1),
(22, 16, 'John', 'sample@example.com', 'It is a long established fact that a reader will be distracted by the readable content of a page when looking at its layout. The point of using Lorem Ipsum is that it has a more-or-less normal distribution of letters, as opposed to using ''Content here, content here'', making it look like readable English. Many desktop publishing packages and web page editors now use Lorem Ipsum as their default model text, and a search for ''lorem ipsum'' will uncover many web sites still in their infancy. Various versions have evolved over the years, sometimes by accident, sometimes on purpose (injected humour and the like).', '2015-06-24 03:41:42', 1),
(23, 18, 'Karl', 'sample@example.com', 'It is a long established fact that a reader will be distracted by the readable content of a page when looking at its layout. The point of using Lorem Ipsum is that it has a more-or-less normal distribution of letters, as opposed to using ''Content here, content here'', making it look like readable English. Many desktop publishing packages and web page editors now use Lorem Ipsum as their default model text, and a search for ''lorem ipsum'' will uncover many web sites still in their infancy. Various versions have evolved over the years, sometimes by accident, sometimes on purpose (injected humour and the like).', '2015-06-24 03:41:52', 1),
(24, 18, 'Andy', 'sample@example.com', 'There are many variations of passages of Lorem Ipsum available, but the majority have suffered alteration in some form, by injected humour, or randomised words which don''t look even slightly believable. If you are going to use a passage of Lorem Ipsum, you need to be sure there isn''t anything embarrassing hidden in the middle of text. All the Lorem Ipsum generators on the Internet tend to repeat predefined chunks as necessary, making this the first true generator on the Internet. It uses a dictionary of over 200 Latin words, combined with a handful of model sentence structures, to generate Lorem Ipsum which looks reasonable. The generated Lorem Ipsum is therefore always free from repetition, injected humour, or non-characteristic words etc.', '2015-06-24 03:42:29', 1),
(25, 18, 'Anna', 'sample@example.com', 'There are many variations of passages of Lorem Ipsum available, but the majority have suffered alteration in some form, by injected humour, or randomised words which don''t look even slightly believable. If you are going to use a passage of Lorem Ipsum, you need to be sure there isn''t anything embarrassing hidden in the middle of text. All the Lorem Ipsum generators on the Internet tend to repeat predefined chunks as necessary, making this the first true generator on the Internet. It uses a dictionary of over 200 Latin words, combined with a handful of model sentence structures, to generate Lorem Ipsum which looks reasonable. The generated Lorem Ipsum is therefore always free from repetition, injected humour, or non-characteristic words etc.', '2015-06-24 03:42:36', 1),
(26, 16, 'Sample Guy', 'sample@example.com', 'There are many variations of passages of Lorem Ipsum available, but the majority have suffered alteration in some form, by injected humour, or randomised words which don''t look even slightly believable. If you are going to use a passage of Lorem Ipsum, you need to be sure there isn''t anything embarrassing hidden in the middle of text. All the Lorem Ipsum generators on the Internet tend to repeat predefined chunks as necessary, making this the first true generator on the Internet. It uses a dictionary of over 200 Latin words, combined with a handful of model sentence structures, to generate Lorem Ipsum which looks reasonable. The generated Lorem Ipsum is therefore always free from repetition, injected humour, or non-characteristic words etc.', '2015-06-24 03:43:04', 1);

-- --------------------------------------------------------

--
-- Table structure for table `oc_blog_description`
--

CREATE TABLE IF NOT EXISTS `oc_blog_description` (
  `blog_id` int(11) NOT NULL,
  `language_id` int(11) NOT NULL,
  `title` varchar(128) COLLATE utf8_bin NOT NULL,
  `page_title` varchar(255) COLLATE utf8_bin NOT NULL,
  `meta_keyword` varchar(255) COLLATE utf8_bin NOT NULL,
  `meta_description` varchar(255) COLLATE utf8_bin NOT NULL,
  `short_description` text COLLATE utf8_bin NOT NULL,
  `description` text COLLATE utf8_bin NOT NULL,
  `tags` varchar(255) COLLATE utf8_bin NOT NULL
) ENGINE=MyISAM DEFAULT CHARSET=utf8 COLLATE=utf8_bin;

--
-- Dumping data for table `oc_blog_description`
--

INSERT INTO `oc_blog_description` (`blog_id`, `language_id`, `title`, `page_title`, `meta_keyword`, `meta_description`, `short_description`, `description`, `tags`) VALUES
(16, 2, 'Ut pharetra augue nec augue integer rutrum ante eu lacus', '', '', '', 'Contrary to popular belief, Lorem Ipsum is not simply random text. It has roots in a piece of classical Latin literature from 45 BC, making it over 2000 years old. Richard McClintock, a Latin professor at Hampden-Sydney College in Virginia, looked up one of the more obscure Latin words', '&lt;p&gt;Contrary to popular belief, Lorem Ipsum is not simply random text. It\r\n has roots in a piece of classical Latin literature from 45 BC, making \r\nit over 2000 years old. Richard McClintock, a Latin professor at \r\nHampden-Sydney College in Virginia, looked up one of the more obscure \r\nLatin words, consectetur, from a Lorem Ipsum passage, and going through \r\nthe cites of the word in classical literature, discovered the \r\nundoubtable source. Lorem Ipsum comes from sections 1.10.32 and 1.10.33 \r\nof &quot;de Finibus Bonorum et Malorum&quot; (The Extremes of Good and Evil) by \r\nCicero, written in 45 BC. This book is a treatise on the theory of \r\nethics, very popular during the Renaissance. The first line of Lorem \r\nIpsum, &quot;Lorem ipsum dolor sit amet..&quot;, comes from a line in section \r\n1.10.32.&lt;/p&gt;&lt;p&gt;The standard chunk of Lorem Ipsum used since the 1500s is\r\n reproduced below for those interested. Sections 1.10.32 and 1.10.33 \r\nfrom &quot;de Finibus Bonorum et Malorum&quot; by Cicero are also reproduced in \r\ntheir exact original form, accompanied by English versions from the 1914\r\n translation by H. Rackham.&lt;/p&gt;&lt;p&gt;It is a long established fact that a reader will be distracted by the \r\nreadable content of a page when looking at its layout. The point of \r\nusing Lorem Ipsum is that it has a more-or-less normal distribution of \r\nletters, as opposed to using ''Content here, content here'', making it \r\nlook like readable English. Many desktop publishing packages and web \r\npage editors now use Lorem Ipsum as their default model text, and a \r\nsearch for ''lorem ipsum'' will uncover many web sites still in their \r\ninfancy. Various versions have evolved over the years, sometimes by \r\naccident, sometimes on purpose (injected humour and the like).&lt;/p&gt;', ''),
(16, 1, 'Ut pharetra augue nec augue integer rutrum ante eu lacus', '', '', '', 'Contrary to popular belief, Lorem Ipsum is not simply random text. It has roots in a piece of classical Latin literature from 45 BC, making it over 2000 years old. Richard McClintock, a Latin professor at Hampden-Sydney College in Virginia, looked up one of the more obscure Latin words', '&lt;p&gt;Contrary to popular belief, Lorem Ipsum is not simply random text. It\r\n has roots in a piece of classical Latin literature from 45 BC, making \r\nit over 2000 years old. Richard McClintock, a Latin professor at \r\nHampden-Sydney College in Virginia, looked up one of the more obscure \r\nLatin words, consectetur, from a Lorem Ipsum passage, and going through \r\nthe cites of the word in classical literature, discovered the \r\nundoubtable source. Lorem Ipsum comes from sections 1.10.32 and 1.10.33 \r\nof &quot;de Finibus Bonorum et Malorum&quot; (The Extremes of Good and Evil) by \r\nCicero, written in 45 BC. This book is a treatise on the theory of \r\nethics, very popular during the Renaissance. The first line of Lorem \r\nIpsum, &quot;Lorem ipsum dolor sit amet..&quot;, comes from a line in section \r\n1.10.32.&lt;/p&gt;&lt;p&gt;The standard chunk of Lorem Ipsum used since the 1500s is\r\n reproduced below for those interested. Sections 1.10.32 and 1.10.33 \r\nfrom &quot;de Finibus Bonorum et Malorum&quot; by Cicero are also reproduced in \r\ntheir exact original form, accompanied by English versions from the 1914\r\n translation by H. Rackham.&lt;/p&gt;&lt;p&gt;It is a long established fact that a reader will be distracted by the \r\nreadable content of a page when looking at its layout. The point of \r\nusing Lorem Ipsum is that it has a more-or-less normal distribution of \r\nletters, as opposed to using ''Content here, content here'', making it \r\nlook like readable English. Many desktop publishing packages and web \r\npage editors now use Lorem Ipsum as their default model text, and a \r\nsearch for ''lorem ipsum'' will uncover many web sites still in their \r\ninfancy. Various versions have evolved over the years, sometimes by \r\naccident, sometimes on purpose (injected humour and the like).&lt;/p&gt;', ''),
(17, 2, 'Aliquam dapibus tincidunt metus', '', '', '', 'Contrary to popular belief, Lorem Ipsum is not simply random text. It has roots in a piece of classical Latin literature from 45 BC, making it over 2000 years old. Richard McClintock, a Latin professor at Hampden-Sydney College in Virginia, looked up one of the more obscure Latin words', '&lt;p&gt;Contrary to popular belief, Lorem Ipsum is not simply random text. It\r\n has roots in a piece of classical Latin literature from 45 BC, making \r\nit over 2000 years old. Richard McClintock, a Latin professor at \r\nHampden-Sydney College in Virginia, looked up one of the more obscure \r\nLatin words, consectetur, from a Lorem Ipsum passage, and going through \r\nthe cites of the word in classical literature, discovered the \r\nundoubtable source. Lorem Ipsum comes from sections 1.10.32 and 1.10.33 \r\nof &quot;de Finibus Bonorum et Malorum&quot; (The Extremes of Good and Evil) by \r\nCicero, written in 45 BC. This book is a treatise on the theory of \r\nethics, very popular during the Renaissance. The first line of Lorem \r\nIpsum, &quot;Lorem ipsum dolor sit amet..&quot;, comes from a line in section \r\n1.10.32.&lt;/p&gt;&lt;p&gt;The standard chunk of Lorem Ipsum used since the 1500s is\r\n reproduced below for those interested. Sections 1.10.32 and 1.10.33 \r\nfrom &quot;de Finibus Bonorum et Malorum&quot; by Cicero are also reproduced in \r\ntheir exact original form, accompanied by English versions from the 1914\r\n translation by H. Rackham.&lt;/p&gt;&lt;p&gt;It is a long established fact that a reader will be distracted by the \r\nreadable content of a page when looking at its layout. The point of \r\nusing Lorem Ipsum is that it has a more-or-less normal distribution of \r\nletters, as opposed to using ''Content here, content here'', making it \r\nlook like readable English. Many desktop publishing packages and web \r\npage editors now use Lorem Ipsum as their default model text, and a \r\nsearch for ''lorem ipsum'' will uncover many web sites still in their \r\ninfancy. Various versions have evolved over the years, sometimes by \r\naccident, sometimes on purpose (injected humour and the like).&lt;/p&gt;', ''),
(17, 1, 'Aliquam dapibus tincidunt metus', '', '', '', 'Contrary to popular belief, Lorem Ipsum is not simply random text. It has roots in a piece of classical Latin literature from 45 BC, making it over 2000 years old. Richard McClintock, a Latin professor at Hampden-Sydney College in Virginia, looked up one of the more obscure Latin words', '&lt;p&gt;Contrary to popular belief, Lorem Ipsum is not simply random text. It\r\n has roots in a piece of classical Latin literature from 45 BC, making \r\nit over 2000 years old. Richard McClintock, a Latin professor at \r\nHampden-Sydney College in Virginia, looked up one of the more obscure \r\nLatin words, consectetur, from a Lorem Ipsum passage, and going through \r\nthe cites of the word in classical literature, discovered the \r\nundoubtable source. Lorem Ipsum comes from sections 1.10.32 and 1.10.33 \r\nof &quot;de Finibus Bonorum et Malorum&quot; (The Extremes of Good and Evil) by \r\nCicero, written in 45 BC. This book is a treatise on the theory of \r\nethics, very popular during the Renaissance. The first line of Lorem \r\nIpsum, &quot;Lorem ipsum dolor sit amet..&quot;, comes from a line in section \r\n1.10.32.&lt;/p&gt;&lt;p&gt;The standard chunk of Lorem Ipsum used since the 1500s is\r\n reproduced below for those interested. Sections 1.10.32 and 1.10.33 \r\nfrom &quot;de Finibus Bonorum et Malorum&quot; by Cicero are also reproduced in \r\ntheir exact original form, accompanied by English versions from the 1914\r\n translation by H. Rackham.&lt;/p&gt;&lt;p&gt;It is a long established fact that a reader will be distracted by the \r\nreadable content of a page when looking at its layout. The point of \r\nusing Lorem Ipsum is that it has a more-or-less normal distribution of \r\nletters, as opposed to using ''Content here, content here'', making it \r\nlook like readable English. Many desktop publishing packages and web \r\npage editors now use Lorem Ipsum as their default model text, and a \r\nsearch for ''lorem ipsum'' will uncover many web sites still in their \r\ninfancy. Various versions have evolved over the years, sometimes by \r\naccident, sometimes on purpose (injected humour and the like).&lt;/p&gt;', ''),
(18, 2, 'Sed ut perspiciatis unde omnis iste natus error', '', '', '', 'Contrary to popular belief, Lorem Ipsum is not simply random text. It has roots in a piece of classical Latin literature from 45 BC, making it over 2000 years old. Richard McClintock, a Latin professor at Hampden-Sydney College in Virginia, looked up one of the more obscure Latin words', '&lt;p&gt;Contrary to popular belief, Lorem Ipsum is not simply random text. It\r\n has roots in a piece of classical Latin literature from 45 BC, making \r\nit over 2000 years old. Richard McClintock, a Latin professor at \r\nHampden-Sydney College in Virginia, looked up one of the more obscure \r\nLatin words, consectetur, from a Lorem Ipsum passage, and going through \r\nthe cites of the word in classical literature, discovered the \r\nundoubtable source. Lorem Ipsum comes from sections 1.10.32 and 1.10.33 \r\nof &quot;de Finibus Bonorum et Malorum&quot; (The Extremes of Good and Evil) by \r\nCicero, written in 45 BC. This book is a treatise on the theory of \r\nethics, very popular during the Renaissance. The first line of Lorem \r\nIpsum, &quot;Lorem ipsum dolor sit amet..&quot;, comes from a line in section \r\n1.10.32.&lt;/p&gt;&lt;p&gt;The standard chunk of Lorem Ipsum used since the 1500s is\r\n reproduced below for those interested. Sections 1.10.32 and 1.10.33 \r\nfrom &quot;de Finibus Bonorum et Malorum&quot; by Cicero are also reproduced in \r\ntheir exact original form, accompanied by English versions from the 1914\r\n translation by H. Rackham.&lt;/p&gt;&lt;p&gt;It is a long established fact that a reader will be distracted by the \r\nreadable content of a page when looking at its layout. The point of \r\nusing Lorem Ipsum is that it has a more-or-less normal distribution of \r\nletters, as opposed to using ''Content here, content here'', making it \r\nlook like readable English. Many desktop publishing packages and web \r\npage editors now use Lorem Ipsum as their default model text, and a \r\nsearch for ''lorem ipsum'' will uncover many web sites still in their \r\ninfancy. Various versions have evolved over the years, sometimes by \r\naccident, sometimes on purpose (injected humour and the like).&lt;/p&gt;', ''),
(18, 1, 'Sed ut perspiciatis unde omnis iste natus error', '', '', '', 'Contrary to popular belief, Lorem Ipsum is not simply random text. It has roots in a piece of classical Latin literature from 45 BC, making it over 2000 years old. Richard McClintock, a Latin professor at Hampden-Sydney College in Virginia, looked up one of the more obscure Latin words', '&lt;p&gt;Contrary to popular belief, Lorem Ipsum is not simply random text. It\r\n has roots in a piece of classical Latin literature from 45 BC, making \r\nit over 2000 years old. Richard McClintock, a Latin professor at \r\nHampden-Sydney College in Virginia, looked up one of the more obscure \r\nLatin words, consectetur, from a Lorem Ipsum passage, and going through \r\nthe cites of the word in classical literature, discovered the \r\nundoubtable source. Lorem Ipsum comes from sections 1.10.32 and 1.10.33 \r\nof &quot;de Finibus Bonorum et Malorum&quot; (The Extremes of Good and Evil) by \r\nCicero, written in 45 BC. This book is a treatise on the theory of \r\nethics, very popular during the Renaissance. The first line of Lorem \r\nIpsum, &quot;Lorem ipsum dolor sit amet..&quot;, comes from a line in section \r\n1.10.32.&lt;/p&gt;&lt;p&gt;The standard chunk of Lorem Ipsum used since the 1500s is\r\n reproduced below for those interested. Sections 1.10.32 and 1.10.33 \r\nfrom &quot;de Finibus Bonorum et Malorum&quot; by Cicero are also reproduced in \r\ntheir exact original form, accompanied by English versions from the 1914\r\n translation by H. Rackham.&lt;/p&gt;&lt;p&gt;It is a long established fact that a reader will be distracted by the \r\nreadable content of a page when looking at its layout. The point of \r\nusing Lorem Ipsum is that it has a more-or-less normal distribution of \r\nletters, as opposed to using ''Content here, content here'', making it \r\nlook like readable English. Many desktop publishing packages and web \r\npage editors now use Lorem Ipsum as their default model text, and a \r\nsearch for ''lorem ipsum'' will uncover many web sites still in their \r\ninfancy. Various versions have evolved over the years, sometimes by \r\naccident, sometimes on purpose (injected humour and the like).&lt;/p&gt;', 'Spa, Beauty, Relaxing, Lorem, Ipsum, Dolor'),
(19, 2, 'A blog post about lorem ipsum dolor', '', '', '', 'Contrary to popular belief, Lorem Ipsum is not simply random text. It has roots in a piece of classical Latin literature from 45 BC, making it over 2000 years old. Richard McClintock, a Latin professor at Hampden-Sydney College in Virginia, looked up one of the more obscure Latin words', '&lt;p&gt;Contrary to popular belief, Lorem Ipsum is not simply random text. It\r\n has roots in a piece of classical Latin literature from 45 BC, making \r\nit over 2000 years old. Richard McClintock, a Latin professor at \r\nHampden-Sydney College in Virginia, looked up one of the more obscure \r\nLatin words, consectetur, from a Lorem Ipsum passage, and going through \r\nthe cites of the word in classical literature, discovered the \r\nundoubtable source. Lorem Ipsum comes from sections 1.10.32 and 1.10.33 \r\nof &quot;de Finibus Bonorum et Malorum&quot; (The Extremes of Good and Evil) by \r\nCicero, written in 45 BC. This book is a treatise on the theory of \r\nethics, very popular during the Renaissance. The first line of Lorem \r\nIpsum, &quot;Lorem ipsum dolor sit amet..&quot;, comes from a line in section \r\n1.10.32.&lt;/p&gt;&lt;p&gt;The standard chunk of Lorem Ipsum used since the 1500s is\r\n reproduced below for those interested. Sections 1.10.32 and 1.10.33 \r\nfrom &quot;de Finibus Bonorum et Malorum&quot; by Cicero are also reproduced in \r\ntheir exact original form, accompanied by English versions from the 1914\r\n translation by H. Rackham.&lt;/p&gt;&lt;p&gt;It is a long established fact that a reader will be distracted by the \r\nreadable content of a page when looking at its layout. The point of \r\nusing Lorem Ipsum is that it has a more-or-less normal distribution of \r\nletters, as opposed to using ''Content here, content here'', making it \r\nlook like readable English. Many desktop publishing packages and web \r\npage editors now use Lorem Ipsum as their default model text, and a \r\nsearch for ''lorem ipsum'' will uncover many web sites still in their \r\ninfancy. Various versions have evolved over the years, sometimes by \r\naccident, sometimes on purpose (injected humour and the like).&lt;/p&gt;', 'Spa, Beauty, Relaxing, Lorem, Ipsum, Dolor'),
(19, 1, 'A blog post about lorem ipsum dolor', '', '', '', 'Contrary to popular belief, Lorem Ipsum is not simply random text. It has roots in a piece of classical Latin literature from 45 BC, making it over 2000 years old. Richard McClintock, a Latin professor at Hampden-Sydney College in Virginia, looked up one of the more obscure Latin words', '&lt;p&gt;Contrary to popular belief, Lorem Ipsum is not simply random text. It\r\n has roots in a piece of classical Latin literature from 45 BC, making \r\nit over 2000 years old. Richard McClintock, a Latin professor at \r\nHampden-Sydney College in Virginia, looked up one of the more obscure \r\nLatin words, consectetur, from a Lorem Ipsum passage, and going through \r\nthe cites of the word in classical literature, discovered the \r\nundoubtable source. Lorem Ipsum comes from sections 1.10.32 and 1.10.33 \r\nof &quot;de Finibus Bonorum et Malorum&quot; (The Extremes of Good and Evil) by \r\nCicero, written in 45 BC. This book is a treatise on the theory of \r\nethics, very popular during the Renaissance. The first line of Lorem \r\nIpsum, &quot;Lorem ipsum dolor sit amet..&quot;, comes from a line in section \r\n1.10.32.&lt;/p&gt;&lt;p&gt;The standard chunk of Lorem Ipsum used since the 1500s is\r\n reproduced below for those interested. Sections 1.10.32 and 1.10.33 \r\nfrom &quot;de Finibus Bonorum et Malorum&quot; by Cicero are also reproduced in \r\ntheir exact original form, accompanied by English versions from the 1914\r\n translation by H. Rackham.&lt;/p&gt;&lt;p&gt;It is a long established fact that a reader will be distracted by the \r\nreadable content of a page when looking at its layout. The point of \r\nusing Lorem Ipsum is that it has a more-or-less normal distribution of \r\nletters, as opposed to using ''Content here, content here'', making it \r\nlook like readable English. Many desktop publishing packages and web \r\npage editors now use Lorem Ipsum as their default model text, and a \r\nsearch for ''lorem ipsum'' will uncover many web sites still in their \r\ninfancy. Various versions have evolved over the years, sometimes by \r\naccident, sometimes on purpose (injected humour and the like).&lt;/p&gt;', 'Spa, Beauty, Relaxing, Lorem, Ipsum, Dolor');

-- --------------------------------------------------------

--
-- Table structure for table `oc_blog_related`
--

CREATE TABLE IF NOT EXISTS `oc_blog_related` (
  `parent_blog_id` int(11) NOT NULL DEFAULT '0',
  `child_blog_id` int(11) NOT NULL DEFAULT '0'
) ENGINE=MyISAM DEFAULT CHARSET=latin1;

--
-- Dumping data for table `oc_blog_related`
--

INSERT INTO `oc_blog_related` (`parent_blog_id`, `child_blog_id`) VALUES
(16, 18),
(16, 17),
(17, 16),
(17, 18),
(18, 16),
(18, 17);

-- --------------------------------------------------------

--
-- Table structure for table `oc_blog_to_category`
--

CREATE TABLE IF NOT EXISTS `oc_blog_to_category` (
  `blog_id` int(11) NOT NULL,
  `blog_category_id` int(11) NOT NULL,
  PRIMARY KEY (`blog_id`,`blog_category_id`)
) ENGINE=MyISAM DEFAULT CHARSET=utf8 COLLATE=utf8_bin;

--
-- Dumping data for table `oc_blog_to_category`
--

INSERT INTO `oc_blog_to_category` (`blog_id`, `blog_category_id`) VALUES
(16, 49),
(16, 50),
(16, 51),
(16, 52),
(16, 53),
(17, 50),
(17, 51),
(17, 52),
(18, 49),
(18, 50),
(18, 51),
(18, 52),
(18, 53);

-- --------------------------------------------------------

--
-- Table structure for table `oc_blog_to_layout`
--

CREATE TABLE IF NOT EXISTS `oc_blog_to_layout` (
  `blog_id` int(11) NOT NULL,
  `store_id` int(11) NOT NULL,
  `layout_id` int(11) NOT NULL,
  PRIMARY KEY (`blog_id`,`store_id`)
) ENGINE=MyISAM DEFAULT CHARSET=utf8 COLLATE=utf8_bin;

-- --------------------------------------------------------

--
-- Table structure for table `oc_blog_to_store`
--

CREATE TABLE IF NOT EXISTS `oc_blog_to_store` (
  `blog_id` int(11) NOT NULL,
  `store_id` int(11) NOT NULL
) ENGINE=MyISAM DEFAULT CHARSET=latin1;

--
-- Dumping data for table `oc_blog_to_store`
--

INSERT INTO `oc_blog_to_store` (`blog_id`, `store_id`) VALUES
(16, 0),
(17, 0),
(18, 0),
(19, 0);

-- --------------------------------------------------------

--
-- Table structure for table `oc_cart`
--

CREATE TABLE IF NOT EXISTS `oc_cart` (
  `cart_id` int(11) NOT NULL AUTO_INCREMENT,
  `customer_id` int(11) NOT NULL,
  `session_id` varchar(32) NOT NULL,
  `product_id` int(11) NOT NULL,
  `recurring_id` int(11) NOT NULL,
  `option` text NOT NULL,
  `quantity` int(5) NOT NULL,
  `date_added` datetime NOT NULL,
  PRIMARY KEY (`cart_id`),
  KEY `cart_id` (`customer_id`,`session_id`,`product_id`,`recurring_id`)
) ENGINE=InnoDB  DEFAULT CHARSET=utf8 AUTO_INCREMENT=366 ;

--
-- Dumping data for table `oc_cart`
--

INSERT INTO `oc_cart` (`cart_id`, `customer_id`, `session_id`, `product_id`, `recurring_id`, `option`, `quantity`, `date_added`) VALUES
(13, 3, 'rka9e1uiia96fagmi391d0frj6', 50, 0, '[]', 1, '2016-07-05 12:39:56'),
(23, 6, '7a1ek0ola0li2i8df2p4k436b6', 64, 0, '{"243":"43","242":"39"}', 1, '2016-09-29 12:33:09'),
(24, 6, '7a1ek0ola0li2i8df2p4k436b6', 57, 0, '[]', 1, '2016-09-29 12:36:18'),
(26, 7, 'i6o48lod443uv4vm167953e8c6', 63, 0, '[]', 1, '2016-10-23 05:15:47'),
(36, 14, 'qkoa93eeheh52ri9sjoqvjkb61', 30, 0, '{"261":"93"}', 1, '2016-12-13 23:58:57'),
(74, 5, 'p94hs1npfbcelc6j49aa4r5n21', 59, 0, '{"232":"33"}', 1, '2017-01-21 19:18:16'),
(81, 29, 'a59otq1ii1krfajeaaso6f3117', 30, 0, '{"261":"94"}', 1, '2017-03-24 09:46:07'),
(85, 31, '13jte8349q4sku6b52tsreho97', 58, 0, '{"255":"73","230":"28"}', 1, '2017-05-20 15:28:00'),
(128, 52, '86e426dc2d2d04962a7414d123a45a7d', 67, 0, '[]', 1, '2017-10-25 23:21:38'),
(139, 54, '0f2828fad2282a84474e6cd05a8a464f', 63, 0, '[]', 1, '2017-11-16 19:20:23'),
(143, 55, '0f2828fad2282a84474e6cd05a8a464f', 57, 0, '[]', 2, '2017-11-18 17:55:01'),
(147, 56, '74b45032bb5143f4d5c54e9b939c2d7e', 55, 0, '{"246":"54","236":"36"}', 1, '2017-11-21 19:19:34'),
(175, 59, 'cf6c37b22e31cf7d7923e62dac6e52f5', 61, 0, '{"262":"96"}', 1, '2017-12-31 11:48:48'),
(229, 84, 'a85cacfce6e3110f52e7a911c9527a36', 101, 0, '[]', 2, '2019-01-15 16:47:10'),
(230, 84, 'a85cacfce6e3110f52e7a911c9527a36', 103, 0, '[]', 1, '2019-01-15 16:47:10'),
(231, 84, 'a85cacfce6e3110f52e7a911c9527a36', 105, 0, '[]', 2, '2019-01-15 16:47:10'),
(232, 84, 'a85cacfce6e3110f52e7a911c9527a36', 109, 0, '[]', 1, '2019-01-15 16:47:10'),
(235, 84, 'a85cacfce6e3110f52e7a911c9527a36', 111, 0, '[]', 2, '2019-01-15 18:02:55'),
(236, 84, 'a85cacfce6e3110f52e7a911c9527a36', 73, 0, '[]', 1, '2019-01-15 18:54:58'),
(240, 84, 'a85cacfce6e3110f52e7a911c9527a36', 119, 0, '[]', 1, '2019-01-16 10:19:32'),
(241, 84, 'a85cacfce6e3110f52e7a911c9527a36', 120, 0, '[]', 1, '2019-01-16 10:19:32'),
(254, 91, 'bd6d21a25cf870793e8ddd000122df96', 58, 0, '{"300":"149","299":"144"}', 1, '2019-02-26 22:48:32'),
(265, 92, 'b3286562356bf4922dbde3c1b9a2a0c7', 61, 0, '{"303":"156"}', 1, '2019-06-13 23:58:01'),
(277, 92, 'b3286562356bf4922dbde3c1b9a2a0c7', 63, 0, '[]', 1, '2019-07-30 10:43:33'),
(281, 94, '70phfcldeo62kg0bldksee2c46', 63, 0, '[]', 1, '2019-09-12 15:45:34'),
(284, 94, '70phfcldeo62kg0bldksee2c46', 30, 0, '{"289":"112"}', 1, '2019-09-14 10:43:38'),
(291, 96, '4eec2p081ret7vjd32eef62do6', 123, 0, '[]', 1, '2019-09-19 11:59:45'),
(301, 97, '6782633b4acefca2641c373ede42cf61', 66, 0, '{"310":"181","309":"176"}', 1, '2019-12-28 17:11:52'),
(313, 98, 'rj997mtgla0uv8nrtg2k046et3', 56, 0, '{"298":"140","297":"136"}', 2, '2020-05-31 19:16:38'),
(358, 101, '4kfvm4rs0dv3fggtcird2tm435', 1006, 0, '{"617":"254"}', 1, '2020-09-18 03:54:31'),
(362, 100, 'bg2ofj0fdh7aik90iffjcl8f03', 1008, 0, '{"622":"263"}', 1, '2020-12-28 01:52:31'),
(363, 106, 'rq7ninrpami48ia8b100srcev1', 1013, 0, '[]', 1, '2021-01-05 05:28:12'),
(365, 100, 'bg2ofj0fdh7aik90iffjcl8f03', 1013, 0, '[]', 1, '2021-01-06 09:27:31');

-- --------------------------------------------------------

--
-- Table structure for table `oc_category`
--

CREATE TABLE IF NOT EXISTS `oc_category` (
  `category_id` int(11) NOT NULL AUTO_INCREMENT,
  `image` varchar(255) DEFAULT NULL,
  `parent_id` int(11) NOT NULL DEFAULT '0',
  `top` tinyint(1) NOT NULL,
  `column` int(3) NOT NULL,
  `sort_order` int(3) NOT NULL DEFAULT '0',
  `status` tinyint(1) NOT NULL,
  `date_added` datetime NOT NULL,
  `date_modified` datetime NOT NULL,
  PRIMARY KEY (`category_id`),
  KEY `parent_id` (`parent_id`)
) ENGINE=MyISAM  DEFAULT CHARSET=utf8 AUTO_INCREMENT=285 ;

--
-- Dumping data for table `oc_category`
--

INSERT INTO `oc_category` (`category_id`, `image`, `parent_id`, `top`, `column`, `sort_order`, `status`, `date_added`, `date_modified`) VALUES
(132, '', 127, 0, 1, 0, 1, '2019-04-01 20:47:47', '2019-12-28 01:59:07'),
(65, '', 0, 0, 1, 0, 1, '2016-07-21 04:57:56', '2020-06-08 18:26:47'),
(81, '', 0, 0, 1, 0, 1, '2016-09-01 21:07:35', '2016-09-28 18:41:29'),
(89, '', 0, 0, 1, 0, 1, '2017-01-19 15:51:04', '2019-12-28 02:19:15'),
(90, '', 0, 0, 1, 0, 1, '2017-01-21 16:53:53', '2019-01-24 20:46:11'),
(91, '', 0, 0, 1, 0, 1, '2017-01-21 16:54:36', '2017-01-21 16:54:36'),
(127, '', 0, 0, 1, 0, 1, '2019-04-01 18:14:12', '2019-12-28 01:54:59'),
(128, '', 0, 0, 1, 0, 1, '2019-04-01 18:14:44', '2019-12-28 01:55:31'),
(129, '', 127, 0, 1, 0, 1, '2019-04-01 18:52:43', '2020-01-15 17:52:17'),
(130, '', 0, 0, 1, 0, 1, '2019-04-01 18:54:46', '2019-12-28 02:18:09'),
(131, '', 0, 0, 1, 0, 1, '2019-04-01 18:55:33', '2019-04-01 18:55:33'),
(134, '', 127, 0, 1, 0, 1, '2019-04-01 20:50:41', '2020-01-14 19:05:24'),
(135, '', 127, 0, 1, 0, 1, '2019-04-01 20:51:21', '2020-02-04 01:50:06'),
(136, 'catalog/71050_pmleathers_fusionplus1488984212.jpeg', 128, 1, 1, 0, 1, '2019-09-16 14:55:44', '2020-01-14 19:17:34'),
(139, '', 0, 0, 1, 0, 1, '2019-12-28 02:01:01', '2019-12-28 02:01:01'),
(140, '', 0, 0, 1, 0, 1, '2019-12-28 02:01:17', '2019-12-28 02:01:17'),
(141, '', 0, 0, 1, 0, 1, '2019-12-28 02:01:34', '2019-12-28 02:01:34'),
(142, '', 0, 0, 1, 0, 1, '2019-12-28 02:01:48', '2019-12-28 02:01:48'),
(170, '', 0, 0, 1, 0, 1, '2020-01-21 14:08:57', '2020-01-21 14:08:57'),
(273, 'catalog/Categories/coe_hp_new.png', 0, 1, 1, 0, 1, '2020-06-08 18:10:39', '2020-09-14 19:17:58'),
(149, '', 127, 1, 1, 0, 1, '2020-01-15 17:56:36', '2020-01-15 17:56:36'),
(150, '', 127, 0, 1, 0, 1, '2020-01-16 00:30:13', '2020-01-16 00:30:13'),
(169, '', 0, 0, 1, 0, 1, '2020-01-21 14:04:10', '2020-01-21 14:04:10'),
(152, '', 127, 0, 1, 0, 1, '2020-01-16 00:34:45', '2020-01-16 00:34:45'),
(274, 'catalog/products/bank-clerk.png', 273, 0, 1, 0, 1, '2020-09-14 19:19:45', '2020-09-15 23:16:50'),
(275, '', 274, 0, 1, 0, 1, '2020-09-14 19:20:46', '2020-09-14 19:20:46'),
(278, '', 274, 0, 1, 0, 1, '2020-09-15 23:00:24', '2020-09-15 23:00:24'),
(168, '', 0, 0, 1, 0, 1, '2020-01-21 02:00:04', '2020-01-21 02:00:04'),
(171, '', 169, 0, 1, 0, 1, '2020-01-21 14:41:41', '2020-01-21 14:41:41'),
(172, '', 169, 0, 1, 0, 1, '2020-01-21 14:43:25', '2020-01-21 14:43:25'),
(173, '', 169, 0, 1, 0, 1, '2020-01-21 14:44:47', '2020-01-21 14:44:47'),
(174, '', 169, 0, 1, 0, 1, '2020-01-21 14:45:46', '2020-01-21 14:45:46'),
(175, '', 169, 0, 1, 0, 1, '2020-01-21 14:46:31', '2020-01-21 14:46:31'),
(176, '', 169, 0, 1, 0, 1, '2020-01-21 14:47:14', '2020-01-21 14:47:14'),
(177, '', 169, 0, 1, 0, 1, '2020-01-21 14:48:02', '2020-01-21 14:48:02'),
(178, '', 169, 0, 1, 0, 1, '2020-01-21 14:48:57', '2020-01-21 14:48:57'),
(179, '', 169, 0, 1, 0, 1, '2020-01-21 14:49:49', '2020-01-21 14:49:49'),
(180, '', 169, 0, 1, 0, 1, '2020-01-21 14:51:38', '2020-01-21 14:51:38'),
(212, '', 0, 0, 1, 0, 1, '2020-01-27 16:28:45', '2020-01-27 16:28:45'),
(229, '', 0, 0, 1, 0, 1, '2020-01-27 16:41:30', '2020-01-27 16:41:30'),
(271, '', 127, 0, 1, 0, 1, '2020-02-04 01:36:49', '2020-02-04 01:49:15'),
(272, '', 127, 0, 1, 0, 1, '2020-02-04 01:51:40', '2020-02-04 01:51:40'),
(277, '', 274, 0, 1, 0, 1, '2020-09-15 22:47:15', '2020-09-15 22:57:04'),
(279, '', 273, 0, 1, 0, 1, '2020-09-15 23:04:00', '2020-09-15 23:04:00'),
(280, '', 273, 0, 1, 0, 1, '2020-09-15 23:09:45', '2020-09-15 23:09:45'),
(281, '', 273, 0, 1, 0, 1, '2020-09-15 23:12:55', '2020-09-15 23:12:55'),
(282, '', 273, 0, 1, 0, 1, '2020-09-15 23:20:31', '2020-09-15 23:20:31'),
(283, 'catalog/Categories/1_cOvd_2MubODSuoigUqtORQ.png', 273, 0, 1, 0, 1, '2020-12-15 06:39:47', '2020-12-15 06:39:47'),
(284, 'catalog/Categories/android-application-development-services-500x500.jpg', 0, 1, 1, 5, 1, '2021-01-05 05:15:10', '2021-01-05 05:15:10');

-- --------------------------------------------------------

--
-- Table structure for table `oc_category_description`
--

CREATE TABLE IF NOT EXISTS `oc_category_description` (
  `category_id` int(11) NOT NULL,
  `language_id` int(11) NOT NULL,
  `name` varchar(255) NOT NULL,
  `description` text NOT NULL,
  `meta_title` varchar(255) NOT NULL,
  `meta_description` varchar(255) NOT NULL,
  `meta_keyword` varchar(255) NOT NULL,
  PRIMARY KEY (`category_id`,`language_id`),
  KEY `name` (`name`)
) ENGINE=MyISAM DEFAULT CHARSET=utf8;

--
-- Dumping data for table `oc_category_description`
--

INSERT INTO `oc_category_description` (`category_id`, `language_id`, `name`, `description`, `meta_title`, `meta_description`, `meta_keyword`) VALUES
(132, 1, 'MEDICAL EQUIPMENT''S', '&lt;p&gt;MEDICAL EQUIPMENT''S&lt;br&gt;&lt;/p&gt;', 'MEDICAL EQUIPMENT''S', 'MEDICAL EQUIPMENT''S', 'MEDICAL EQUIPMENT''S'),
(65, 1, 'REGIONAL PRODUCTS', '&lt;p&gt;&lt;span style=&quot;color: rgb(34, 34, 34); font-family: Arial, Helvetica, sans-serif; font-size: small;&quot;&gt;REGIONAL PRODUCTS&lt;/span&gt;&lt;br&gt;&lt;/p&gt;', 'REGIONAL PRODUCTS', 'REGIONAL PRODUCTS', 'REGIONAL PRODUCTS'),
(81, 1, ' Deals Of The Day', '&lt;p&gt;Deals&lt;br&gt;&lt;/p&gt;', 'Deals', 'Deals', 'Deals'),
(89, 1, 'MANUFACTURING PRODUCTS', '&lt;p&gt;MANUFACTURING PRODUCTS&lt;br&gt;&lt;/p&gt;', 'MANUFACTURING PRODUCTS', 'MANUFACTURING PRODUCTS', 'MANUFACTURING PRODUCTS'),
(130, 1, 'EXPORT IMPORT', '&lt;p&gt;EXPORT IMPORT&lt;br&gt;&lt;/p&gt;', 'EXPORT IMPORT', 'EXPORT IMPORT', 'EXPORT IMPORT'),
(90, 1, 'TRENDING PRODUCTS', '&lt;p&gt;TRENDING PRODUCTS&lt;br&gt;&lt;/p&gt;', 'TRENDING PRODUCTS', 'TRENDING PRODUCTS', 'TRENDING PRODUCTS'),
(91, 1, 'NEW ARRIVALS', '&lt;p&gt;NEW ARRIVALS&lt;br&gt;&lt;/p&gt;', 'NEW ARRIVALS', 'NEW ARRIVALS', 'NEW ARRIVALS'),
(127, 1, 'MEDICAL', '&lt;p&gt;MEDICAL&lt;br&gt;&lt;/p&gt;', 'MEDICAL', 'MEDICAL', 'MEDICAL'),
(128, 1, 'FASHION', '&lt;p&gt;FASHION&lt;br&gt;&lt;/p&gt;', 'FASHION', 'Men', 'FASHION'),
(129, 1, 'MEDICAL DISPOSABLES', 'MEDICAL DISPOSABLES', 'MEDICAL', 'DISPOSABLES', 'DISPOSABLES'),
(131, 1, 'Accessories', '&lt;p&gt;Accessories&amp;nbsp;&amp;nbsp;&lt;br&gt;&lt;/p&gt;', 'Accessories', 'Accessories', 'Accessories'),
(136, 1, 'Bags', '&lt;p&gt;Stylish Bags For Unique Personality&amp;nbsp;&amp;nbsp;&lt;/p&gt;', 'This is Bag', '', ''),
(139, 1, 'MALE', '&lt;p&gt;MALE&lt;br&gt;&lt;/p&gt;', 'MALE', 'MALE', 'MALE'),
(140, 1, 'FEMALE', '&lt;p&gt;&lt;span style=&quot;color: rgb(34, 34, 34); font-family: Arial, Helvetica, sans-serif; font-size: small;&quot;&gt;FEMALE&lt;/span&gt;&lt;br&gt;&lt;/p&gt;', 'FEMALE', 'FEMALE', 'FEMALE'),
(141, 1, 'BOYS', '&lt;p&gt;&lt;span style=&quot;color: rgb(34, 34, 34); font-family: Arial, Helvetica, sans-serif; font-size: small;&quot;&gt;BOYS&lt;/span&gt;&lt;br&gt;&lt;/p&gt;', 'BOYS', 'BOYS', 'BOYS'),
(142, 1, 'GIRLS', '&lt;p&gt;&lt;span style=&quot;color: rgb(34, 34, 34); font-family: Arial, Helvetica, sans-serif; font-size: small;&quot;&gt;GIRLS&lt;/span&gt;&lt;br&gt;&lt;/p&gt;', 'GIRLS', 'GIRLS', 'GIRLS'),
(170, 1, 'Diagnostic Products', '&lt;p&gt;&lt;span style=&quot;background-color: rgb(245, 245, 245);&quot;&gt;Diagnostic Products,pathology&amp;nbsp;&lt;/span&gt;&lt;br&gt;&lt;/p&gt;', 'Diagnostic Products,pathology ', 'Diagnostic Products,pathology ', 'Diagnostic Products,pathology '),
(149, 1, 'MEDICAL AID', '&lt;p&gt;&lt;br&gt;&lt;/p&gt;', 'MEDICAL AID EQUIPMENTS', '', ''),
(150, 1, 'MEDICAL DEVICES', '&lt;p&gt;MEDICAL DEVICES&lt;br&gt;&lt;/p&gt;', 'MEDICAL DEVICES', 'MEDICAL DEVICES', 'MEDICAL DEVICES'),
(134, 1, 'MEDICAL CONSUMABLES', 'CONSUMABLES', 'CONSUMABLES', 'MEDICAL CONSUMABLES', 'MEDICAL CONSUMABLES'),
(152, 1, 'HOSPITAL LIGHTING PRODUCTS', '&lt;p&gt;MEDICAL DEVICES,HOSPITAL FURNITURE,EQUIPMENT''S HOSPITAL,HOSPITAL LIGHTING PRODUCTS&lt;br&gt;&lt;/p&gt;', 'MEDICAL DEVICES,HOSPITAL FURNITURE,EQUIPMENT''S HOSPITAL,HOSPITAL LIGHTING PRODUCTS', 'MEDICAL DEVICES,HOSPITAL FURNITURE,EQUIPMENT''S HOSPITAL,HOSPITAL LIGHTING PRODUCTS', 'MEDICAL DEVICES,HOSPITAL FURNITURE,EQUIPMENT''S HOSPITAL,HOSPITAL LIGHTING PRODUCTS'),
(169, 1, 'ElectroTherapy Equipments', '&lt;p&gt;Electro-Therapy Equipment,physiotherapy equipment&lt;br&gt;&lt;/p&gt;', 'Electro-Therapy Equipment,physiotherapy equipment', 'Electro-Therapy Equipment,physiotherapy equipment', 'Electro-Therapy Equipment,physiotherapy equipment'),
(171, 1, 'Short wave diathermy', '&lt;p&gt;&lt;span style=&quot;font-size:12.5pt;line-height:115%;\r\nfont-family:&amp;quot;Calibri&amp;quot;,&amp;quot;sans-serif&amp;quot;;mso-ascii-theme-font:minor-latin;mso-fareast-font-family:\r\nSimSun;mso-hansi-theme-font:minor-latin;mso-bidi-font-family:&amp;quot;Times New Roman&amp;quot;;\r\nmso-bidi-theme-font:minor-bidi;mso-ansi-language:EN-IN;mso-fareast-language:\r\nEN-US;mso-bidi-language:AR-SA&quot;&gt;Short wave diathermy&lt;/span&gt;&lt;span style=&quot;font-size: 12.5pt; line-height: 115%; font-family: Calibri, sans-serif;&quot;&gt;,PHYSIOTHERAPY EQUIPMENT''S,PHYSIOTHERAPY PRODUCTS,PHYSIOTHERAPY PRODUCTS&lt;/span&gt;&lt;br&gt;&lt;/p&gt;', 'Short wave diathermy', 'Short wave diathermy,PHYSIOTHERAPY EQUIPMENT''S,PHYSIOTHERAPY PRODUCTS,PHYSIOTHERAPY PRODUCTS', 'Short wave diathermy,PHYSIOTHERAPY EQUIPMENT''S,PHYSIOTHERAPY PRODUCTS,PHYSIOTHERAPY PRODUCTS'),
(168, 1, 'HOSPITAL LIGHTING PRODUCTS', '&lt;p&gt;HOSPITAL LIGHTING PRODUCTS&lt;br&gt;&lt;/p&gt;', 'HOSPITAL LIGHTING PRODUCTS', 'HOSPITAL LIGHTING PRODUCTS', 'HOSPITAL LIGHTING PRODUCTS'),
(172, 1, 'Digital ultrasonic', '&lt;p&gt;&lt;span style=&quot;font-size:12.5pt;line-height:115%;\r\nfont-family:&amp;quot;Calibri&amp;quot;,&amp;quot;sans-serif&amp;quot;;mso-ascii-theme-font:minor-latin;mso-fareast-font-family:\r\nSimSun;mso-hansi-theme-font:minor-latin;mso-bidi-font-family:&amp;quot;Times New Roman&amp;quot;;\r\nmso-bidi-theme-font:minor-bidi;mso-ansi-language:EN-IN;mso-fareast-language:\r\nEN-US;mso-bidi-language:AR-SA&quot;&gt;Digital ultrasonic,PHYSIOTHERAPY EQUIPMENTS,DEVICES PHYSIOTHERAPY PRODUCTS&lt;/span&gt;&lt;br&gt;&lt;/p&gt;', 'Digital ultrasonic', 'Digital ultrasonic,PHYSIOTHERAPY EQUIPMENTS,DEVICES PHYSIOTHERAPY PRODUCTS', 'Digital ultrasonic,PHYSIOTHERAPY EQUIPMENTS,DEVICES PHYSIOTHERAPY PRODUCTS'),
(173, 1, 'Interferential Therapy Unit ', '&lt;p&gt;&lt;br&gt;&lt;/p&gt;', 'Interferential Therapy Unit ', 'Interferential Therapy Unit ', 'Interferential Therapy Unit '),
(174, 1, 'Analog Ims Inferential therapy', '&lt;p class=&quot;MsoNormal&quot;&gt;&lt;span style=&quot;font-size:12.5pt;line-height:115%;mso-fareast-font-family:\r\nSimSun&quot;&gt;Analog Ims Inferential therapy&amp;nbsp;&lt;o:p&gt;&lt;/o:p&gt;&lt;/span&gt;&lt;/p&gt;', 'Analog Ims Inferential therapy ', 'Analog Ims Inferential therapy ', 'Analog Ims Inferential therapy '),
(175, 1, 'Hydroculator', '&lt;p&gt;&lt;span style=&quot;font-size:12.5pt;line-height:115%;\r\nfont-family:&amp;quot;Calibri&amp;quot;,&amp;quot;sans-serif&amp;quot;;mso-ascii-theme-font:minor-latin;mso-fareast-font-family:\r\nSimSun;mso-hansi-theme-font:minor-latin;mso-bidi-font-family:&amp;quot;Times New Roman&amp;quot;;\r\nmso-bidi-theme-font:minor-bidi;mso-ansi-language:EN-IN;mso-fareast-language:\r\nEN-US;mso-bidi-language:AR-SA&quot;&gt;Hydroculator&lt;/span&gt;&lt;br&gt;&lt;/p&gt;', 'Hydroculator', 'Hydroculator', 'Hydroculator'),
(176, 1, 'Paraffin wax bath ', '&lt;p&gt;&lt;span style=&quot;font-size:12.5pt;line-height:115%;\r\nfont-family:&amp;quot;Calibri&amp;quot;,&amp;quot;sans-serif&amp;quot;;mso-ascii-theme-font:minor-latin;mso-fareast-font-family:\r\nSimSun;mso-hansi-theme-font:minor-latin;mso-bidi-font-family:&amp;quot;Times New Roman&amp;quot;;\r\nmso-bidi-theme-font:minor-bidi;mso-ansi-language:EN-IN;mso-fareast-language:\r\nEN-US;mso-bidi-language:AR-SA&quot;&gt;Paraffin wax bath&amp;nbsp;&lt;/span&gt;&lt;br&gt;&lt;/p&gt;', 'Paraffin wax bath ', 'Paraffin wax bath ', 'Paraffin wax bath '),
(177, 1, 'Auto mode four channel tens ', '&lt;p class=&quot;MsoNormal&quot; style=&quot;text-align:justify;tab-stops:112.5pt&quot;&gt;&lt;span style=&quot;font-size:12.5pt;line-height:115%;mso-fareast-font-family:SimSun;\r\nmso-no-proof:yes&quot;&gt;Auto mode four channel tens&amp;nbsp;&lt;o:p&gt;&lt;/o:p&gt;&lt;/span&gt;&lt;/p&gt;', 'Auto mode four channel tens ', 'Auto mode four channel tens ', 'Auto mode four channel tens '),
(178, 1, 'Physio laser', '&lt;p&gt;&lt;span style=&quot;font-size:12.5pt;line-height:115%;\r\nfont-family:&amp;quot;Calibri&amp;quot;,&amp;quot;sans-serif&amp;quot;;mso-ascii-theme-font:minor-latin;mso-fareast-font-family:\r\nSimSun;mso-hansi-theme-font:minor-latin;mso-bidi-font-family:&amp;quot;Times New Roman&amp;quot;;\r\nmso-bidi-theme-font:minor-bidi;mso-ansi-language:EN-IN;mso-fareast-language:\r\nEN-US;mso-bidi-language:AR-SA&quot;&gt;Physio laser&lt;/span&gt;&lt;br&gt;&lt;/p&gt;', 'Physio laser', 'Physio laser', 'Physio laser'),
(179, 1, 'IMS Muscle stimulator Thereputic', '&lt;p&gt;&lt;span style=&quot;font-size:12.5pt;line-height:115%;\r\nfont-family:&amp;quot;Calibri&amp;quot;,&amp;quot;sans-serif&amp;quot;;mso-ascii-theme-font:minor-latin;mso-fareast-font-family:\r\nSimSun;mso-hansi-theme-font:minor-latin;mso-bidi-font-family:&amp;quot;Times New Roman&amp;quot;;\r\nmso-bidi-theme-font:minor-bidi;mso-ansi-language:EN-IN;mso-fareast-language:\r\nEN-US;mso-bidi-language:AR-SA;mso-no-proof:yes&quot;&gt;IMS Muscle stimulator\r\nThereputic&lt;/span&gt;&lt;br&gt;&lt;/p&gt;', 'IMS Muscle stimulator Thereputic', 'IMS Muscle stimulator Thereputic', 'IMS Muscle stimulator Thereputic'),
(180, 1, 'Cold Packs', '&lt;p&gt;&lt;span style=&quot;font-size:12.5pt;line-height:115%;\r\nfont-family:&amp;quot;Calibri&amp;quot;,&amp;quot;sans-serif&amp;quot;;mso-ascii-theme-font:minor-latin;mso-fareast-font-family:\r\nSimSun;mso-hansi-theme-font:minor-latin;mso-bidi-font-family:&amp;quot;Times New Roman&amp;quot;;\r\nmso-bidi-theme-font:minor-bidi;mso-ansi-language:EN-IN;mso-fareast-language:\r\nEN-US;mso-bidi-language:AR-SA;mso-no-proof:yes&quot;&gt;Cold Packs&lt;/span&gt;&lt;br&gt;&lt;/p&gt;', 'Cold Packs', 'Cold Packs', 'Cold Packs'),
(273, 1, 'EDUCATION', '&lt;p&gt;EDUCATION&lt;br&gt;&lt;/p&gt;', 'EDUCATION', 'EDUCATION', 'Education'),
(275, 1, 'Bank Clerk', '&lt;p&gt;Bank Clerk&lt;br&gt;&lt;/p&gt;', 'Bank Clerk', 'Bank Clerk', 'Bank Clerk'),
(135, 1, 'Physiotherapy Department', '&lt;p&gt;&lt;span style=&quot;color: rgb(57, 57, 57); font-family: Arial, sans-serif; font-size: 14px; background-color: rgb(204, 255, 179); font-weight: 700;&quot;&gt;JOYBABA.IN&lt;/span&gt;&lt;span style=&quot;color: rgb(57, 57, 57); font-family: Arial, sans-serif; font-size: 14px; background-color: rgb(204, 255, 179);&quot;&gt;&amp;nbsp;Handles SET-UP a new Hospital/Medical college/clinic/nursing home/rehabilitation clinic/physiotherapy clinic/occupational therapy clinic/ and any department in healthcare.&lt;/span&gt;&lt;/p&gt;&lt;p&gt;&lt;span style=&quot;color: rgb(57, 57, 57); font-family: Arial, sans-serif; font-size: 14px; background-color: rgb(204, 255, 179);&quot;&gt;Up-gradation, patient management,footfall management, procurement, logistics planning, executing, installation, training, medical engineering and warranty maintenance of projects undertaken as per your requirement.&lt;/span&gt;&lt;/p&gt;&lt;p class=&quot;MsoListParagraphCxSpFirst&quot; style=&quot;text-indent:-18.0pt;mso-list:l1 level1 lfo1&quot;&gt;&lt;!--[if !supportLists]--&gt;&lt;span lang=&quot;EN-US&quot; style=&quot;font-family:Wingdings;mso-fareast-font-family:Wingdings;\r\nmso-bidi-font-family:Wingdings&quot;&gt;v&lt;span style=&quot;font-variant-numeric: normal; font-variant-east-asian: normal; font-stretch: normal; font-size: 7pt; line-height: normal; font-family: &amp;quot;Times New Roman&amp;quot;;&quot;&gt;&amp;nbsp; &lt;/span&gt;&lt;/span&gt;&lt;!--[endif]--&gt;&lt;span lang=&quot;EN-US&quot;&gt;Physiotherapy&lt;o:p&gt;&lt;/o:p&gt;&lt;/span&gt;&lt;/p&gt;&lt;p class=&quot;MsoListParagraphCxSpMiddle&quot; style=&quot;margin-left:72.0pt;mso-add-space:\r\nauto;text-indent:-18.0pt;mso-list:l0 level1 lfo2&quot;&gt;&lt;!--[if !supportLists]--&gt;&lt;span lang=&quot;EN-US&quot; style=&quot;font-family:Symbol;mso-fareast-font-family:Symbol;mso-bidi-font-family:\r\nSymbol&quot;&gt;·&lt;span style=&quot;font-variant-numeric: normal; font-variant-east-asian: normal; font-stretch: normal; font-size: 7pt; line-height: normal; font-family: &amp;quot;Times New Roman&amp;quot;;&quot;&gt;&amp;nbsp;&amp;nbsp;&amp;nbsp;&amp;nbsp;&amp;nbsp;&amp;nbsp;&amp;nbsp;&amp;nbsp;\r\n&lt;/span&gt;&lt;/span&gt;&lt;!--[endif]--&gt;&lt;span lang=&quot;EN-US&quot;&gt;Muscles stimulator&lt;o:p&gt;&lt;/o:p&gt;&lt;/span&gt;&lt;/p&gt;&lt;p class=&quot;MsoListParagraphCxSpMiddle&quot; style=&quot;text-indent:-18.0pt;mso-list:l1 level1 lfo1&quot;&gt;&lt;!--[if !supportLists]--&gt;&lt;span lang=&quot;EN-US&quot; style=&quot;font-family:Wingdings;mso-fareast-font-family:Wingdings;\r\nmso-bidi-font-family:Wingdings&quot;&gt;v&lt;span style=&quot;font-variant-numeric: normal; font-variant-east-asian: normal; font-stretch: normal; font-size: 7pt; line-height: normal; font-family: &amp;quot;Times New Roman&amp;quot;;&quot;&gt;&amp;nbsp; &lt;/span&gt;&lt;/span&gt;&lt;!--[endif]--&gt;&lt;span lang=&quot;EN-US&quot;&gt;Equipment’s used in physiotherapy&lt;o:p&gt;&lt;/o:p&gt;&lt;/span&gt;&lt;/p&gt;&lt;p class=&quot;MsoListParagraphCxSpMiddle&quot; style=&quot;margin-left:72.0pt;mso-add-space:\r\nauto;text-indent:-18.0pt;mso-list:l0 level1 lfo2&quot;&gt;&lt;!--[if !supportLists]--&gt;&lt;span lang=&quot;EN-US&quot; style=&quot;font-family:Symbol;mso-fareast-font-family:Symbol;mso-bidi-font-family:\r\nSymbol&quot;&gt;·&lt;span style=&quot;font-variant-numeric: normal; font-variant-east-asian: normal; font-stretch: normal; font-size: 7pt; line-height: normal; font-family: &amp;quot;Times New Roman&amp;quot;;&quot;&gt;&amp;nbsp;&amp;nbsp;&amp;nbsp;&amp;nbsp;&amp;nbsp;&amp;nbsp;&amp;nbsp;&amp;nbsp;\r\n&lt;/span&gt;&lt;/span&gt;&lt;!--[endif]--&gt;&lt;span lang=&quot;EN-US&quot;&gt;Orthopedic elastic band&lt;o:p&gt;&lt;/o:p&gt;&lt;/span&gt;&lt;/p&gt;&lt;p class=&quot;MsoListParagraphCxSpMiddle&quot; style=&quot;margin-left:72.0pt;mso-add-space:\r\nauto;text-indent:-18.0pt;mso-list:l0 level1 lfo2&quot;&gt;&lt;!--[if !supportLists]--&gt;&lt;span lang=&quot;EN-US&quot; style=&quot;font-family:Symbol;mso-fareast-font-family:Symbol;mso-bidi-font-family:\r\nSymbol&quot;&gt;·&lt;span style=&quot;font-variant-numeric: normal; font-variant-east-asian: normal; font-stretch: normal; font-size: 7pt; line-height: normal; font-family: &amp;quot;Times New Roman&amp;quot;;&quot;&gt;&amp;nbsp;&amp;nbsp;&amp;nbsp;&amp;nbsp;&amp;nbsp;&amp;nbsp;&amp;nbsp;&amp;nbsp;\r\n&lt;/span&gt;&lt;/span&gt;&lt;!--[endif]--&gt;&lt;span lang=&quot;EN-US&quot;&gt;Hot water bag&lt;o:p&gt;&lt;/o:p&gt;&lt;/span&gt;&lt;/p&gt;&lt;p class=&quot;MsoListParagraphCxSpMiddle&quot; style=&quot;margin-left:72.0pt;mso-add-space:\r\nauto;text-indent:-18.0pt;mso-list:l0 level1 lfo2&quot;&gt;&lt;!--[if !supportLists]--&gt;&lt;span lang=&quot;EN-US&quot; style=&quot;font-family:Symbol;mso-fareast-font-family:Symbol;mso-bidi-font-family:\r\nSymbol&quot;&gt;·&lt;span style=&quot;font-variant-numeric: normal; font-variant-east-asian: normal; font-stretch: normal; font-size: 7pt; line-height: normal; font-family: &amp;quot;Times New Roman&amp;quot;;&quot;&gt;&amp;nbsp;&amp;nbsp;&amp;nbsp;&amp;nbsp;&amp;nbsp;&amp;nbsp;&amp;nbsp;&amp;nbsp;\r\n&lt;/span&gt;&lt;/span&gt;&lt;!--[endif]--&gt;&lt;span lang=&quot;EN-US&quot;&gt;Heat therapy aid&lt;o:p&gt;&lt;/o:p&gt;&lt;/span&gt;&lt;/p&gt;&lt;p class=&quot;MsoListParagraphCxSpMiddle&quot; style=&quot;margin-left:72.0pt;mso-add-space:\r\nauto;text-indent:-18.0pt;mso-list:l0 level1 lfo2&quot;&gt;&lt;!--[if !supportLists]--&gt;&lt;span lang=&quot;EN-US&quot; style=&quot;font-family:Symbol;mso-fareast-font-family:Symbol;mso-bidi-font-family:\r\nSymbol&quot;&gt;·&lt;span style=&quot;font-variant-numeric: normal; font-variant-east-asian: normal; font-stretch: normal; font-size: 7pt; line-height: normal; font-family: &amp;quot;Times New Roman&amp;quot;;&quot;&gt;&amp;nbsp;&amp;nbsp;&amp;nbsp;&amp;nbsp;&amp;nbsp;&amp;nbsp;&amp;nbsp;&amp;nbsp;\r\n&lt;/span&gt;&lt;/span&gt;&lt;!--[endif]--&gt;&lt;span lang=&quot;EN-US&quot;&gt;Pain management aid&lt;o:p&gt;&lt;/o:p&gt;&lt;/span&gt;&lt;/p&gt;&lt;p class=&quot;MsoListParagraphCxSpMiddle&quot; style=&quot;margin-left:72.0pt;mso-add-space:\r\nauto;text-indent:-18.0pt;mso-list:l0 level1 lfo2&quot;&gt;&lt;!--[if !supportLists]--&gt;&lt;span lang=&quot;EN-US&quot; style=&quot;font-family:Symbol;mso-fareast-font-family:Symbol;mso-bidi-font-family:\r\nSymbol&quot;&gt;·&lt;span style=&quot;font-variant-numeric: normal; font-variant-east-asian: normal; font-stretch: normal; font-size: 7pt; line-height: normal; font-family: &amp;quot;Times New Roman&amp;quot;;&quot;&gt;&amp;nbsp;&amp;nbsp;&amp;nbsp;&amp;nbsp;&amp;nbsp;&amp;nbsp;&amp;nbsp;&amp;nbsp;\r\n&lt;/span&gt;&lt;/span&gt;&lt;!--[endif]--&gt;&lt;span lang=&quot;EN-US&quot;&gt;Stress management&lt;o:p&gt;&lt;/o:p&gt;&lt;/span&gt;&lt;/p&gt;&lt;p class=&quot;MsoListParagraphCxSpMiddle&quot; style=&quot;margin-left:72.0pt;mso-add-space:\r\nauto;text-indent:-18.0pt;mso-list:l0 level1 lfo2&quot;&gt;&lt;!--[if !supportLists]--&gt;&lt;span lang=&quot;EN-US&quot; style=&quot;font-family:Symbol;mso-fareast-font-family:Symbol;mso-bidi-font-family:\r\nSymbol&quot;&gt;·&lt;span style=&quot;font-variant-numeric: normal; font-variant-east-asian: normal; font-stretch: normal; font-size: 7pt; line-height: normal; font-family: &amp;quot;Times New Roman&amp;quot;;&quot;&gt;&amp;nbsp;&amp;nbsp;&amp;nbsp;&amp;nbsp;&amp;nbsp;&amp;nbsp;&amp;nbsp;&amp;nbsp;\r\n&lt;/span&gt;&lt;/span&gt;&lt;!--[endif]--&gt;&lt;span lang=&quot;EN-US&quot;&gt;Heat therapy unit&lt;o:p&gt;&lt;/o:p&gt;&lt;/span&gt;&lt;/p&gt;&lt;p class=&quot;MsoListParagraphCxSpMiddle&quot; style=&quot;margin-left:72.0pt;mso-add-space:\r\nauto;text-indent:-18.0pt;mso-list:l0 level1 lfo2&quot;&gt;&lt;!--[if !supportLists]--&gt;&lt;span lang=&quot;EN-US&quot; style=&quot;font-family:Symbol;mso-fareast-font-family:Symbol;mso-bidi-font-family:\r\nSymbol&quot;&gt;·&lt;span style=&quot;font-variant-numeric: normal; font-variant-east-asian: normal; font-stretch: normal; font-size: 7pt; line-height: normal; font-family: &amp;quot;Times New Roman&amp;quot;;&quot;&gt;&amp;nbsp;&amp;nbsp;&amp;nbsp;&amp;nbsp;&amp;nbsp;&amp;nbsp;&amp;nbsp;&amp;nbsp;\r\n&lt;/span&gt;&lt;/span&gt;&lt;!--[endif]--&gt;&lt;span lang=&quot;EN-US&quot;&gt;Laser therapy unit&lt;o:p&gt;&lt;/o:p&gt;&lt;/span&gt;&lt;/p&gt;&lt;p class=&quot;MsoListParagraphCxSpMiddle&quot; style=&quot;margin-left:72.0pt;mso-add-space:\r\nauto;text-indent:-18.0pt;mso-list:l0 level1 lfo2&quot;&gt;&lt;!--[if !supportLists]--&gt;&lt;span lang=&quot;EN-US&quot; style=&quot;font-family:Symbol;mso-fareast-font-family:Symbol;mso-bidi-font-family:\r\nSymbol&quot;&gt;·&lt;span style=&quot;font-variant-numeric: normal; font-variant-east-asian: normal; font-stretch: normal; font-size: 7pt; line-height: normal; font-family: &amp;quot;Times New Roman&amp;quot;;&quot;&gt;&amp;nbsp;&amp;nbsp;&amp;nbsp;&amp;nbsp;&amp;nbsp;&amp;nbsp;&amp;nbsp;&amp;nbsp;\r\n&lt;/span&gt;&lt;/span&gt;&lt;!--[endif]--&gt;&lt;span lang=&quot;EN-US&quot;&gt;Cold therapy unit&lt;o:p&gt;&lt;/o:p&gt;&lt;/span&gt;&lt;/p&gt;&lt;p class=&quot;MsoListParagraphCxSpMiddle&quot; style=&quot;margin-left:72.0pt;mso-add-space:\r\nauto;text-indent:-18.0pt;mso-list:l0 level1 lfo2&quot;&gt;&lt;!--[if !supportLists]--&gt;&lt;span lang=&quot;EN-US&quot; style=&quot;font-family:Symbol;mso-fareast-font-family:Symbol;mso-bidi-font-family:\r\nSymbol&quot;&gt;·&lt;span style=&quot;font-variant-numeric: normal; font-variant-east-asian: normal; font-stretch: normal; font-size: 7pt; line-height: normal; font-family: &amp;quot;Times New Roman&amp;quot;;&quot;&gt;&amp;nbsp;&amp;nbsp;&amp;nbsp;&amp;nbsp;&amp;nbsp;&amp;nbsp;&amp;nbsp;&amp;nbsp;\r\n&lt;/span&gt;&lt;/span&gt;&lt;!--[endif]--&gt;&lt;span lang=&quot;EN-US&quot;&gt;Gentle therapy&lt;o:p&gt;&lt;/o:p&gt;&lt;/span&gt;&lt;/p&gt;&lt;p class=&quot;MsoListParagraphCxSpMiddle&quot; style=&quot;text-indent:-18.0pt;mso-list:l1 level1 lfo1&quot;&gt;&lt;!--[if !supportLists]--&gt;&lt;span lang=&quot;EN-US&quot; style=&quot;font-family:Wingdings;mso-fareast-font-family:Wingdings;\r\nmso-bidi-font-family:Wingdings&quot;&gt;v&lt;span style=&quot;font-variant-numeric: normal; font-variant-east-asian: normal; font-stretch: normal; font-size: 7pt; line-height: normal; font-family: &amp;quot;Times New Roman&amp;quot;;&quot;&gt;&amp;nbsp; &lt;/span&gt;&lt;/span&gt;&lt;span lang=&quot;EN-US&quot;&gt;Traction unit&lt;o:p&gt;&lt;/o:p&gt;&lt;/span&gt;&lt;/p&gt;&lt;p class=&quot;MsoListParagraphCxSpMiddle&quot; style=&quot;text-indent:-18.0pt;mso-list:l1 level1 lfo1&quot;&gt;&lt;!--[if !supportLists]--&gt;&lt;span lang=&quot;EN-US&quot; style=&quot;font-family:Wingdings;mso-fareast-font-family:Wingdings;\r\nmso-bidi-font-family:Wingdings&quot;&gt;v&lt;span style=&quot;font-variant-numeric: normal; font-variant-east-asian: normal; font-stretch: normal; font-size: 7pt; line-height: normal; font-family: &amp;quot;Times New Roman&amp;quot;;&quot;&gt;&amp;nbsp; &lt;/span&gt;&lt;/span&gt;&lt;!--[endif]--&gt;&lt;span lang=&quot;EN-US&quot;&gt;Electro therapy unit&lt;o:p&gt;&lt;/o:p&gt;&lt;/span&gt;&lt;/p&gt;&lt;p class=&quot;MsoListParagraphCxSpMiddle&quot; style=&quot;text-indent:-18.0pt;mso-list:l1 level1 lfo1&quot;&gt;&lt;!--[if !supportLists]--&gt;&lt;span lang=&quot;EN-US&quot; style=&quot;font-family:Wingdings;mso-fareast-font-family:Wingdings;\r\nmso-bidi-font-family:Wingdings&quot;&gt;v&lt;span style=&quot;font-variant-numeric: normal; font-variant-east-asian: normal; font-stretch: normal; font-size: 7pt; line-height: normal; font-family: &amp;quot;Times New Roman&amp;quot;;&quot;&gt;&amp;nbsp; &lt;/span&gt;&lt;/span&gt;&lt;!--[endif]--&gt;&lt;span lang=&quot;EN-US&quot;&gt;Paraffin wax&lt;o:p&gt;&lt;/o:p&gt;&lt;/span&gt;&lt;/p&gt;&lt;p class=&quot;MsoListParagraphCxSpMiddle&quot; style=&quot;text-indent:-18.0pt;mso-list:l1 level1 lfo1&quot;&gt;&lt;!--[if !supportLists]--&gt;&lt;span lang=&quot;EN-US&quot; style=&quot;font-family:Wingdings;mso-fareast-font-family:Wingdings;\r\nmso-bidi-font-family:Wingdings&quot;&gt;v&lt;span style=&quot;font-variant-numeric: normal; font-variant-east-asian: normal; font-stretch: normal; font-size: 7pt; line-height: normal; font-family: &amp;quot;Times New Roman&amp;quot;;&quot;&gt;&amp;nbsp; &lt;/span&gt;&lt;/span&gt;&lt;!--[endif]--&gt;&lt;span lang=&quot;EN-US&quot;&gt;Rehabilitation products&lt;o:p&gt;&lt;/o:p&gt;&lt;/span&gt;&lt;/p&gt;&lt;p class=&quot;MsoListParagraphCxSpMiddle&quot; style=&quot;text-indent:-18.0pt;mso-list:l1 level1 lfo1&quot;&gt;&lt;!--[if !supportLists]--&gt;&lt;span lang=&quot;EN-US&quot; style=&quot;font-family:Wingdings;mso-fareast-font-family:Wingdings;\r\nmso-bidi-font-family:Wingdings&quot;&gt;v&lt;span style=&quot;font-variant-numeric: normal; font-variant-east-asian: normal; font-stretch: normal; font-size: 7pt; line-height: normal; font-family: &amp;quot;Times New Roman&amp;quot;;&quot;&gt;&amp;nbsp; &lt;/span&gt;&lt;/span&gt;&lt;!--[endif]--&gt;&lt;span lang=&quot;EN-US&quot;&gt;Diathermy unit&lt;o:p&gt;&lt;/o:p&gt;&lt;/span&gt;&lt;/p&gt;&lt;p class=&quot;MsoListParagraphCxSpMiddle&quot; style=&quot;text-indent:-18.0pt;mso-list:l1 level1 lfo1&quot;&gt;&lt;!--[if !supportLists]--&gt;&lt;span lang=&quot;EN-US&quot; style=&quot;font-family:Wingdings;mso-fareast-font-family:Wingdings;\r\nmso-bidi-font-family:Wingdings&quot;&gt;v&lt;span style=&quot;font-variant-numeric: normal; font-variant-east-asian: normal; font-stretch: normal; font-size: 7pt; line-height: normal; font-family: &amp;quot;Times New Roman&amp;quot;;&quot;&gt;&amp;nbsp; &lt;/span&gt;&lt;/span&gt;&lt;!--[endif]--&gt;&lt;span lang=&quot;EN-US&quot;&gt;Exercise equipment&lt;o:p&gt;&lt;/o:p&gt;&lt;/span&gt;&lt;/p&gt;&lt;p class=&quot;MsoListParagraphCxSpMiddle&quot; style=&quot;text-indent:-18.0pt;mso-list:l1 level1 lfo1&quot;&gt;&lt;!--[if !supportLists]--&gt;&lt;span lang=&quot;EN-US&quot; style=&quot;font-family:Wingdings;mso-fareast-font-family:Wingdings;\r\nmso-bidi-font-family:Wingdings&quot;&gt;v&lt;span style=&quot;font-variant-numeric: normal; font-variant-east-asian: normal; font-stretch: normal; font-size: 7pt; line-height: normal; font-family: &amp;quot;Times New Roman&amp;quot;;&quot;&gt;&amp;nbsp; &lt;/span&gt;&lt;/span&gt;&lt;!--[endif]--&gt;&lt;span lang=&quot;EN-US&quot;&gt;Nerve stimulator&lt;o:p&gt;&lt;/o:p&gt;&lt;/span&gt;&lt;/p&gt;&lt;p class=&quot;MsoListParagraphCxSpLast&quot; style=&quot;text-indent:-18.0pt;mso-list:l1 level1 lfo1&quot;&gt;&lt;!--[if !supportLists]--&gt;&lt;span lang=&quot;EN-US&quot; style=&quot;font-family:Wingdings;mso-fareast-font-family:Wingdings;\r\nmso-bidi-font-family:Wingdings&quot;&gt;v&lt;span style=&quot;font-variant-numeric: normal; font-variant-east-asian: normal; font-stretch: normal; font-size: 7pt; line-height: normal; font-family: &amp;quot;Times New Roman&amp;quot;;&quot;&gt;&amp;nbsp; &lt;/span&gt;&lt;/span&gt;&lt;!--[endif]--&gt;&lt;span lang=&quot;EN-US&quot;&gt;Physio accessories&lt;o:p&gt;&lt;/o:p&gt;&lt;/span&gt;&lt;/p&gt;&lt;p&gt;\r\n\r\n\r\n\r\n\r\n\r\n\r\n\r\n\r\n\r\n\r\n\r\n\r\n\r\n\r\n\r\n\r\n\r\n\r\n\r\n\r\n\r\n\r\n\r\n\r\n\r\n\r\n\r\n\r\n\r\n\r\n\r\n\r\n\r\n\r\n\r\n\r\n\r\n\r\n\r\n&lt;span lang=&quot;EN-US&quot; style=&quot;font-size:11.0pt;line-height:115%;font-family:&amp;quot;Calibri&amp;quot;,&amp;quot;sans-serif&amp;quot;;\r\nmso-ascii-theme-font:minor-latin;mso-fareast-font-family:Calibri;mso-fareast-theme-font:\r\nminor-latin;mso-hansi-theme-font:minor-latin;mso-bidi-font-family:&amp;quot;Times New Roman&amp;quot;;\r\nmso-bidi-theme-font:minor-bidi;mso-ansi-language:EN-US;mso-fareast-language:\r\nEN-US;mso-bidi-language:AR-SA&quot;&gt;Combination unit&lt;/span&gt;&lt;/p&gt;&lt;p&gt;&lt;span lang=&quot;EN-US&quot; style=&quot;font-size:11.0pt;line-height:115%;font-family:&amp;quot;Calibri&amp;quot;,&amp;quot;sans-serif&amp;quot;;\r\nmso-ascii-theme-font:minor-latin;mso-fareast-font-family:Calibri;mso-fareast-theme-font:\r\nminor-latin;mso-hansi-theme-font:minor-latin;mso-bidi-font-family:&amp;quot;Times New Roman&amp;quot;;\r\nmso-bidi-theme-font:minor-bidi;mso-ansi-language:EN-US;mso-fareast-language:\r\nEN-US;mso-bidi-language:AR-SA&quot;&gt;any query contact us on info@joybaba.in&amp;nbsp; mob:9540208747&lt;br&gt;&lt;/span&gt;&lt;span style=&quot;color: rgb(57, 57, 57); font-family: Arial, sans-serif; font-size: 14px; background-color: rgb(204, 255, 179);&quot;&gt;&lt;br&gt;&lt;/span&gt;&lt;/p&gt;', 'Physiotherapy/Occupational Therapy', 'Physiotherapy/Occupational Therapy', 'Physiotherapy/Occupational Therapy'),
(212, 1, 'Transfusion set', '&lt;p&gt;Transfusion set&lt;br&gt;&lt;/p&gt;', 'Transfusion set', 'Transfusion set', 'Transfusion set'),
(229, 1, 'Connector', '&lt;p&gt;Connector&lt;br&gt;&lt;/p&gt;', 'Connector', 'Connector', 'Connector'),
(271, 1, 'Occupational Therapy Department', '&lt;p&gt;&lt;span style=&quot;color: rgb(57, 57, 57); font-family: Arial, sans-serif; font-size: 14px; background-color: rgb(204, 255, 179); font-weight: 700;&quot;&gt;JOYBABA.IN&lt;/span&gt;&lt;span style=&quot;color: rgb(57, 57, 57); font-family: Arial, sans-serif; font-size: 14px; background-color: rgb(204, 255, 179);&quot;&gt;&amp;nbsp;Handles SET-UP a new Hospital/Medical college/clinic/nursing home/rehabilitation clinic/physiotherapy clinic/occupational therapy clinic/ and any department in healthcare.&lt;/span&gt;&lt;/p&gt;&lt;p&gt;&lt;span style=&quot;color: rgb(57, 57, 57); font-family: Arial, sans-serif; font-size: 14px; background-color: rgb(204, 255, 179);&quot;&gt;Up-gradation, patient management,footfall management, procurement, logistics planning, executing, installation, training, medical engineering and warranty maintenance of projects undertaken as per your requirement.&lt;/span&gt;&lt;/p&gt;', 'Occupational Therapy Department', 'Occupational Therapy Department', 'Occupational Therapy Department'),
(272, 1, 'Physiotherapy Department', '&lt;p&gt;&lt;span style=&quot;color: rgb(57, 57, 57); font-family: Arial, sans-serif; font-size: 14px; background-color: rgb(204, 255, 179); font-weight: 700;&quot;&gt;JOYBABA.IN&lt;/span&gt;&lt;span style=&quot;color: rgb(57, 57, 57); font-family: Arial, sans-serif; font-size: 14px; background-color: rgb(204, 255, 179);&quot;&gt;&amp;nbsp;Handles SET-UP a new Hospital/Medical college/clinic/nursing home/rehabilitation clinic/physiotherapy clinic/occupational therapy clinic/ and any department in healthcare.&lt;/span&gt;&lt;/p&gt;&lt;p&gt;&lt;span style=&quot;color: rgb(57, 57, 57); font-family: Arial, sans-serif; font-size: 14px; background-color: rgb(204, 255, 179);&quot;&gt;Up-gradation, patient management,footfall management, procurement, logistics planning, executing, installation, training, medical engineering and warranty maintenance of projects undertaken as per your requirement.&lt;/span&gt;&lt;/p&gt;', 'PHYSIOTHERAPY EQUIPMENTS', 'PHYSIOTHERAPY EQUIPMENTS', 'PHYSIOTHERAPY EQUIPMENTS'),
(274, 1, 'Banking', '&lt;p&gt;&lt;span style=&quot;color: rgb(77, 81, 86); font-family: arial, sans-serif; font-size: 14px;&quot;&gt;RDAMall.com provides you to practice a wide range of online&amp;nbsp;&lt;/span&gt;&lt;span style=&quot;font-weight: bold; color: rgb(95, 99, 104); font-family: arial, sans-serif; font-size: 14px;&quot;&gt;test series&lt;/span&gt;&lt;span style=&quot;color: rgb(77, 81, 86); font-family: arial, sans-serif; font-size: 14px;&quot;&gt;&amp;nbsp;to prepare for various&amp;nbsp;&lt;/span&gt;&lt;span style=&quot;font-weight: bold; color: rgb(95, 99, 104); font-family: arial, sans-serif; font-size: 14px;&quot;&gt;Bank&lt;/span&gt;&lt;span style=&quot;color: rgb(77, 81, 86); font-family: arial, sans-serif; font-size: 14px;&quot;&gt;&amp;nbsp;exams (IBPS, SBI, UBI, BOB, etc).&amp;nbsp;&lt;/span&gt;&lt;br&gt;&lt;/p&gt;', 'Banking &amp;  Insurance Test Series or Question Bank ', 'RDAMall.com provides you to practice a wide range of online test series to prepare for various Bank (IBPS, SBI, UBI, BOB, etc). ', 'banking and insurance test series,oliveboard,adda247,gradeup test series,best test series for sbi clerk,testbook,free online mock test for bank clerk exam,practice mock,ibps rrb best test series, online banking, bank exam previous paper, speed test, banki'),
(282, 1, 'Railway', '&lt;p&gt;&lt;span style=&quot;font-weight: bold;&quot;&gt;Railways Recruitment Exams&lt;/span&gt;&lt;/p&gt;&lt;p&gt;RAILWAY-RRB-RRC-GROUP-D, RRB-ASSISTANT-LOCO-PILOT-ALP-TECHNICIANS, RPF-RPSF-CONSTABLE, RPF-RPSF-SUB-INSPECTOR, RRB-NTPC-G, RRB-JUNIOR-ENGINEER, TestBag Provide More than 50000 questions &amp;amp; Online Test Series for Railways Recruitment Exam like RRB RRC GROUP D, RPF CONSTABLE, RPF SI, RRB ALP TECHNICIANS Exams - subjectwise, topicwise &amp;amp; chapterwise Test, Sectional Tests &amp;amp; Full Length Tests. Free Mock test, All Test are based on New Exam Pattern &amp;amp; Syllabus, All India Rank, Report &amp;amp; Analytics, Improve your Time Management &amp;amp; Score&lt;/p&gt;', 'Best Online Free Railway Mock Test &amp; Test Series - RDAMall.com', 'Get free various railway exams online mock test and test series for RRB RRC GROUP-D, LOCO PILOT, RRB ALP MOCK TEST, RPF RPSF CONSTABLE based on latest pattern and syllabus.', 'free mock test for railway, mp online mock test, online test series for railway, railway exam mock test, railway exam online test, railway online test, railway test series, rrb alp mock test, rrb free online test, rrbntpc mock test, rrb online test series'),
(277, 1, 'Bank PO', '&lt;p&gt;&lt;span style=&quot;color: rgb(26, 26, 166); font-family: monospace; font-size: medium; white-space: pre-wrap;&quot;&gt;RDAMall.com provides test series for bank PO, SBI PO, IBPS PO, BOB PO, Free Mock Test for Prelims &amp;amp; Mains based on Latest Pattern &amp;amp; Syllabus and Exam Pattern online.&lt;/span&gt;&lt;/p&gt;&lt;p&gt;&lt;span style=&quot;color: rgb(26, 26, 166); font-family: monospace; font-size: medium; white-space: pre-wrap;&quot;&gt;IBPS-RRB-OFFICERS-SCALE-I-PRELIMS-MOCK-TEST, IBPS-RRB, SBI-PO, JK-BANK-PO, IBPS-PO, BANK-PO, IDBI-ASST-MANAGER, ANDHRA-BANK-PO, SYNDICATE-BANK-PO, SIDBI-ASSISTANT-MANAGER-GRADE-A, Online Exam Preparation for Bank PO Exam, Chapter Tests , Topic Tests ,Sectional Tests &amp;amp; Full Length Tests for IBPS PO, SBI PO ,IBPS RRB, IPPB Prelims &amp;amp; Mains Exam. All India Ranks &amp;amp; Report Analysis available. More than 450 Online test Series.Testbag Provide More than 30000 questions and Online Test Series for Bank Exam like IBPS PO, SBI PO, IBPS RRB Officer Scale I, BOB PO &amp;amp; other PO/MT Cadre Exams Test are based on New Pattern &amp;amp; Syllabus. Free Mock Tests available&lt;/span&gt;&lt;br&gt;&lt;br&gt;&lt;/p&gt;', 'Best Bank PO Online Test Series &amp; Free Mock Test - RDAMall.com', 'RDAMall.com provides test series for bank PO, SBI PO, IBPS PO, BOB PO, Free Mock Test for Prelims &amp; Mains based on Latest Pattern &amp; Syllabus and Exam Pattern online', 'canara bank po mock test, dena bank po mock test, federal bank po mock test, ibps po mains free mock test, ibps po prelims mock test, ibps rrb po free mock test, rrb po mock test, sbi po free mock test, sbi po mains mock test, sbi po online test series, I'),
(278, 1, 'Bank SO', '&lt;p&gt;PNB-SPECIALIST-OFFICERS, IBPS-CWE-SPECIALIST-OFFICERS, SBI-MGT-EXEC, CORPORATION-BANK-SO, SBI-SO, UCO-BANK-LAW-OFFICERS, BANK-OF-INDIA-IT-EXAM, BOB-IT, BOB-LAW, BANK-OF-INDIA-OFFICER-CREDIT,Online Exam Preparation for Bank Specialist Officer Exams - IBPS SO, SBI SO, Online Free Mock Test, Online Exam Practice test, More than 450 Online test Series, Free Mock Tests available. Testbag Provide More than 30000 questions and Online Test Series for Bank SO (Marketing, IT, Agriculture, HR, Law, Rajbhasha) in Banks. Test are based on New Exam Pattern and Syllabus for IBPS SO, SBI SO, &amp;amp; other Specialist Officer Bank Cadre Exams, All India Rank is available&lt;/p&gt;', 'Bank SO Online Test Series &amp; Free Mock Test for all Banks', 'Testbag online test series for specialist officer in SBI, IBPS, BOB, IT, LAW, free mock test based on Latest Pattern &amp; Syllabus and Exam Pattern. Visit us', 'free mock test for ibps so it officer, ibps it officer test series, ibps so it officer free mock test, ibps so test series, ibps specialist officer online practice test free'),
(279, 1, 'Engineering', '&lt;p&gt;&lt;span style=&quot;font-weight: bold;&quot;&gt;Engineering Entrance Exams&lt;/span&gt;&lt;/p&gt;&lt;p&gt;UPSEE-B-TECH, BITSAT, EAMCET, JEE-ADVANCED, MHT-CET, WBJEE, JEE-MAIN, VITEEE, GUJCET, AEEE, SRMJEEE,&lt;/p&gt;&lt;p&gt;Testbag Provide More than 50000 questions &amp;amp; Online Test Series for Engineering Entrance Exam like JEE MAIN, JEE ADVANCED, VITEEE, MANIPAL, SRMJEEE, WBJEE, KCET, EAMCET, AEEE, BITSAT, COMEDK, MHT-CET Exams - subjectwise, topicwise &amp;amp; chapterwise Test, Sectional Tests &amp;amp; Full Length Tests. Free Mock test, All Test are based on New Exam Pattern &amp;amp; Syllabus, All India Rank, Report &amp;amp; Analytics, Improve your Time Management &amp;amp; Score&lt;br&gt;&lt;/p&gt;', 'Engineering Entrance Exams Online Test Series &amp; Free Mock Test', 'TestBag provide online test series and free mock test for engineering exams such as AEEE, BITSAT, EAMCET, JEE MAIN, KCET, KEAM, MHT-CET,VITEEE, VSAT, WBJEE.', 'bitsat online mock test, eamcet mock test online, jee advanced mock test, jee main mock test, jee main mock test paper, jee main online mock test, mht cet mock test, mht cet test series, vit mock test online, viteee mock test'),
(280, 1, 'Medical', '&lt;p&gt;&lt;span style=&quot;font-weight: bold;&quot;&gt;Medical Entrance Exams&lt;/span&gt;&lt;/p&gt;&lt;p&gt;PPSC-MEDICAL-OFFICERS, JKPSC-MO, AIIMS-PG, FMGE, JIPMER-MD-MS, PGIMER-MD-MS, OPSC-MEDICAL-OFFICER, NEET-PG, NEET-UG, NEET-UG-AIIMS-JIPMER-MBBS-ENTRANCE-EXAM, Testbag Provide More than 50000 Questions &amp;amp; Online Test Series for Medical (MBBS &amp;amp; PG) Entrance Exam like AIIMS, JIPMER, NEET, AIPMT &amp;amp; FMGE (MCI) Exams - Subject-wise, Topicwise &amp;amp; Chapter-wise Test, Sectional Tests &amp;amp; Full Length Tests. Free Mock test, All Test are based on New Exam Pattern &amp;amp; Syllabus, All India Rank, Report &amp;amp; Analytics, Improve your Time Management &amp;amp; Score&lt;/p&gt;', 'AIIMS, NEET, JIPMER, FMGE Online Mock Test &amp; Test Series', 'TestBag provide AIIMS, AIPMT, JIPMER and NEET mock test and free test series for competitive entrance exams based on latest pattern and new syllabus.', 'aiims mock test online free, aipmt online test series, jipmer mock test online, neet free online test, neet mock test online free, neet online test series free, neet practice test'),
(281, 1, 'SSC', '&lt;p&gt;&lt;span style=&quot;font-weight: bold;&quot;&gt;SSC Recruitment Exams&lt;/span&gt;&lt;/p&gt;&lt;p style=&quot;text-align: justify; &quot;&gt;SSC-CHSL, SSC-CGL, SSC-STENOGRAPHER, SSC-CPO-SI-ASI, SSC-CONSTABLE-GD,Online Exam Preparation for SSC Exam, Chapter Tests , Topic Tests, Sectional Tests &amp;amp; Full Length Tests for SSC CGL Tier I &amp;amp; Tier II, SSC CHSL (SSC 10+2), SSC MTS (Multi Tasking Staff), SSC Scientific Assistant &amp;amp; SSC Stenographer. Free Mock Tests &amp;amp; All India Ranks &amp;amp; Report Analysis available.More than 450 Online test Series Testbag Provide More than 30000 questions and Online Test Series for SSC Exam like SSC CGL Tier I &amp;amp; Tier II, SSC CHSL (SSC 10+2), SSC MTS (Multi Tasking Staff) &amp;amp; SSC Stenographer, SSC Scientific Assistant. All Test are based on New Exam Pattern &amp;amp; Syllabus.&lt;/p&gt;', 'SSC Exam Free Mock Test Papers and Test Series Online - RDAMall.com', 'TestBag provides test series &amp; free mock test for SSC, SSC CGL, Combined Graduate Level, SSC MTS, SSC CHSLE, SSC SI, SSC STENOGRAPHER, Notification,  Syllabus.', 'cgl online mock test, ssccgl english mock test, ssccgl mock test, ssccgl mock test papers with answers, ssccgl mock test series, ssccgl practice set online, ssccgl tier 1 free mock test, sscchsl mock test, sscchsl online test series, ssc online free mock '),
(283, 1, 'Other Exam', '&lt;p&gt;Other Exam&lt;br&gt;&lt;/p&gt;', 'Other Exam', 'Other Exam', 'Other Exam'),
(284, 1, 'Web/Android Application', '&lt;p&gt;Web/Android Application&lt;br&gt;&lt;/p&gt;', 'Web/Android Application', 'Web/Android Application', 'Web/Android Application');

-- --------------------------------------------------------

--
-- Table structure for table `oc_category_filter`
--

CREATE TABLE IF NOT EXISTS `oc_category_filter` (
  `category_id` int(11) NOT NULL,
  `filter_id` int(11) NOT NULL,
  PRIMARY KEY (`category_id`,`filter_id`)
) ENGINE=MyISAM DEFAULT CHARSET=utf8;

--
-- Dumping data for table `oc_category_filter`
--

INSERT INTO `oc_category_filter` (`category_id`, `filter_id`) VALUES
(283, 5),
(283, 8);

-- --------------------------------------------------------

--
-- Table structure for table `oc_category_path`
--

CREATE TABLE IF NOT EXISTS `oc_category_path` (
  `category_id` int(11) NOT NULL,
  `path_id` int(11) NOT NULL,
  `level` int(11) NOT NULL,
  PRIMARY KEY (`category_id`,`path_id`)
) ENGINE=MyISAM DEFAULT CHARSET=utf8;

--
-- Dumping data for table `oc_category_path`
--

INSERT INTO `oc_category_path` (`category_id`, `path_id`, `level`) VALUES
(132, 132, 1),
(65, 65, 0),
(81, 81, 0),
(89, 89, 0),
(90, 90, 0),
(91, 91, 0),
(132, 127, 0),
(127, 127, 0),
(128, 128, 0),
(129, 129, 1),
(130, 130, 0),
(131, 131, 0),
(134, 134, 1),
(135, 127, 0),
(135, 135, 1),
(136, 136, 1),
(136, 128, 0),
(139, 139, 0),
(140, 140, 0),
(141, 141, 0),
(142, 142, 0),
(150, 127, 0),
(149, 149, 1),
(170, 170, 0),
(171, 169, 0),
(129, 127, 0),
(273, 273, 0),
(149, 127, 0),
(134, 127, 0),
(150, 150, 1),
(171, 171, 1),
(172, 169, 0),
(152, 127, 0),
(152, 152, 1),
(274, 274, 1),
(274, 273, 0),
(278, 273, 0),
(278, 274, 1),
(278, 278, 2),
(275, 274, 1),
(275, 275, 2),
(275, 273, 0),
(169, 169, 0),
(168, 168, 0),
(172, 172, 1),
(173, 169, 0),
(173, 173, 1),
(174, 169, 0),
(174, 174, 1),
(175, 169, 0),
(175, 175, 1),
(176, 169, 0),
(176, 176, 1),
(177, 169, 0),
(177, 177, 1),
(178, 169, 0),
(178, 178, 1),
(179, 169, 0),
(179, 179, 1),
(180, 169, 0),
(180, 180, 1),
(212, 212, 0),
(229, 229, 0),
(271, 271, 1),
(271, 127, 0),
(272, 127, 0),
(272, 272, 1),
(277, 273, 0),
(277, 274, 1),
(277, 277, 2),
(279, 273, 0),
(279, 279, 1),
(280, 273, 0),
(280, 280, 1),
(281, 273, 0),
(281, 281, 1),
(282, 273, 0),
(282, 282, 1),
(283, 273, 0),
(283, 283, 1),
(284, 284, 0);

-- --------------------------------------------------------

--
-- Table structure for table `oc_category_to_layout`
--

CREATE TABLE IF NOT EXISTS `oc_category_to_layout` (
  `category_id` int(11) NOT NULL,
  `store_id` int(11) NOT NULL,
  `layout_id` int(11) NOT NULL,
  PRIMARY KEY (`category_id`,`store_id`)
) ENGINE=MyISAM DEFAULT CHARSET=utf8;

--
-- Dumping data for table `oc_category_to_layout`
--

INSERT INTO `oc_category_to_layout` (`category_id`, `store_id`, `layout_id`) VALUES
(65, 0, 0),
(90, 0, 0),
(135, 0, 0),
(134, 0, 0),
(89, 0, 0),
(132, 0, 0),
(127, 0, 0),
(128, 0, 0),
(129, 0, 0),
(130, 0, 0),
(131, 0, 0),
(136, 0, 0),
(273, 0, 0),
(139, 0, 0),
(140, 0, 0),
(141, 0, 0),
(142, 0, 0),
(170, 0, 0),
(149, 0, 0),
(150, 0, 0),
(169, 0, 0),
(152, 0, 0),
(274, 0, 3),
(275, 0, 3),
(278, 0, 0),
(168, 0, 0),
(171, 0, 0),
(172, 0, 0),
(173, 0, 0),
(174, 0, 0),
(175, 0, 0),
(176, 0, 0),
(177, 0, 0),
(178, 0, 0),
(179, 0, 0),
(180, 0, 16),
(212, 0, 0),
(229, 0, 0),
(271, 0, 0),
(272, 0, 0),
(277, 0, 0),
(279, 0, 0),
(280, 0, 0),
(281, 0, 0),
(282, 0, 0),
(283, 0, 0),
(284, 0, 3);

-- --------------------------------------------------------

--
-- Table structure for table `oc_category_to_store`
--

CREATE TABLE IF NOT EXISTS `oc_category_to_store` (
  `category_id` int(11) NOT NULL,
  `store_id` int(11) NOT NULL,
  PRIMARY KEY (`category_id`,`store_id`)
) ENGINE=MyISAM DEFAULT CHARSET=utf8;

--
-- Dumping data for table `oc_category_to_store`
--

INSERT INTO `oc_category_to_store` (`category_id`, `store_id`) VALUES
(65, 0),
(81, 0),
(89, 0),
(90, 0),
(91, 0),
(127, 0),
(128, 0),
(129, 0),
(130, 0),
(131, 0),
(132, 0),
(134, 0),
(135, 0),
(136, 0),
(139, 0),
(140, 0),
(141, 0),
(142, 0),
(149, 0),
(150, 0),
(152, 0),
(168, 0),
(169, 0),
(170, 0),
(171, 0),
(172, 0),
(173, 0),
(174, 0),
(175, 0),
(176, 0),
(177, 0),
(178, 0),
(179, 0),
(180, 0),
(212, 0),
(229, 0),
(271, 0),
(272, 0),
(273, 0),
(274, 0),
(275, 0),
(277, 0),
(278, 0),
(279, 0),
(280, 0),
(281, 0),
(282, 0),
(283, 0),
(284, 0);

-- --------------------------------------------------------

--
-- Table structure for table `oc_country`
--

CREATE TABLE IF NOT EXISTS `oc_country` (
  `country_id` int(11) NOT NULL AUTO_INCREMENT,
  `name` varchar(128) NOT NULL,
  `iso_code_2` varchar(2) NOT NULL,
  `iso_code_3` varchar(3) NOT NULL,
  `address_format` text NOT NULL,
  `postcode_required` tinyint(1) NOT NULL,
  `status` tinyint(1) NOT NULL DEFAULT '1',
  PRIMARY KEY (`country_id`)
) ENGINE=MyISAM  DEFAULT CHARSET=utf8 AUTO_INCREMENT=259 ;

--
-- Dumping data for table `oc_country`
--

INSERT INTO `oc_country` (`country_id`, `name`, `iso_code_2`, `iso_code_3`, `address_format`, `postcode_required`, `status`) VALUES
(1, 'Afghanistan', 'AF', 'AFG', '', 0, 1),
(2, 'Albania', 'AL', 'ALB', '', 0, 1),
(3, 'Algeria', 'DZ', 'DZA', '', 0, 1),
(4, 'American Samoa', 'AS', 'ASM', '', 0, 1),
(5, 'Andorra', 'AD', 'AND', '', 0, 1),
(6, 'Angola', 'AO', 'AGO', '', 0, 1),
(7, 'Anguilla', 'AI', 'AIA', '', 0, 1),
(8, 'Antarctica', 'AQ', 'ATA', '', 0, 1),
(9, 'Antigua and Barbuda', 'AG', 'ATG', '', 0, 1),
(10, 'Argentina', 'AR', 'ARG', '', 0, 1),
(11, 'Armenia', 'AM', 'ARM', '', 0, 1),
(12, 'Aruba', 'AW', 'ABW', '', 0, 1),
(13, 'Australia', 'AU', 'AUS', '', 0, 1),
(14, 'Austria', 'AT', 'AUT', '', 0, 1),
(15, 'Azerbaijan', 'AZ', 'AZE', '', 0, 1),
(16, 'Bahamas', 'BS', 'BHS', '', 0, 1),
(17, 'Bahrain', 'BH', 'BHR', '', 0, 1),
(18, 'Bangladesh', 'BD', 'BGD', '', 0, 1),
(19, 'Barbados', 'BB', 'BRB', '', 0, 1),
(20, 'Belarus', 'BY', 'BLR', '', 0, 1),
(21, 'Belgium', 'BE', 'BEL', '{firstname} {lastname}\r\n{company}\r\n{address_1}\r\n{address_2}\r\n{postcode} {city}\r\n{country}', 0, 1),
(22, 'Belize', 'BZ', 'BLZ', '', 0, 1),
(23, 'Benin', 'BJ', 'BEN', '', 0, 1),
(24, 'Bermuda', 'BM', 'BMU', '', 0, 1),
(25, 'Bhutan', 'BT', 'BTN', '', 0, 1),
(26, 'Bolivia', 'BO', 'BOL', '', 0, 1),
(27, 'Bosnia and Herzegovina', 'BA', 'BIH', '', 0, 1),
(28, 'Botswana', 'BW', 'BWA', '', 0, 1),
(29, 'Bouvet Island', 'BV', 'BVT', '', 0, 1),
(30, 'Brazil', 'BR', 'BRA', '', 0, 1),
(31, 'British Indian Ocean Territory', 'IO', 'IOT', '', 0, 1),
(32, 'Brunei Darussalam', 'BN', 'BRN', '', 0, 1),
(33, 'Bulgaria', 'BG', 'BGR', '', 0, 1),
(34, 'Burkina Faso', 'BF', 'BFA', '', 0, 1),
(35, 'Burundi', 'BI', 'BDI', '', 0, 1),
(36, 'Cambodia', 'KH', 'KHM', '', 0, 1),
(37, 'Cameroon', 'CM', 'CMR', '', 0, 1),
(38, 'Canada', 'CA', 'CAN', '', 0, 1),
(39, 'Cape Verde', 'CV', 'CPV', '', 0, 1),
(40, 'Cayman Islands', 'KY', 'CYM', '', 0, 1),
(41, 'Central African Republic', 'CF', 'CAF', '', 0, 1),
(42, 'Chad', 'TD', 'TCD', '', 0, 1),
(43, 'Chile', 'CL', 'CHL', '', 0, 1),
(44, 'China', 'CN', 'CHN', '', 0, 1),
(45, 'Christmas Island', 'CX', 'CXR', '', 0, 1),
(46, 'Cocos (Keeling) Islands', 'CC', 'CCK', '', 0, 1),
(47, 'Colombia', 'CO', 'COL', '', 0, 1),
(48, 'Comoros', 'KM', 'COM', '', 0, 1),
(49, 'Congo', 'CG', 'COG', '', 0, 1),
(50, 'Cook Islands', 'CK', 'COK', '', 0, 1),
(51, 'Costa Rica', 'CR', 'CRI', '', 0, 1),
(52, 'Cote D''Ivoire', 'CI', 'CIV', '', 0, 1),
(53, 'Croatia', 'HR', 'HRV', '', 0, 1),
(54, 'Cuba', 'CU', 'CUB', '', 0, 1),
(55, 'Cyprus', 'CY', 'CYP', '', 0, 1),
(56, 'Czech Republic', 'CZ', 'CZE', '', 0, 1),
(57, 'Denmark', 'DK', 'DNK', '', 0, 1),
(58, 'Djibouti', 'DJ', 'DJI', '', 0, 1),
(59, 'Dominica', 'DM', 'DMA', '', 0, 1),
(60, 'Dominican Republic', 'DO', 'DOM', '', 0, 1),
(61, 'East Timor', 'TL', 'TLS', '', 0, 1),
(62, 'Ecuador', 'EC', 'ECU', '', 0, 1),
(63, 'Egypt', 'EG', 'EGY', '', 0, 1),
(64, 'El Salvador', 'SV', 'SLV', '', 0, 1),
(65, 'Equatorial Guinea', 'GQ', 'GNQ', '', 0, 1),
(66, 'Eritrea', 'ER', 'ERI', '', 0, 1),
(67, 'Estonia', 'EE', 'EST', '', 0, 1),
(68, 'Ethiopia', 'ET', 'ETH', '', 0, 1),
(69, 'Falkland Islands (Malvinas)', 'FK', 'FLK', '', 0, 1),
(70, 'Faroe Islands', 'FO', 'FRO', '', 0, 1),
(71, 'Fiji', 'FJ', 'FJI', '', 0, 1),
(72, 'Finland', 'FI', 'FIN', '', 0, 1),
(74, 'France, Metropolitan', 'FR', 'FRA', '{firstname} {lastname}\r\n{company}\r\n{address_1}\r\n{address_2}\r\n{postcode} {city}\r\n{country}', 1, 1),
(75, 'French Guiana', 'GF', 'GUF', '', 0, 1),
(76, 'French Polynesia', 'PF', 'PYF', '', 0, 1),
(77, 'French Southern Territories', 'TF', 'ATF', '', 0, 1),
(78, 'Gabon', 'GA', 'GAB', '', 0, 1),
(79, 'Gambia', 'GM', 'GMB', '', 0, 1),
(80, 'Georgia', 'GE', 'GEO', '', 0, 1),
(81, 'Germany', 'DE', 'DEU', '{company}\r\n{firstname} {lastname}\r\n{address_1}\r\n{address_2}\r\n{postcode} {city}\r\n{country}', 1, 1),
(82, 'Ghana', 'GH', 'GHA', '', 0, 1),
(83, 'Gibraltar', 'GI', 'GIB', '', 0, 1),
(84, 'Greece', 'GR', 'GRC', '', 0, 1),
(85, 'Greenland', 'GL', 'GRL', '', 0, 1),
(86, 'Grenada', 'GD', 'GRD', '', 0, 1),
(87, 'Guadeloupe', 'GP', 'GLP', '', 0, 1),
(88, 'Guam', 'GU', 'GUM', '', 0, 1),
(89, 'Guatemala', 'GT', 'GTM', '', 0, 1),
(90, 'Guinea', 'GN', 'GIN', '', 0, 1),
(91, 'Guinea-Bissau', 'GW', 'GNB', '', 0, 1),
(92, 'Guyana', 'GY', 'GUY', '', 0, 1),
(93, 'Haiti', 'HT', 'HTI', '', 0, 1),
(94, 'Heard and Mc Donald Islands', 'HM', 'HMD', '', 0, 1),
(95, 'Honduras', 'HN', 'HND', '', 0, 1),
(96, 'Hong Kong', 'HK', 'HKG', '', 0, 1),
(97, 'Hungary', 'HU', 'HUN', '', 0, 1),
(98, 'Iceland', 'IS', 'ISL', '', 0, 1),
(99, 'India', 'IN', 'IND', '', 0, 1),
(100, 'Indonesia', 'ID', 'IDN', '', 0, 1),
(101, 'Iran (Islamic Republic of)', 'IR', 'IRN', '', 0, 1),
(102, 'Iraq', 'IQ', 'IRQ', '', 0, 1),
(103, 'Ireland', 'IE', 'IRL', '', 0, 1),
(104, 'Israel', 'IL', 'ISR', '', 0, 1),
(105, 'Italy', 'IT', 'ITA', '', 0, 1),
(106, 'Jamaica', 'JM', 'JAM', '', 0, 1),
(107, 'Japan', 'JP', 'JPN', '', 0, 1),
(108, 'Jordan', 'JO', 'JOR', '', 0, 1),
(109, 'Kazakhstan', 'KZ', 'KAZ', '', 0, 1),
(110, 'Kenya', 'KE', 'KEN', '', 0, 1),
(111, 'Kiribati', 'KI', 'KIR', '', 0, 1),
(112, 'North Korea', 'KP', 'PRK', '', 0, 1),
(113, 'South Korea', 'KR', 'KOR', '', 0, 1),
(114, 'Kuwait', 'KW', 'KWT', '', 0, 1),
(115, 'Kyrgyzstan', 'KG', 'KGZ', '', 0, 1),
(116, 'Lao People''s Democratic Republic', 'LA', 'LAO', '', 0, 1),
(117, 'Latvia', 'LV', 'LVA', '', 0, 1),
(118, 'Lebanon', 'LB', 'LBN', '', 0, 1),
(119, 'Lesotho', 'LS', 'LSO', '', 0, 1),
(120, 'Liberia', 'LR', 'LBR', '', 0, 1),
(121, 'Libyan Arab Jamahiriya', 'LY', 'LBY', '', 0, 1),
(122, 'Liechtenstein', 'LI', 'LIE', '', 0, 1),
(123, 'Lithuania', 'LT', 'LTU', '', 0, 1),
(124, 'Luxembourg', 'LU', 'LUX', '', 0, 1),
(125, 'Macau', 'MO', 'MAC', '', 0, 1),
(126, 'FYROM', 'MK', 'MKD', '', 0, 1),
(127, 'Madagascar', 'MG', 'MDG', '', 0, 1),
(128, 'Malawi', 'MW', 'MWI', '', 0, 1),
(129, 'Malaysia', 'MY', 'MYS', '', 0, 1),
(130, 'Maldives', 'MV', 'MDV', '', 0, 1),
(131, 'Mali', 'ML', 'MLI', '', 0, 1),
(132, 'Malta', 'MT', 'MLT', '', 0, 1),
(133, 'Marshall Islands', 'MH', 'MHL', '', 0, 1),
(134, 'Martinique', 'MQ', 'MTQ', '', 0, 1),
(135, 'Mauritania', 'MR', 'MRT', '', 0, 1),
(136, 'Mauritius', 'MU', 'MUS', '', 0, 1),
(137, 'Mayotte', 'YT', 'MYT', '', 0, 1),
(138, 'Mexico', 'MX', 'MEX', '', 0, 1),
(139, 'Micronesia, Federated States of', 'FM', 'FSM', '', 0, 1),
(140, 'Moldova, Republic of', 'MD', 'MDA', '', 0, 1),
(141, 'Monaco', 'MC', 'MCO', '', 0, 1),
(142, 'Mongolia', 'MN', 'MNG', '', 0, 1),
(143, 'Montserrat', 'MS', 'MSR', '', 0, 1),
(144, 'Morocco', 'MA', 'MAR', '', 0, 1),
(145, 'Mozambique', 'MZ', 'MOZ', '', 0, 1),
(146, 'Myanmar', 'MM', 'MMR', '', 0, 1),
(147, 'Namibia', 'NA', 'NAM', '', 0, 1),
(148, 'Nauru', 'NR', 'NRU', '', 0, 1),
(149, 'Nepal', 'NP', 'NPL', '', 0, 1),
(150, 'Netherlands', 'NL', 'NLD', '', 0, 1),
(151, 'Netherlands Antilles', 'AN', 'ANT', '', 0, 1),
(152, 'New Caledonia', 'NC', 'NCL', '', 0, 1),
(153, 'New Zealand', 'NZ', 'NZL', '', 0, 1),
(154, 'Nicaragua', 'NI', 'NIC', '', 0, 1),
(155, 'Niger', 'NE', 'NER', '', 0, 1),
(156, 'Nigeria', 'NG', 'NGA', '', 0, 1),
(157, 'Niue', 'NU', 'NIU', '', 0, 1),
(158, 'Norfolk Island', 'NF', 'NFK', '', 0, 1),
(159, 'Northern Mariana Islands', 'MP', 'MNP', '', 0, 1),
(160, 'Norway', 'NO', 'NOR', '', 0, 1),
(161, 'Oman', 'OM', 'OMN', '', 0, 1),
(162, 'Pakistan', 'PK', 'PAK', '', 0, 1),
(163, 'Palau', 'PW', 'PLW', '', 0, 1),
(164, 'Panama', 'PA', 'PAN', '', 0, 1),
(165, 'Papua New Guinea', 'PG', 'PNG', '', 0, 1),
(166, 'Paraguay', 'PY', 'PRY', '', 0, 1),
(167, 'Peru', 'PE', 'PER', '', 0, 1),
(168, 'Philippines', 'PH', 'PHL', '', 0, 1),
(169, 'Pitcairn', 'PN', 'PCN', '', 0, 1),
(170, 'Poland', 'PL', 'POL', '', 0, 1),
(171, 'Portugal', 'PT', 'PRT', '', 0, 1),
(172, 'Puerto Rico', 'PR', 'PRI', '', 0, 1),
(173, 'Qatar', 'QA', 'QAT', '', 0, 1),
(174, 'Reunion', 'RE', 'REU', '', 0, 1),
(175, 'Romania', 'RO', 'ROM', '', 0, 1),
(176, 'Russian Federation', 'RU', 'RUS', '', 0, 1),
(177, 'Rwanda', 'RW', 'RWA', '', 0, 1),
(178, 'Saint Kitts and Nevis', 'KN', 'KNA', '', 0, 1),
(179, 'Saint Lucia', 'LC', 'LCA', '', 0, 1),
(180, 'Saint Vincent and the Grenadines', 'VC', 'VCT', '', 0, 1),
(181, 'Samoa', 'WS', 'WSM', '', 0, 1),
(182, 'San Marino', 'SM', 'SMR', '', 0, 1),
(183, 'Sao Tome and Principe', 'ST', 'STP', '', 0, 1),
(184, 'Saudi Arabia', 'SA', 'SAU', '', 0, 1),
(185, 'Senegal', 'SN', 'SEN', '', 0, 1),
(186, 'Seychelles', 'SC', 'SYC', '', 0, 1),
(187, 'Sierra Leone', 'SL', 'SLE', '', 0, 1),
(188, 'Singapore', 'SG', 'SGP', '', 0, 1),
(189, 'Slovak Republic', 'SK', 'SVK', '{firstname} {lastname}\r\n{company}\r\n{address_1}\r\n{address_2}\r\n{city} {postcode}\r\n{zone}\r\n{country}', 0, 1),
(190, 'Slovenia', 'SI', 'SVN', '', 0, 1),
(191, 'Solomon Islands', 'SB', 'SLB', '', 0, 1),
(192, 'Somalia', 'SO', 'SOM', '', 0, 1),
(193, 'South Africa', 'ZA', 'ZAF', '', 0, 1),
(194, 'South Georgia &amp; South Sandwich Islands', 'GS', 'SGS', '', 0, 1),
(195, 'Spain', 'ES', 'ESP', '', 0, 1),
(196, 'Sri Lanka', 'LK', 'LKA', '', 0, 1),
(197, 'St. Helena', 'SH', 'SHN', '', 0, 1),
(198, 'St. Pierre and Miquelon', 'PM', 'SPM', '', 0, 1),
(199, 'Sudan', 'SD', 'SDN', '', 0, 1),
(200, 'Suriname', 'SR', 'SUR', '', 0, 1),
(201, 'Svalbard and Jan Mayen Islands', 'SJ', 'SJM', '', 0, 1),
(202, 'Swaziland', 'SZ', 'SWZ', '', 0, 1),
(203, 'Sweden', 'SE', 'SWE', '{company}\r\n{firstname} {lastname}\r\n{address_1}\r\n{address_2}\r\n{postcode} {city}\r\n{country}', 1, 1),
(204, 'Switzerland', 'CH', 'CHE', '', 0, 1),
(205, 'Syrian Arab Republic', 'SY', 'SYR', '', 0, 1),
(206, 'Taiwan', 'TW', 'TWN', '', 0, 1),
(207, 'Tajikistan', 'TJ', 'TJK', '', 0, 1),
(208, 'Tanzania, United Republic of', 'TZ', 'TZA', '', 0, 1),
(209, 'Thailand', 'TH', 'THA', '', 0, 1),
(210, 'Togo', 'TG', 'TGO', '', 0, 1),
(211, 'Tokelau', 'TK', 'TKL', '', 0, 1),
(212, 'Tonga', 'TO', 'TON', '', 0, 1),
(213, 'Trinidad and Tobago', 'TT', 'TTO', '', 0, 1),
(214, 'Tunisia', 'TN', 'TUN', '', 0, 1),
(215, 'Turkey', 'TR', 'TUR', '', 0, 1),
(216, 'Turkmenistan', 'TM', 'TKM', '', 0, 1),
(217, 'Turks and Caicos Islands', 'TC', 'TCA', '', 0, 1),
(218, 'Tuvalu', 'TV', 'TUV', '', 0, 1),
(219, 'Uganda', 'UG', 'UGA', '', 0, 1),
(220, 'Ukraine', 'UA', 'UKR', '', 0, 1),
(221, 'United Arab Emirates', 'AE', 'ARE', '', 0, 1),
(222, 'United Kingdom', 'GB', 'GBR', '', 1, 1),
(223, 'United States', 'US', 'USA', '{firstname} {lastname}\r\n{company}\r\n{address_1}\r\n{address_2}\r\n{city}, {zone} {postcode}\r\n{country}', 0, 1),
(224, 'United States Minor Outlying Islands', 'UM', 'UMI', '', 0, 1),
(225, 'Uruguay', 'UY', 'URY', '', 0, 1),
(226, 'Uzbekistan', 'UZ', 'UZB', '', 0, 1),
(227, 'Vanuatu', 'VU', 'VUT', '', 0, 1),
(228, 'Vatican City State (Holy See)', 'VA', 'VAT', '', 0, 1),
(229, 'Venezuela', 'VE', 'VEN', '', 0, 1),
(230, 'Viet Nam', 'VN', 'VNM', '', 0, 1),
(231, 'Virgin Islands (British)', 'VG', 'VGB', '', 0, 1),
(232, 'Virgin Islands (U.S.)', 'VI', 'VIR', '', 0, 1),
(233, 'Wallis and Futuna Islands', 'WF', 'WLF', '', 0, 1),
(234, 'Western Sahara', 'EH', 'ESH', '', 0, 1),
(235, 'Yemen', 'YE', 'YEM', '', 0, 1),
(237, 'Democratic Republic of Congo', 'CD', 'COD', '', 0, 1),
(238, 'Zambia', 'ZM', 'ZMB', '', 0, 1),
(239, 'Zimbabwe', 'ZW', 'ZWE', '', 0, 1),
(242, 'Montenegro', 'ME', 'MNE', '', 0, 1),
(243, 'Serbia', 'RS', 'SRB', '', 0, 1),
(244, 'Aaland Islands', 'AX', 'ALA', '', 0, 1),
(245, 'Bonaire, Sint Eustatius and Saba', 'BQ', 'BES', '', 0, 1),
(246, 'Curacao', 'CW', 'CUW', '', 0, 1),
(247, 'Palestinian Territory, Occupied', 'PS', 'PSE', '', 0, 1),
(248, 'South Sudan', 'SS', 'SSD', '', 0, 1),
(249, 'St. Barthelemy', 'BL', 'BLM', '', 0, 1),
(250, 'St. Martin (French part)', 'MF', 'MAF', '', 0, 1),
(251, 'Canary Islands', 'IC', 'ICA', '', 0, 1),
(252, 'Ascension Island (British)', 'AC', 'ASC', '', 0, 1),
(253, 'Kosovo, Republic of', 'XK', 'UNK', '', 0, 1),
(254, 'Isle of Man', 'IM', 'IMN', '', 0, 1),
(255, 'Tristan da Cunha', 'TA', 'SHN', '', 0, 1),
(256, 'Guernsey', 'GG', 'GGY', '', 0, 1),
(257, 'Jersey', 'JE', 'JEY', '', 0, 1),
(258, 'India', '', '', '', 0, 1);

-- --------------------------------------------------------

--
-- Table structure for table `oc_coupon`
--

CREATE TABLE IF NOT EXISTS `oc_coupon` (
  `coupon_id` int(11) NOT NULL AUTO_INCREMENT,
  `name` varchar(128) NOT NULL,
  `code` varchar(10) NOT NULL,
  `type` char(1) NOT NULL,
  `discount` decimal(15,4) NOT NULL,
  `logged` tinyint(1) NOT NULL,
  `shipping` tinyint(1) NOT NULL,
  `total` decimal(15,4) NOT NULL,
  `date_start` date NOT NULL DEFAULT '0000-00-00',
  `date_end` date NOT NULL DEFAULT '0000-00-00',
  `uses_total` int(11) NOT NULL,
  `uses_customer` varchar(11) NOT NULL,
  `status` tinyint(1) NOT NULL,
  `date_added` datetime NOT NULL,
  PRIMARY KEY (`coupon_id`)
) ENGINE=MyISAM  DEFAULT CHARSET=utf8 AUTO_INCREMENT=8 ;

--
-- Dumping data for table `oc_coupon`
--

INSERT INTO `oc_coupon` (`coupon_id`, `name`, `code`, `type`, `discount`, `logged`, `shipping`, `total`, `date_start`, `date_end`, `uses_total`, `uses_customer`, `status`, `date_added`) VALUES
(4, '-10% Discount', '2222', 'P', '10.0000', 0, 0, '0.0000', '2014-01-01', '2020-01-01', 10, '10', 0, '2009-01-27 13:55:03'),
(5, 'Free Shipping', '3333', 'P', '0.0000', 0, 1, '100.0000', '2014-01-01', '2014-02-01', 10, '10', 0, '2009-03-14 21:13:53'),
(6, '-10.00 Discount', '1111', 'F', '10.0000', 0, 0, '10.0000', '2014-01-01', '2020-01-01', 100000, '10000', 0, '2009-03-14 21:15:18'),
(7, 'COVID-19 DISCOUNT', 'COVID-19', 'P', '5.0000', 1, 1, '100.0000', '2020-09-16', '2020-10-31', 1, '1', 1, '2020-09-16 00:30:14');

-- --------------------------------------------------------

--
-- Table structure for table `oc_coupon_category`
--

CREATE TABLE IF NOT EXISTS `oc_coupon_category` (
  `coupon_id` int(11) NOT NULL,
  `category_id` int(11) NOT NULL,
  PRIMARY KEY (`coupon_id`,`category_id`)
) ENGINE=MyISAM DEFAULT CHARSET=utf8;

--
-- Dumping data for table `oc_coupon_category`
--

INSERT INTO `oc_coupon_category` (`coupon_id`, `category_id`) VALUES
(7, 273);

-- --------------------------------------------------------

--
-- Table structure for table `oc_coupon_history`
--

CREATE TABLE IF NOT EXISTS `oc_coupon_history` (
  `coupon_history_id` int(11) NOT NULL AUTO_INCREMENT,
  `coupon_id` int(11) NOT NULL,
  `order_id` int(11) NOT NULL,
  `customer_id` int(11) NOT NULL,
  `amount` decimal(15,4) NOT NULL,
  `date_added` datetime NOT NULL,
  PRIMARY KEY (`coupon_history_id`)
) ENGINE=MyISAM DEFAULT CHARSET=utf8 AUTO_INCREMENT=1 ;

-- --------------------------------------------------------

--
-- Table structure for table `oc_coupon_product`
--

CREATE TABLE IF NOT EXISTS `oc_coupon_product` (
  `coupon_product_id` int(11) NOT NULL AUTO_INCREMENT,
  `coupon_id` int(11) NOT NULL,
  `product_id` int(11) NOT NULL,
  PRIMARY KEY (`coupon_product_id`)
) ENGINE=MyISAM  DEFAULT CHARSET=utf8 AUTO_INCREMENT=5 ;

--
-- Dumping data for table `oc_coupon_product`
--

INSERT INTO `oc_coupon_product` (`coupon_product_id`, `coupon_id`, `product_id`) VALUES
(1, 7, 1007),
(2, 7, 1006),
(3, 7, 1009),
(4, 7, 1008);

-- --------------------------------------------------------

--
-- Table structure for table `oc_currency`
--

CREATE TABLE IF NOT EXISTS `oc_currency` (
  `currency_id` int(11) NOT NULL AUTO_INCREMENT,
  `title` varchar(32) NOT NULL,
  `code` varchar(3) NOT NULL,
  `symbol_left` varchar(12) NOT NULL,
  `symbol_right` varchar(12) NOT NULL,
  `decimal_place` char(1) NOT NULL,
  `value` float(15,8) NOT NULL,
  `status` tinyint(1) NOT NULL,
  `date_modified` datetime NOT NULL,
  PRIMARY KEY (`currency_id`)
) ENGINE=MyISAM  DEFAULT CHARSET=utf8 AUTO_INCREMENT=5 ;

--
-- Dumping data for table `oc_currency`
--

INSERT INTO `oc_currency` (`currency_id`, `title`, `code`, `symbol_left`, `symbol_right`, `decimal_place`, `value`, `status`, `date_modified`) VALUES
(4, 'Indian Rupee', 'INR', 'Rs. ', '', '2', 1.00000000, 1, '2021-05-22 17:03:27');

-- --------------------------------------------------------

--
-- Table structure for table `oc_customer`
--

CREATE TABLE IF NOT EXISTS `oc_customer` (
  `customer_id` int(11) NOT NULL AUTO_INCREMENT,
  `customer_group_id` int(11) NOT NULL,
  `store_id` int(11) NOT NULL DEFAULT '0',
  `firstname` varchar(32) NOT NULL,
  `lastname` varchar(32) NOT NULL,
  `email` varchar(96) NOT NULL,
  `telephone` varchar(32) NOT NULL,
  `fax` varchar(32) NOT NULL,
  `password` varchar(40) NOT NULL,
  `salt` varchar(9) NOT NULL,
  `cart` text,
  `wishlist` text,
  `newsletter` tinyint(1) NOT NULL DEFAULT '0',
  `address_id` int(11) NOT NULL DEFAULT '0',
  `custom_field` text NOT NULL,
  `ip` varchar(40) NOT NULL,
  `status` tinyint(1) NOT NULL,
  `approved` tinyint(1) NOT NULL,
  `safe` tinyint(1) NOT NULL,
  `token` text NOT NULL,
  `date_added` datetime NOT NULL,
  PRIMARY KEY (`customer_id`)
) ENGINE=MyISAM  DEFAULT CHARSET=utf8 AUTO_INCREMENT=107 ;

--
-- Dumping data for table `oc_customer`
--

INSERT INTO `oc_customer` (`customer_id`, `customer_group_id`, `store_id`, `firstname`, `lastname`, `email`, `telephone`, `fax`, `password`, `salt`, `cart`, `wishlist`, `newsletter`, `address_id`, `custom_field`, `ip`, `status`, `approved`, `safe`, `token`, `date_added`) VALUES
(84, 1, 0, 'Ashok', 'V', 'farmersassociation@yahoo.com', '8186033555', '', 'ea57ba53703ba7c8441344ea55c8942b479000a1', 'Bq3SATyff', '', '', 1, 85, '', '157.48.114.152', 1, 1, 0, '', '2019-01-03 17:07:15'),
(88, 1, 0, 'sam', 'Populous', 'sampopulous@hotmail.com', '', '', 'a766ccf868bebce796d4103b8bbcbd013d0313f7', 'wjHmDuDdv', '', '', 0, 89, '', '115.97.134.196', 1, 1, 0, '', '2019-01-22 19:20:19'),
(89, 1, 0, 'nagesh ', 'rao', 'herbsyoga@gmail.com', '9538400790', '', 'eda1244bc4d1e7ccc475f3d3e368f8119adcf11f', 'ukupxCrWq', '', '', 0, 90, '', '106.51.30.177', 1, 1, 0, '', '2019-01-25 18:43:45'),
(90, 1, 0, 'kalyani', 'rao', 'kalyanirao.e@gmail.com', '', '', '6fdec107186afbd042fc819acbe46ec19c00b08a', 'Zdsq7Ny7M', '', '', 0, 91, '', '106.51.30.177', 1, 1, 0, '', '2019-02-19 17:58:14'),
(91, 1, 0, 'herbs', 'yoga', 'nagesh.tmgr@gmail.com', '9538400790', '', 'dd00f8c26ad044bede5ec19983a691794882d6d4', 'jmovk2NKq', '', '', 0, 92, '', '106.51.30.177', 1, 1, 0, '', '2019-02-26 22:48:22'),
(92, 1, 0, 'Prashant Kumar', 'Sharma', 'prashant83700@gmail.com', '8370064194', '', '21722efd86eb3dfb79009a7274b64e2feab680b3', 'pLEN7T0kc', '', '', 1, 93, '', '162.158.154.250', 1, 1, 0, '', '2019-05-10 18:35:17'),
(93, 1, 0, 'saurav', 'kumar', 'sauravkumaranshu@gmail.com', '7869508287', '', '2277d6df00dc54522670b3c3ebfde97db4d62098', 'UyAdIlTbF', '', '', 0, 94, '', '103.91.160.95', 1, 1, 0, '', '2019-05-12 02:15:07'),
(94, 1, 0, 'Pankaj', 'Nigam', 'pankaj.indiansellerservices@gmail.com', '8802358067', '', '36b863d5d533b6695c7f09cc0e6b3657e4e089bb', 'nd4r9szTZ', '', '', 0, 95, '', '122.162.240.195', 1, 1, 0, '', '2019-09-12 15:45:34'),
(95, 1, 0, 'ASHISH', 'RATHORE', 'ASHISH2009RATHORE@GMAIL.COM', '9999098996', '', '2769ce638dbc0b4ac18f7cc228f7b4b43109bd74', '9EFrLrWdC', '', '', 1, 96, '', '122.162.240.195', 1, 1, 0, '', '2019-09-12 15:52:27'),
(96, 1, 0, 'Himanshu', 'Rathore', '1998himanshu@gmail.com', '9599383535', '', 'ce78da4621187187ae76f0d574f9eb5dd7e2e1d9', 'druBBxdxb', '', '', 1, 97, '', '122.176.187.127', 1, 1, 0, '', '2019-09-19 10:56:15'),
(97, 1, 0, 'RAZA', 'RAZA', 'rhmedicorp16@gmail.com', '9999460918', '', '4bca179a86eb3036df4ed58e09f98a266f37206d', 'hw1Oj8Wh5', NULL, NULL, 0, 98, '', '122.177.77.112', 1, 1, 0, '', '2019-12-28 17:11:51'),
(98, 1, 0, 'Randhir Kumar', 'singh', 'hrsmith007@gmail.com', '', '', '7731bcc5266e537c7c52cd276041239af49dc3f0', 'mlce6uHWh', NULL, NULL, 0, 99, '', '103.91.160.152', 1, 1, 0, '', '2020-05-31 17:19:11'),
(99, 1, 0, 'Nicky', 'Kushwaha', 'nickykushwaha795@gmail.com', '8808307798', '', '5a0f339030f5b68d75ba15fe4911c1f97d346853', 'aQA3wM8db', NULL, NULL, 1, 100, '', '103.91.160.152', 1, 1, 0, '', '2020-05-31 21:23:37'),
(100, 1, 0, 'Anand', 'Kumar', 'anandsion11@gmail.com', '8882367711', '', '74c96174368d1719d6001ee466327441d57964ce', 'llzOIyyys', NULL, NULL, 1, 101, '', '27.6.244.213', 1, 1, 0, '', '2020-06-01 14:59:07'),
(101, 1, 0, 'Jai', 'Prakash', 'jai@testbag.co.in', '', '', 'f872aaddb8470002fa126770020acb3ff6f563b3', 'SA017Inyx', NULL, NULL, 0, 102, '', '27.6.234.41', 1, 1, 0, '', '2020-06-10 17:22:45'),
(102, 1, 0, 'Helmet man', 'India', 'er11going@gmail.com', '', '', 'c0c5df6315c2ba4b524989ba168f3ccb3e140284', 'RVEcayRPv', NULL, NULL, 0, 103, '', '103.91.160.62', 1, 1, 0, '', '2020-06-12 14:40:25'),
(103, 1, 0, 'S&amp;S ', 'Collection''s ', 'Info@sandscollections.in', '', '', '7206d2da379503b0f3a4a6ed6e680de8b0d47ef5', 'x35g5rcoM', NULL, NULL, 0, 104, '', '103.91.160.231', 1, 1, 0, '', '2020-06-15 11:05:09'),
(104, 1, 0, 'Nitish ', 'gaurav', 'gauravnitish55@gmail.com', '', '', 'abe8e685961c28e128eaaa5d11769d76236202f4', 'WqyHgBhVR', NULL, NULL, 0, 105, '', '223.230.132.87', 1, 1, 0, '', '2020-06-18 15:46:52'),
(105, 1, 0, 'Sushil', 'Chaudhary', 'sush2009@gmail.com', '', '', '72f58524bf74c7a71ec449d2bd4561de4eaf3df1', 'diGwIExrp', NULL, NULL, 0, 106, '', '223.225.21.71', 1, 1, 0, '', '2020-09-10 10:56:13'),
(106, 1, 0, 'Anand', 'Kumar', 'anand@rdasoftech.com', '', '', '239c2605c7e04e98fcfc7e873f3ab28b2179dcd0', 'g4Lz5JthS', NULL, NULL, 0, 107, '', '115.97.134.196', 1, 1, 0, '', '2021-01-05 05:04:14');

-- --------------------------------------------------------

--
-- Table structure for table `oc_customer_activity`
--

CREATE TABLE IF NOT EXISTS `oc_customer_activity` (
  `activity_id` int(11) NOT NULL AUTO_INCREMENT,
  `customer_id` int(11) NOT NULL,
  `key` varchar(64) NOT NULL,
  `data` text NOT NULL,
  `ip` varchar(40) NOT NULL,
  `date_added` datetime NOT NULL,
  PRIMARY KEY (`activity_id`)
) ENGINE=MyISAM  DEFAULT CHARSET=utf8 AUTO_INCREMENT=651 ;

--
-- Dumping data for table `oc_customer_activity`
--

INSERT INTO `oc_customer_activity` (`activity_id`, `customer_id`, `key`, `data`, `ip`, `date_added`) VALUES
(1, 1, 'register', '{"customer_id":1,"name":"Sam Populous"}', '202.142.106.254', '2016-05-06 02:14:38'),
(2, 2, 'register', '{"customer_id":2,"name":"Neel Kadakiya"}', '122.169.58.97', '2016-05-14 16:51:05'),
(3, 3, 'register', '{"customer_id":"3","name":"Rohit Chopra"}', '59.98.165.24', '2016-07-05 12:10:29'),
(4, 4, 'register', '{"customer_id":4,"name":"ROHIT CHOPRA"}', '59.98.165.24', '2016-07-05 12:30:05'),
(5, 4, 'order_account', '{"customer_id":"4","name":"ROHIT CHOPRA","order_id":2}', '59.98.165.24', '2016-07-05 12:31:46'),
(6, 3, 'login', '{"customer_id":"3","name":"Rohit Chopra"}', '59.98.165.24', '2016-07-05 12:33:39'),
(7, 4, 'login', '{"customer_id":"4","name":"ROHIT CHOPRA"}', '59.98.165.24', '2016-07-05 12:34:52'),
(8, 3, 'login', '{"customer_id":"3","name":"Rohit Chopra"}', '59.98.165.24', '2016-07-05 12:39:10'),
(9, 1, 'login', '{"customer_id":"1","name":"Sam Populous"}', '202.142.114.207', '2016-07-21 13:24:57'),
(10, 1, 'login', '{"customer_id":"1","name":"Sam Populous"}', '125.63.99.156', '2016-07-21 16:36:29'),
(11, 1, 'login', '{"customer_id":"1","name":"Sam Populous"}', '202.142.123.141', '2016-07-22 12:53:55'),
(12, 1, 'login', '{"customer_id":"1","name":"Sam Populous"}', '125.63.98.107', '2016-07-22 13:05:04'),
(13, 0, 'order_guest', '{"name":"shiv kumar","order_id":4}', '115.250.64.92', '2016-08-12 21:52:08'),
(14, 0, 'order_guest', '{"name":"Deepak Singh","order_id":5}', '115.250.67.83', '2016-08-13 11:18:59'),
(15, 0, 'order_guest', '{"name":"vishal kumar","order_id":6}', '124.253.246.115', '2016-09-26 20:57:13'),
(16, 5, 'register', '{"customer_id":5,"name":"Vishal Dubey"}', '203.134.199.237', '2016-09-27 00:11:08'),
(17, 5, 'order_account', '{"customer_id":"5","name":"Vishal Dubey","order_id":7}', '203.134.199.237', '2016-09-27 00:37:26'),
(18, 0, 'order_guest', '{"name":"Vishal Dubey","order_id":8}', '27.255.222.16', '2016-09-28 00:49:30'),
(19, 5, 'forgotten', '{"customer_id":"5","name":"Vishal Dubey"}', '203.134.197.47', '2016-09-28 20:25:34'),
(20, 5, 'forgotten', '{"customer_id":"5","name":"Vishal Dubey"}', '203.134.197.47', '2016-09-28 20:26:19'),
(21, 5, 'login', '{"customer_id":"5","name":"Vishal Dubey"}', '203.134.197.47', '2016-09-28 20:30:13'),
(22, 5, 'order_account', '{"customer_id":"5","name":"Vishal Dubey","order_id":9}', '203.134.197.47', '2016-09-28 20:32:24'),
(23, 5, 'login', '{"customer_id":"5","name":"Vishal Dubey"}', '124.253.146.210', '2016-09-29 11:46:32'),
(24, 6, 'register', '{"customer_id":6,"name":"Kamal Dubey"}', '124.253.146.210', '2016-09-29 12:33:09'),
(25, 6, 'address_add', '{"customer_id":"6","name":"Kamal Dubey"}', '124.253.252.105', '2016-09-29 13:09:52'),
(26, 6, 'address_add', '{"customer_id":"6","name":"Kamal Dubey"}', '124.253.252.105', '2016-09-29 13:10:59'),
(27, 6, 'login', '{"customer_id":"6","name":"Kamal Dubey"}', '124.253.252.105', '2016-09-29 13:32:25'),
(28, 6, 'login', '{"customer_id":"6","name":"Kamal Dubey"}', '124.253.252.105', '2016-09-29 13:44:40'),
(29, 6, 'login', '{"customer_id":"6","name":"Kamal Dubey"}', '124.253.252.105', '2016-09-29 13:52:50'),
(30, 6, 'login', '{"customer_id":"6","name":"Kamal Dubey"}', '124.253.252.105', '2016-09-29 13:53:39'),
(31, 5, 'login', '{"customer_id":"5","name":"Vishal Dubey"}', '124.253.252.105', '2016-09-29 13:58:04'),
(32, 7, 'register', '{"customer_id":7,"name":"Sam Populous"}', '202.142.123.35', '2016-10-23 05:15:46'),
(33, 8, 'register', '{"customer_id":8,"name":"Sam Populous"}', '202.142.123.35', '2016-10-23 05:17:51'),
(34, 9, 'register', '{"customer_id":"9","name":"prashant dwivedi"}', '124.253.245.5', '2016-10-24 18:43:01'),
(35, 9, 'login', '{"customer_id":"9","name":"prashant dwivedi"}', '124.253.255.125', '2016-10-25 12:52:28'),
(36, 9, 'login', '{"customer_id":"9","name":"prashant dwivedi"}', '124.253.255.125', '2016-10-25 13:14:12'),
(37, 9, 'login', '{"customer_id":"9","name":"prashant dwivedi"}', '124.253.255.125', '2016-10-25 14:02:03'),
(38, 1, 'login', '{"customer_id":"1","name":"Sam Populous"}', '202.142.75.36', '2016-10-25 15:27:25'),
(39, 1, 'login', '{"customer_id":"1","name":"Sam Populous"}', '202.142.90.67', '2016-11-05 15:49:33'),
(40, 1, 'login', '{"customer_id":"1","name":"Sam Populous"}', '202.142.90.67', '2016-11-05 16:02:18'),
(41, 10, 'register', '{"customer_id":"10","name":"Developer Test"}', '202.142.90.67', '2016-11-05 16:34:56'),
(42, 1, 'login', '{"customer_id":"1","name":"Sam Populous"}', '202.142.90.67', '2016-11-05 16:53:19'),
(43, 1, 'login', '{"customer_id":"1","name":"Sam Populous"}', '202.142.90.67', '2016-11-06 13:22:19'),
(44, 10, 'login', '{"customer_id":"10","name":"Developer Test"}', '202.142.106.2', '2016-11-07 13:28:30'),
(45, 11, 'register', '{"customer_id":11,"name":"Vishal Dubey"}', '125.62.119.29', '2016-11-07 14:13:27'),
(46, 1, 'login', '{"customer_id":"1","name":"Sam Populous"}', '202.142.106.2', '2016-11-07 15:11:04'),
(47, 1, 'login', '{"customer_id":"1","name":"Sam Populous"}', '202.142.106.2', '2016-11-07 15:36:50'),
(48, 1, 'login', '{"customer_id":"1","name":"Sam Populous"}', '202.142.106.2', '2016-11-07 17:52:24'),
(49, 1, 'login', '{"customer_id":"1","name":"Sam Populous"}', '202.142.106.2', '2016-11-07 17:56:32'),
(50, 1, 'login', '{"customer_id":"1","name":"Sam Populous"}', '202.142.106.2', '2016-11-07 18:42:23'),
(51, 1, 'login', '{"customer_id":"1","name":"Sam Populous"}', '202.142.106.2', '2016-11-08 17:23:52'),
(52, 1, 'login', '{"customer_id":"1","name":"Sam Populous"}', '202.142.106.2', '2016-11-08 18:15:41'),
(53, 1, 'login', '{"customer_id":"1","name":"Sam Populous"}', '202.142.106.2', '2016-11-08 23:53:57'),
(54, 1, 'login', '{"customer_id":"1","name":"Sam Populous"}', '202.142.106.2', '2016-11-09 17:45:16'),
(55, 1, 'login', '{"customer_id":"1","name":"Sam Populous"}', '202.142.106.2', '2016-11-09 18:48:16'),
(56, 1, 'login', '{"customer_id":"1","name":"Sam Populous"}', '202.142.106.2', '2016-11-09 23:36:29'),
(57, 10, 'login', '{"customer_id":"10","name":"Developer Test"}', '202.142.106.2', '2016-11-10 01:03:59'),
(58, 1, 'login', '{"customer_id":"1","name":"Sam Populous"}', '202.142.106.2', '2016-11-10 12:17:28'),
(59, 0, 'order_guest', '{"name":"Prashant Duvey","order_id":11}', '47.8.207.223', '2016-11-10 16:40:21'),
(60, 12, 'register', '{"customer_id":"12","name":"Umapathy Singaperumal"}', '43.246.123.63', '2016-11-14 16:30:40'),
(61, 13, 'register', '{"customer_id":"13","name":"Raj chraya"}', '47.31.29.53', '2016-11-15 21:29:51'),
(62, 13, 'login', '{"customer_id":"13","name":"Raj chraya"}', '47.31.29.53', '2016-11-15 22:45:04'),
(63, 13, 'address_add', '{"customer_id":"13","name":"Raj chraya"}', '47.31.217.161', '2016-11-15 22:45:26'),
(64, 13, 'address_add', '{"customer_id":"13","name":"Raj chraya"}', '47.31.29.53', '2016-11-15 22:45:54'),
(65, 13, 'order_account', '{"customer_id":"13","name":"Raj chraya","order_id":13}', '47.31.217.161', '2016-11-15 22:46:20'),
(66, 13, 'login', '{"customer_id":"13","name":"Raj chraya"}', '47.31.105.163', '2016-11-20 10:29:21'),
(67, 14, 'register', '{"customer_id":14,"name":"Pradyumna borthakur"}', '117.203.166.58', '2016-11-21 21:48:16'),
(68, 14, 'login', '{"customer_id":"14","name":"Pradyumna borthakur"}', '117.203.166.58', '2016-11-21 21:53:40'),
(69, 15, 'register', '{"customer_id":"15","name":"gggg llll"}', '1.39.36.172', '2016-11-22 13:35:18'),
(70, 1, 'login', '{"customer_id":"1","name":"Sam Populous"}', '202.142.90.144', '2016-12-01 01:25:14'),
(71, 14, 'login', '{"customer_id":"14","name":"Pradyumna borthakur"}', '117.203.167.36', '2016-12-03 11:17:14'),
(72, 14, 'order_account', '{"customer_id":"14","name":"Pradyumna borthakur","order_id":14}', '117.203.167.36', '2016-12-03 11:28:20'),
(73, 14, 'return_account', '{"customer_id":"14","name":"Pradyumna borthakur","return_id":1}', '117.203.167.36', '2016-12-03 11:31:05'),
(74, 0, 'order_guest', '{"name":"Pran Gopal Das","order_id":15}', '59.97.142.21', '2016-12-06 14:55:48'),
(75, 1, 'login', '{"customer_id":"1","name":"Sam Populous"}', '202.142.75.67', '2016-12-08 06:39:21'),
(76, 1, 'login', '{"customer_id":"1","name":"Sam Populous"}', '202.142.75.67', '2016-12-08 06:58:18'),
(77, 1, 'login', '{"customer_id":"1","name":"Sam Populous"}', '202.142.75.67', '2016-12-08 10:29:44'),
(78, 14, 'login', '{"customer_id":"14","name":"Pradyumna borthakur"}', '117.203.169.2', '2016-12-13 23:32:25'),
(79, 14, 'return_account', '{"customer_id":"14","name":"Pradyumna borthakur","return_id":2}', '117.203.169.2', '2016-12-13 23:37:44'),
(80, 14, 'login', '{"customer_id":"14","name":"Pradyumna borthakur"}', '59.99.120.140', '2016-12-14 10:47:11'),
(81, 14, 'login', '{"customer_id":"14","name":"Pradyumna borthakur"}', '117.203.169.191', '2016-12-16 09:06:48'),
(82, 16, 'register', '{"customer_id":"16","name":"pradeep shukla"}', '150.129.48.108', '2016-12-17 17:23:33'),
(83, 17, 'register', '{"customer_id":"17","name":"pradeep shukla"}', '150.129.48.108', '2016-12-18 12:48:12'),
(84, 18, 'register', '{"customer_id":"18","name":"abc auv"}', '49.200.112.236', '2016-12-20 18:27:10'),
(85, 0, 'order_guest', '{"name":"PRADEEP SHUKLA","order_id":16}', '150.129.48.108', '2016-12-20 19:25:39'),
(86, 19, 'register', '{"customer_id":"19","name":"Pradyumna borthakur"}', '117.203.171.144', '2016-12-21 18:47:09'),
(87, 20, 'register', '{"customer_id":"20","name":"prtan dass"}', '47.29.178.68', '2017-01-05 14:24:23'),
(88, 1, 'login', '{"customer_id":"1","name":"Sam Populous"}', '202.142.118.249', '2017-01-10 16:45:13'),
(89, 0, 'order_guest', '{"name":"Ppp Debnath","order_id":17}', '64.233.173.31', '2017-01-17 11:40:55'),
(90, 21, 'register', '{"customer_id":"21","name":"dfdff master"}', '202.142.123.225', '2017-01-17 15:46:56'),
(91, 21, 'login', '{"customer_id":"21","name":"dfdff master"}', '202.142.123.225', '2017-01-17 17:02:39'),
(92, 1, 'login', '{"customer_id":"1","name":"Sam Populous"}', '202.142.123.225', '2017-01-17 17:20:31'),
(93, 21, 'login', '{"customer_id":"21","name":"dfdff master"}', '202.142.123.225', '2017-01-17 17:23:59'),
(94, 22, 'register', '{"customer_id":"22","name":"borthakur pradyumna"}', '117.203.163.159', '2017-01-17 18:00:10'),
(95, 23, 'register', '{"customer_id":"23","name":"pradyumna borthakur"}', '117.203.164.189', '2017-01-17 18:19:24'),
(96, 24, 'register', '{"customer_id":"24","name":"Pran Gopal Das Das"}', '47.29.137.133', '2017-01-18 09:47:53'),
(97, 25, 'register', '{"customer_id":"25","name":"borthakur borthakur"}', '223.176.110.123', '2017-01-18 13:36:41'),
(98, 1, 'login', '{"customer_id":"1","name":"Sam Populous"}', '202.142.123.225', '2017-01-18 14:29:27'),
(99, 21, 'login', '{"customer_id":"21","name":"dfdff master"}', '202.142.123.225', '2017-01-18 15:50:43'),
(100, 14, 'login', '{"customer_id":"14","name":"Pradyumna borthakur"}', '47.29.182.81', '2017-01-18 19:38:35'),
(101, 14, 'login', '{"customer_id":"14","name":"Pradyumna borthakur"}', '47.29.181.120', '2017-01-19 11:41:48'),
(102, 14, 'login', '{"customer_id":"14","name":"Pradyumna borthakur"}', '117.203.168.15', '2017-01-19 16:56:59'),
(103, 14, 'forgotten', '{"customer_id":"14","name":"Pradyumna borthakur"}', '117.203.168.15', '2017-01-19 16:58:34'),
(104, 0, 'order_guest', '{"name":"Prasenjit Debnath","order_id":18}', '64.233.173.30', '2017-01-21 09:42:18'),
(105, 0, 'order_guest', '{"name":"Prasenjit Debnath","order_id":19}', '64.233.173.29', '2017-01-21 10:09:31'),
(106, 0, 'order_guest', '{"name":"Prasenjit Debnath","order_id":20}', '64.233.173.31', '2017-01-21 10:49:28'),
(107, 0, 'order_guest', '{"name":"Prasenjit Debnath","order_id":21}', '64.233.173.29', '2017-01-21 11:04:39'),
(108, 26, 'register', '{"customer_id":"26","name":"borthakur borthakur"}', '117.203.161.152', '2017-01-28 17:18:48'),
(109, 0, 'order_guest', '{"name":"test Mondal","order_id":26}', '47.15.5.252', '2017-02-25 14:35:11'),
(110, 0, 'order_guest', '{"name":"nj nm","order_id":27}', '42.109.76.43', '2017-03-05 09:49:56'),
(111, 28, 'register', '{"customer_id":28,"name":"Abhishek Maurya"}', '169.149.135.178', '2017-03-07 21:10:46'),
(112, 28, 'order_account', '{"customer_id":"28","name":"Abhishek Maurya","order_id":28}', '169.149.135.178', '2017-03-07 21:17:39'),
(113, 28, 'return_account', '{"customer_id":"28","name":"Abhishek Maurya","return_id":3}', '169.149.135.178', '2017-03-07 21:19:53'),
(114, 28, 'login', '{"customer_id":"28","name":"Abhishek Maurya"}', '117.216.143.74', '2017-03-08 09:33:21'),
(115, 28, 'return_account', '{"customer_id":"28","name":"Abhishek Maurya","return_id":4}', '117.216.143.74', '2017-03-08 09:36:52'),
(116, 0, 'order_guest', '{"name":"Amit Kumar","order_id":29}', '47.29.48.181', '2017-03-23 09:26:02'),
(117, 0, 'order_guest', '{"name":"AMIT KUMAR","order_id":30}', '47.29.48.181', '2017-03-23 10:07:28'),
(118, 0, 'order_guest', '{"name":"yash raj raj","order_id":31}', '47.29.39.138', '2017-03-23 14:56:43'),
(119, 29, 'register', '{"customer_id":29,"name":"AMIT KUMAR"}', '47.29.48.85', '2017-03-24 09:46:04'),
(120, 28, 'login', '{"customer_id":"28","name":"Abhishek Maurya"}', '59.89.39.250', '2017-03-31 16:00:09'),
(121, 30, 'register', '{"customer_id":30,"name":"shubham dubey"}', '123.236.127.122', '2017-05-01 21:43:14'),
(122, 31, 'register', '{"customer_id":31,"name":"Jayesh rajbali"}', '223.229.199.115', '2017-05-20 15:28:00'),
(123, 32, 'register', '{"customer_id":32,"name":"Sarika Saxena"}', '106.210.208.176', '2017-05-23 16:31:16'),
(124, 33, 'register', '{"customer_id":33,"name":"Devendra Gautam"}', '45.250.4.170', '2017-05-30 15:55:04'),
(125, 34, 'register', '{"customer_id":34,"name":"dkjsahl dbaajhdka"}', '106.222.67.123', '2017-06-06 12:33:30'),
(126, 35, 'register', '{"customer_id":35,"name":"Raj Bhosale"}', '49.33.40.249', '2017-06-08 13:30:36'),
(127, 36, 'login', '{"customer_id":"36","name":"Jimit Patel"}', '110.227.192.163', '2017-07-12 15:58:26'),
(128, 1, 'login', '{"customer_id":"1","name":"Sam Populous"}', '106.220.152.96', '2017-07-14 16:25:43'),
(129, 37, 'register', '{"customer_id":37,"name":"chand djj"}', '157.50.15.104', '2017-07-14 20:38:08'),
(130, 38, 'register', '{"customer_id":"38","name":"Nayan Jana"}', '202.142.118.250', '2017-07-31 14:47:04'),
(131, 39, 'register', '{"customer_id":"39","name":"Nayan  Jana"}', '202.142.118.250', '2017-07-31 15:11:58'),
(132, 1, 'login', '{"customer_id":"1","name":"Sam Populous"}', '202.142.90.97', '2017-08-02 15:58:22'),
(133, 40, 'register', '{"customer_id":"40","name":"Ajay Agarwal"}', '116.72.150.146', '2017-08-02 20:31:29'),
(134, 41, 'register', '{"customer_id":"41","name":"Kiran chintala"}', '157.48.15.243', '2017-08-04 15:10:26'),
(135, 42, 'register', '{"customer_id":"42","name":"nitsh sigger"}', '171.79.215.98', '2017-08-05 18:31:12'),
(136, 42, 'login', '{"customer_id":"42","name":"nitsh sigger"}', '223.188.136.230', '2017-08-06 08:34:15'),
(137, 42, 'order_account', '{"customer_id":"42","name":"nitsh sigger","order_id":33}', '223.188.136.230', '2017-08-06 08:58:58'),
(138, 1, 'login', '{"customer_id":"1","name":"Sam Populous"}', '202.142.105.214', '2017-08-09 16:20:07'),
(139, 43, 'register', '{"customer_id":"43","name":"Nick Thomas"}', '197.210.46.22', '2017-08-11 01:06:12'),
(140, 1, 'login', '{"customer_id":"1","name":"Sam Populous"}', '202.142.105.214', '2017-08-12 16:17:29'),
(141, 1, 'login', '{"customer_id":"1","name":"Sam Populous"}', '163.53.179.54', '2017-08-14 13:16:00'),
(142, 1, 'login', '{"customer_id":"1","name":"Sam Populous"}', '1.22.251.183', '2017-08-17 13:00:58'),
(143, 44, 'register', '{"customer_id":"44","name":"adil shei"}', '103.54.175.15', '2017-08-18 16:28:18'),
(144, 1, 'login', '{"customer_id":"1","name":"Sam Populous"}', '202.142.106.244', '2017-08-19 19:50:14'),
(145, 1, 'login', '{"customer_id":"1","name":"Sam Populous"}', '202.142.106.244', '2017-08-19 19:51:03'),
(146, 1, 'login', '{"customer_id":"1","name":"Sam Populous"}', '223.176.164.134', '2017-08-21 16:55:38'),
(147, 43, 'login', '{"customer_id":"43","name":"Nick Thomas"}', '154.66.58.109', '2017-08-23 14:42:16'),
(148, 45, 'register', '{"customer_id":"45","name":"balajee santhanam"}', '122.165.135.53', '2017-08-23 15:01:16'),
(149, 1, 'login', '{"customer_id":"1","name":"Sam Populous"}', '122.165.135.53', '2017-08-23 18:21:24'),
(150, 1, 'login', '{"customer_id":"1","name":"Sam Populous"}', '106.203.108.158', '2017-08-25 12:29:57'),
(151, 1, 'login', '{"customer_id":"1","name":"Sam Populous"}', '117.247.81.174', '2017-08-29 12:53:50'),
(152, 46, 'register', '{"customer_id":46,"name":"Shubham Sri"}', '160.202.36.15', '2017-08-31 14:14:32'),
(153, 1, 'login', '{"customer_id":"1","name":"Sam Populous"}', '47.31.6.237', '2017-09-01 14:18:49'),
(154, 47, 'register', '{"customer_id":"47","name":"Roy M"}', '223.190.90.152', '2017-09-02 14:27:04'),
(155, 48, 'register', '{"customer_id":48,"name":"Ufifi Fiv"}', '182.68.213.85', '2017-09-02 22:34:30'),
(156, 48, 'order_account', '{"customer_id":"48","name":"Ufifi Fiv","order_id":35}', '182.68.213.85', '2017-09-02 22:41:52'),
(157, 0, 'order_guest', '{"name":"vvf hjbjh","order_id":36}', '117.207.41.57', '2017-09-09 17:33:53'),
(158, 49, 'register', '{"customer_id":"49","name":"div patel"}', '103.251.19.152', '2017-09-09 17:38:26'),
(159, 1, 'login', '{"customer_id":"1","name":"Sam Populous"}', '27.62.72.203', '2017-09-18 12:28:48'),
(160, 1, 'login', '{"customer_id":"1","name":"Sam Populous"}', '157.50.13.42', '2017-09-20 13:17:00'),
(161, 1, 'login', '{"customer_id":"1","name":"Sam Populous"}', '139.167.9.43', '2017-09-21 15:33:08'),
(162, 1, 'login', '{"customer_id":"1","name":"Sam Populous"}', '157.50.14.168', '2017-09-22 22:05:36'),
(163, 1, 'login', '{"customer_id":"1","name":"Sam Populous"}', '157.50.14.72', '2017-09-28 18:35:49'),
(164, 1, 'login', '{"customer_id":"1","name":"Sam Populous"}', '27.56.162.205', '2017-10-03 12:02:42'),
(165, 1, 'login', '{"customer_id":"1","name":"Sam Populous"}', '202.142.106.119', '2017-10-03 13:53:06'),
(166, 1, 'login', '{"customer_id":"1","name":"Sam Populous"}', '27.56.162.205', '2017-10-03 14:37:36'),
(167, 1, 'login', '{"customer_id":"1","name":"Sam Populous"}', '202.142.106.119', '2017-10-04 15:28:57'),
(168, 1, 'login', '{"customer_id":"1","name":"Sam Populous"}', '157.50.10.42', '2017-10-09 14:47:10'),
(169, 1, 'login', '{"customer_id":"1","name":"Sam Populous"}', '117.203.187.131', '2017-10-10 16:08:12'),
(170, 50, 'register', '{"customer_id":50,"name":"Abhishek Ghosh"}', '117.203.183.83', '2017-10-11 21:10:14'),
(171, 1, 'login', '{"customer_id":"1","name":"Sam Populous"}', '117.203.183.83', '2017-10-11 21:14:58'),
(172, 51, 'register', '{"customer_id":51,"name":"saif ansari"}', '49.248.211.82', '2017-10-17 19:03:38'),
(173, 51, 'edit', '{"customer_id":"51","name":"saif ansari"}', '49.248.211.82', '2017-10-17 19:04:18'),
(174, 51, 'login', '{"customer_id":"51","name":"saif ansari"}', '49.248.211.82', '2017-10-18 12:39:32'),
(175, 51, 'password', '{"customer_id":"51","name":"saif ansari"}', '49.248.211.82', '2017-10-18 12:44:57'),
(176, 51, 'password', '{"customer_id":"51","name":"saif ansari"}', '49.248.211.82', '2017-10-18 12:45:23'),
(177, 51, 'password', '{"customer_id":"51","name":"saif ansari"}', '49.248.211.82', '2017-10-18 12:48:38'),
(178, 51, 'address_edit', '{"customer_id":"51","name":"saif ansari"}', '49.248.211.82', '2017-10-18 13:01:49'),
(179, 51, 'address_edit', '{"customer_id":"51","name":"saif ansari"}', '49.248.211.82', '2017-10-18 13:02:11'),
(180, 51, 'address_edit', '{"customer_id":"51","name":"saif ansari"}', '49.248.211.82', '2017-10-18 13:06:16'),
(181, 51, 'address_edit', '{"customer_id":"51","name":"saif ansari"}', '49.248.211.82', '2017-10-18 13:08:15'),
(182, 51, 'order_account', '{"customer_id":"51","name":"saif ansari","order_id":38}', '49.248.211.82', '2017-10-18 15:23:29'),
(183, 51, 'order_account', '{"customer_id":"51","name":"saif ansari","order_id":39}', '49.248.211.82', '2017-10-18 16:01:39'),
(184, 51, 'order_account', '{"customer_id":"51","name":"saif ansari","order_id":40}', '49.248.211.82', '2017-10-18 16:33:14'),
(185, 51, 'order_account', '{"customer_id":"51","name":"saif ansari","order_id":41}', '49.248.211.82', '2017-10-18 16:42:04'),
(186, 1, 'login', '{"customer_id":"1","name":"Sam Populous"}', '182.68.113.238', '2017-10-20 14:06:45'),
(187, 1, 'login', '{"customer_id":"1","name":"Sam Populous"}', '182.68.113.238', '2017-10-21 11:28:11'),
(188, 0, 'order_guest', '{"name":"Test dfsaf","order_id":42}', '124.123.21.247', '2017-10-24 21:11:42'),
(189, 52, 'login', '{"customer_id":"52","name":"Puneet Gaba"}', '42.111.45.78', '2017-10-25 17:52:24'),
(190, 52, 'login', '{"customer_id":"52","name":"Puneet Gaba"}', '42.111.45.78', '2017-10-25 18:13:43'),
(191, 52, 'login', '{"customer_id":"52","name":"Puneet Gaba"}', '42.111.46.213', '2017-10-25 23:03:31'),
(192, 1, 'login', '{"customer_id":"1","name":"Sam Populous"}', '49.248.211.82', '2017-10-30 17:59:45'),
(193, 1, 'login', '{"customer_id":"1","name":"Sam Populous"}', '162.158.165.211', '2017-11-02 16:55:04'),
(194, 1, 'login', '{"customer_id":"1","name":"Sam Populous"}', '172.68.144.214', '2017-11-03 15:24:08'),
(195, 1, 'login', '{"customer_id":"1","name":"Sam Populous"}', '162.158.165.121', '2017-11-03 17:30:33'),
(196, 0, 'order_guest', '{"name":"Arjun Sharma","order_id":44}', '162.158.165.163', '2017-11-04 14:37:36'),
(197, 1, 'login', '{"customer_id":"1","name":"Sam Populous"}', '162.158.165.163', '2017-11-04 14:39:11'),
(198, 1, 'login', '{"customer_id":"1","name":"Sam Populous"}', '162.158.165.163', '2017-11-04 16:34:38'),
(199, 1, 'login', '{"customer_id":"1","name":"Sam Populous"}', '172.68.144.142', '2017-11-06 18:14:29'),
(200, 1, 'login', '{"customer_id":"1","name":"Sam Populous"}', '141.101.99.170', '2017-11-07 15:05:32'),
(201, 1, 'login', '{"customer_id":"1","name":"Sam Populous"}', '162.158.155.83', '2017-11-09 10:05:28'),
(202, 1, 'order_account', '{"customer_id":"1","name":"Sam Populous","order_id":45}', '162.158.155.83', '2017-11-09 10:08:23'),
(203, 1, 'login', '{"customer_id":"1","name":"Sam Populous"}', '141.101.107.51', '2017-11-13 17:09:15'),
(204, 1, 'login', '{"customer_id":"1","name":"Sam Populous"}', '141.101.98.91', '2017-11-14 12:46:16'),
(205, 1, 'login', '{"customer_id":"1","name":"Sam Populous"}', '162.158.166.212', '2017-11-14 15:13:34'),
(206, 1, 'login', '{"customer_id":"1","name":"Sam Populous"}', '172.68.144.148', '2017-11-14 16:07:19'),
(207, 1, 'login', '{"customer_id":"1","name":"Sam Populous"}', '172.68.146.47', '2017-11-14 16:13:08'),
(208, 1, 'login', '{"customer_id":"1","name":"Sam Populous"}', '172.68.146.47', '2017-11-14 16:40:52'),
(209, 1, 'order_account', '{"customer_id":"1","name":"Sam Populous","order_id":46}', '172.68.146.47', '2017-11-14 16:42:08'),
(210, 1, 'login', '{"customer_id":"1","name":"Sam Populous"}', '172.68.146.47', '2017-11-14 19:03:20'),
(211, 1, 'login', '{"customer_id":"1","name":"Sam Populous"}', '162.158.165.205', '2017-11-14 19:28:50'),
(212, 1, 'login', '{"customer_id":"1","name":"Sam Populous"}', '172.68.146.47', '2017-11-14 20:46:24'),
(213, 1, 'login', '{"customer_id":"1","name":"Sam Populous"}', '141.101.107.51', '2017-11-15 00:58:29'),
(214, 1, 'login', '{"customer_id":"1","name":"Sam Populous"}', '162.158.167.57', '2017-11-15 13:27:20'),
(215, 1, 'login', '{"customer_id":"1","name":"Sam Populous"}', '141.101.107.249', '2017-11-15 19:18:32'),
(216, 1, 'login', '{"customer_id":"1","name":"Sam Populous"}', '141.101.107.249', '2017-11-15 22:09:00'),
(217, 1, 'login', '{"customer_id":"1","name":"Sam Populous"}', '162.158.46.19', '2017-11-16 12:14:45'),
(218, 1, 'login', '{"customer_id":"1","name":"Sam Populous"}', '162.158.46.49', '2017-11-16 13:18:24'),
(219, 1, 'login', '{"customer_id":"1","name":"Sam Populous"}', '162.158.50.37', '2017-11-16 15:15:04'),
(220, 1, 'login', '{"customer_id":"1","name":"Sam Populous"}', '162.158.50.121', '2017-11-16 15:54:20'),
(221, 53, 'register', '{"customer_id":"53","name":"gsgo dsv"}', '162.158.50.37', '2017-11-16 17:18:36'),
(222, 54, 'register', '{"customer_id":"54","name":"evedv vscvd"}', '162.158.50.37', '2017-11-16 18:42:11'),
(223, 1, 'login', '{"customer_id":"1","name":"Sam Populous"}', '172.68.144.28', '2017-11-16 20:39:25'),
(224, 1, 'login', '{"customer_id":"1","name":"Sam Populous"}', '162.158.46.19', '2017-11-16 22:17:34'),
(225, 1, 'login', '{"customer_id":"1","name":"Sam Populous"}', '162.158.165.19', '2017-11-18 15:15:36'),
(226, 55, 'register', '{"customer_id":"55","name":"sdvodsiv  gew "}', '162.158.50.61', '2017-11-18 17:55:00'),
(227, 1, 'login', '{"customer_id":"1","name":"Sam Populous"}', '162.158.50.163', '2017-11-20 18:40:24'),
(228, 1, 'login', '{"customer_id":"1","name":"Sam Populous"}', '162.158.46.37', '2017-11-20 19:11:22'),
(229, 1, 'login', '{"customer_id":"1","name":"Sam Populous"}', '162.158.50.25', '2017-11-20 21:10:12'),
(230, 56, 'register', '{"customer_id":"56","name":"acsva asava"}', '162.158.50.97', '2017-11-21 19:19:33'),
(231, 1, 'login', '{"customer_id":"1","name":"Sam Populous"}', '172.68.162.97', '2017-11-21 19:32:44'),
(232, 0, 'order_guest', '{"name":"sanjeev halyal","order_id":47}', '162.158.167.177', '2017-11-23 08:41:10'),
(233, 1, 'login', '{"customer_id":"1","name":"Sam Populous"}', '162.158.46.91', '2017-11-30 09:09:47'),
(234, 1, 'login', '{"customer_id":"1","name":"Sam Populous"}', '162.158.46.91', '2017-11-30 16:43:35'),
(235, 1, 'login', '{"customer_id":"1","name":"Sam Populous"}', '162.158.46.19', '2017-12-01 12:25:10'),
(236, 1, 'login', '{"customer_id":"1","name":"Sam Populous"}', '172.68.144.100', '2017-12-01 17:31:19'),
(237, 1, 'login', '{"customer_id":"1","name":"Sam Populous"}', '162.158.54.115', '2017-12-02 11:49:48'),
(238, 1, 'login', '{"customer_id":"1","name":"Sam Populous"}', '162.158.50.109', '2017-12-03 17:57:51'),
(239, 1, 'login', '{"customer_id":"1","name":"Sam Populous"}', '172.68.133.153', '2017-12-05 22:23:13'),
(240, 1, 'login', '{"customer_id":"1","name":"Sam Populous"}', '162.158.167.21', '2017-12-05 22:23:59'),
(241, 57, 'register', '{"customer_id":"57","name":"sqmr sqmr"}', '162.158.46.37', '2017-12-08 12:50:39'),
(242, 1, 'login', '{"customer_id":"1","name":"Sam Populous"}', '162.158.165.85', '2017-12-09 19:51:46'),
(243, 1, 'login', '{"customer_id":"1","name":"Sam Populous"}', '172.68.144.52', '2017-12-10 20:51:57'),
(244, 58, 'register', '{"customer_id":58,"name":"snaana hssus"}', '162.158.50.103', '2017-12-11 17:43:08'),
(245, 58, 'order_account', '{"customer_id":"58","name":"snaana hssus","order_id":48}', '162.158.50.103', '2017-12-11 17:44:11'),
(246, 1, 'login', '{"customer_id":"1","name":"Sam Populous"}', '172.68.144.52', '2017-12-11 20:53:37'),
(247, 1, 'login', '{"customer_id":"1","name":"Sam Populous"}', '162.158.50.163', '2017-12-13 14:22:42'),
(248, 1, 'login', '{"customer_id":"1","name":"Sam Populous"}', '162.158.50.55', '2017-12-14 13:32:13'),
(249, 1, 'login', '{"customer_id":"1","name":"Sam Populous"}', '162.158.50.163', '2017-12-14 13:42:48'),
(250, 1, 'order_account', '{"customer_id":"1","name":"Sam Populous","order_id":49}', '162.158.50.55', '2017-12-14 13:46:34'),
(251, 0, 'order_guest', '{"name":"shaik sohail","order_id":50}', '162.158.50.55', '2017-12-15 15:29:07'),
(252, 1, 'login', '{"customer_id":"1","name":"Sam Populous"}', '162.158.50.127', '2017-12-16 13:19:49'),
(253, 1, 'login', '{"customer_id":"1","name":"Sam Populous"}', '162.158.50.139', '2017-12-16 16:47:51'),
(254, 1, 'login', '{"customer_id":"1","name":"Sam Populous"}', '162.158.50.145', '2017-12-17 20:42:28'),
(255, 1, 'login', '{"customer_id":"1","name":"Sam Populous"}', '162.158.165.211', '2017-12-18 23:03:40'),
(256, 1, 'login', '{"customer_id":"1","name":"Sam Populous"}', '162.158.165.169', '2017-12-19 15:17:12'),
(257, 1, 'login', '{"customer_id":"1","name":"Sam Populous"}', '162.158.46.85', '2017-12-20 13:40:06'),
(258, 1, 'login', '{"customer_id":"1","name":"Sam Populous"}', '162.158.167.21', '2017-12-20 13:52:27'),
(259, 1, 'login', '{"customer_id":"1","name":"Sam Populous"}', '162.158.46.85', '2017-12-20 14:07:11'),
(260, 1, 'login', '{"customer_id":"1","name":"Sam Populous"}', '162.158.50.73', '2017-12-20 16:43:41'),
(261, 1, 'login', '{"customer_id":"1","name":"Sam Populous"}', '162.158.50.157', '2017-12-20 18:16:18'),
(262, 1, 'login', '{"customer_id":"1","name":"Sam Populous"}', '162.158.46.7', '2017-12-21 10:43:52'),
(263, 1, 'login', '{"customer_id":"1","name":"Sam Populous"}', '162.158.54.199', '2017-12-21 13:38:52'),
(264, 1, 'login', '{"customer_id":"1","name":"Sam Populous"}', '162.158.46.55', '2017-12-21 15:12:30'),
(265, 1, 'login', '{"customer_id":"1","name":"Sam Populous"}', '162.158.50.157', '2017-12-21 16:09:16'),
(266, 1, 'login', '{"customer_id":"1","name":"Sam Populous"}', '162.158.50.157', '2017-12-21 17:46:42'),
(267, 1, 'login', '{"customer_id":"1","name":"Sam Populous"}', '162.158.50.157', '2017-12-21 22:58:07'),
(268, 1, 'login', '{"customer_id":"1","name":"Sam Populous"}', '162.158.50.157', '2017-12-22 15:30:24'),
(269, 1, 'login', '{"customer_id":"1","name":"Sam Populous"}', '162.158.50.121', '2017-12-24 10:16:56'),
(270, 1, 'login', '{"customer_id":"1","name":"Sam Populous"}', '162.158.50.31', '2017-12-24 12:29:05'),
(271, 1, 'login', '{"customer_id":"1","name":"Sam Populous"}', '162.158.50.109', '2017-12-28 13:07:22'),
(272, 59, 'register', '{"customer_id":59,"name":"Dipak Sharma"}', '162.158.46.85', '2017-12-31 11:39:01'),
(273, 59, 'order_account', '{"customer_id":"59","name":"Dipak Sharma","order_id":51}', '162.158.46.85', '2017-12-31 11:39:35'),
(274, 1, 'login', '{"customer_id":"1","name":"Sam Populous"}', '162.158.46.13', '2018-01-01 12:54:38'),
(275, 1, 'login', '{"customer_id":"1","name":"Sam Populous"}', '162.158.167.183', '2018-01-04 20:20:59'),
(276, 1, 'login', '{"customer_id":"1","name":"Sam Populous"}', '162.158.154.154', '2018-01-06 09:29:33'),
(277, 1, 'login', '{"customer_id":"1","name":"Sam Populous"}', '172.68.162.103', '2018-01-07 13:13:20'),
(278, 1, 'order_account', '{"customer_id":"1","name":"Sam Populous","order_id":52}', '172.68.162.103', '2018-01-07 13:17:43'),
(279, 1, 'login', '{"customer_id":"1","name":"Sam Populous"}', '162.158.50.163', '2018-01-10 19:57:19'),
(280, 1, 'login', '{"customer_id":"1","name":"Sam Populous"}', '162.158.46.13', '2018-01-16 00:22:11'),
(281, 1, 'login', '{"customer_id":"1","name":"Sam Populous"}', '162.158.50.49', '2018-01-17 13:23:23'),
(282, 1, 'login', '{"customer_id":"1","name":"Sam Populous"}', '162.158.50.13', '2018-01-18 16:30:16'),
(283, 1, 'login', '{"customer_id":"1","name":"Sam Populous"}', '162.158.50.13', '2018-01-18 16:43:39'),
(284, 1, 'login', '{"customer_id":"1","name":"Sam Populous"}', '162.158.167.213', '2018-01-19 14:53:34'),
(285, 1, 'login', '{"customer_id":"1","name":"Sam Populous"}', '162.158.50.127', '2018-01-19 14:57:03'),
(286, 60, 'register', '{"customer_id":60,"name":"Harish  Parmar"}', '162.158.166.254', '2018-01-19 21:10:33'),
(287, 1, 'login', '{"customer_id":"1","name":"Sam Populous"}', '141.101.99.26', '2018-01-20 18:01:03'),
(288, 1, 'login', '{"customer_id":"1","name":"Sam Populous"}', '162.158.46.49', '2018-01-21 13:54:53'),
(289, 1, 'login', '{"customer_id":"1","name":"Sam Populous"}', '162.158.165.127', '2018-01-21 19:27:33'),
(290, 1, 'login', '{"customer_id":"1","name":"Sam Populous"}', '162.158.167.171', '2018-01-21 20:34:03'),
(291, 1, 'login', '{"customer_id":"1","name":"Sam Populous"}', '162.158.46.73', '2018-01-22 15:12:18'),
(292, 1, 'login', '{"customer_id":"1","name":"Sam Populous"}', '162.158.46.67', '2018-01-22 16:25:34'),
(293, 1, 'login', '{"customer_id":"1","name":"Sam Populous"}', '162.158.54.211', '2018-01-22 16:39:39'),
(294, 1, 'login', '{"customer_id":"1","name":"Sam Populous"}', '162.158.50.85', '2018-01-22 17:51:45'),
(295, 1, 'login', '{"customer_id":"1","name":"Sam Populous"}', '162.158.54.109', '2018-01-22 18:24:35'),
(296, 1, 'login', '{"customer_id":"1","name":"Sam Populous"}', '162.158.54.37', '2018-01-23 15:58:42'),
(297, 1, 'login', '{"customer_id":"1","name":"Sam Populous"}', '162.158.54.127', '2018-01-23 18:03:54'),
(298, 1, 'login', '{"customer_id":"1","name":"Sam Populous"}', '162.158.54.79', '2018-01-25 15:43:24'),
(299, 1, 'login', '{"customer_id":"1","name":"Sam Populous"}', '162.158.54.79', '2018-01-25 16:15:44'),
(300, 1, 'login', '{"customer_id":"1","name":"Sam Populous"}', '162.158.54.79', '2018-01-25 17:34:52'),
(301, 1, 'login', '{"customer_id":"1","name":"Sam Populous"}', '162.158.46.85', '2018-01-28 15:14:41'),
(302, 1, 'login', '{"customer_id":"1","name":"Sam Populous"}', '162.158.46.85', '2018-01-29 10:21:26'),
(303, 61, 'register', '{"customer_id":61,"name":"vfvf vvv"}', '162.158.54.133', '2018-01-29 12:52:17'),
(304, 61, 'order_account', '{"customer_id":"61","name":"vfvf vvv","order_id":53}', '162.158.54.133', '2018-01-29 12:52:35'),
(305, 1, 'login', '{"customer_id":"1","name":"Sam Populous"}', '162.158.167.159', '2018-01-30 14:48:55'),
(306, 1, 'login', '{"customer_id":"1","name":"Sam Populous"}', '172.68.144.232', '2018-01-31 14:06:10'),
(307, 1, 'login', '{"customer_id":"1","name":"Sam Populous"}', '162.158.166.68', '2018-01-31 14:47:44'),
(308, 1, 'login', '{"customer_id":"1","name":"Sam Populous"}', '172.68.144.232', '2018-01-31 15:36:06'),
(309, 1, 'login', '{"customer_id":"1","name":"Sam Populous"}', '162.158.50.163', '2018-02-02 12:15:01'),
(310, 62, 'register', '{"customer_id":62,"name":"magesh m"}', '162.158.167.39', '2018-02-06 16:08:23'),
(311, 62, 'login', '{"customer_id":"62","name":"magesh m"}', '162.158.167.21', '2018-02-07 17:52:30'),
(312, 62, 'edit', '{"customer_id":"62","name":"magesh m"}', '162.158.167.21', '2018-02-07 17:53:44'),
(313, 62, 'edit', '{"customer_id":"62","name":"magesh m"}', '162.158.167.21', '2018-02-07 17:54:02'),
(314, 1, 'login', '{"customer_id":"1","name":"Sam Populous"}', '172.68.144.196', '2018-02-07 19:23:13'),
(315, 1, 'login', '{"customer_id":"1","name":"Sam Populous"}', '162.158.46.85', '2018-02-08 09:24:15'),
(316, 1, 'login', '{"customer_id":"1","name":"Sam Populous"}', '162.158.167.135', '2018-02-14 10:48:10'),
(317, 1, 'login', '{"customer_id":"1","name":"Sam Populous"}', '172.68.144.100', '2018-02-18 16:41:16'),
(318, 62, 'login', '{"customer_id":"62","name":"magesh m"}', '162.158.50.73', '2018-02-20 11:53:04'),
(319, 1, 'login', '{"customer_id":"1","name":"Sam Populous"}', '162.158.167.219', '2018-02-21 09:26:59'),
(320, 1, 'login', '{"customer_id":"1","name":"Sam Populous"}', '162.158.50.169', '2018-02-21 14:23:00'),
(321, 1, 'login', '{"customer_id":"1","name":"Sam Populous"}', '162.158.46.91', '2018-02-26 18:50:02'),
(322, 1, 'order_account', '{"customer_id":"1","name":"Sam Populous","order_id":54}', '162.158.46.91', '2018-02-26 18:52:46'),
(323, 1, 'login', '{"customer_id":"1","name":"Sam Populous"}', '162.158.54.79', '2018-02-28 16:17:36'),
(324, 1, 'login', '{"customer_id":"1","name":"Sam Populous"}', '162.158.54.193', '2018-03-24 13:30:34'),
(325, 1, 'login', '{"customer_id":"1","name":"Sam Populous"}', '162.158.54.193', '2018-03-24 14:07:27'),
(326, 1, 'login', '{"customer_id":"1","name":"Sam Populous"}', '141.101.107.27', '2018-03-27 17:04:33'),
(327, 63, 'register', '{"customer_id":63,"name":"Arnab dhar"}', '141.101.107.27', '2018-03-27 17:40:43'),
(328, 0, 'order_guest', '{"name":"Arnab dhar","order_id":55}', '141.101.107.27', '2018-03-27 17:56:27'),
(329, 63, 'login', '{"customer_id":"63","name":"Arnab dhar"}', '141.101.107.27', '2018-03-27 18:53:27'),
(330, 63, 'login', '{"customer_id":"63","name":"Arnab dhar"}', '172.68.146.113', '2018-03-27 18:58:43'),
(331, 1, 'login', '{"customer_id":"1","name":"Sam Populous"}', '162.158.46.61', '2018-03-28 14:02:13'),
(332, 1, 'login', '{"customer_id":"1","name":"Sam Populous"}', '172.69.134.198', '2018-03-28 19:11:44'),
(333, 1, 'login', '{"customer_id":"1","name":"Sam Populous"}', '172.68.144.52', '2018-03-28 20:00:22'),
(334, 1, 'login', '{"customer_id":"1","name":"Sam Populous"}', '162.158.50.151', '2018-03-29 15:30:35'),
(335, 1, 'login', '{"customer_id":"1","name":"Sam Populous"}', '162.158.54.205', '2018-03-30 13:03:49'),
(336, 1, 'login', '{"customer_id":"1","name":"Sam Populous"}', '162.158.46.61', '2018-03-31 12:56:25'),
(337, 1, 'login', '{"customer_id":"1","name":"Sam Populous"}', '162.158.54.211', '2018-04-02 13:41:31'),
(338, 1, 'login', '{"customer_id":"1","name":"Sam Populous"}', '162.158.166.152', '2018-04-02 14:15:00'),
(339, 1, 'login', '{"customer_id":"1","name":"Sam Populous"}', '162.158.166.212', '2018-04-02 15:07:45'),
(340, 1, 'login', '{"customer_id":"1","name":"Sam Populous"}', '162.158.165.31', '2018-04-02 15:41:35'),
(341, 1, 'order_account', '{"customer_id":"1","name":"Sam Populous","order_id":56}', '162.158.46.19', '2018-04-02 15:44:32'),
(342, 1, 'login', '{"customer_id":"1","name":"Sam Populous"}', '162.158.54.139', '2018-04-02 17:14:00'),
(343, 1, 'login', '{"customer_id":"1","name":"Sam Populous"}', '162.158.165.13', '2018-04-03 16:48:50'),
(344, 1, 'login', '{"customer_id":"1","name":"Sam Populous"}', '162.158.46.37', '2018-04-03 18:29:21'),
(345, 1, 'login', '{"customer_id":"1","name":"Sam Populous"}', '162.158.46.67', '2018-04-04 16:37:28'),
(346, 1, 'login', '{"customer_id":"1","name":"Sam Populous"}', '172.68.144.94', '2018-04-05 11:58:12'),
(347, 1, 'order_account', '{"customer_id":"1","name":"Sam Populous","order_id":57}', '172.68.144.94', '2018-04-05 12:34:20'),
(348, 1, 'login', '{"customer_id":"1","name":"Sam Populous"}', '162.158.166.44', '2018-04-05 12:41:37'),
(349, 1, 'login', '{"customer_id":"1","name":"Sam Populous"}', '162.158.46.91', '2018-04-05 13:27:00'),
(350, 1, 'login', '{"customer_id":"1","name":"Sam Populous"}', '162.158.54.73', '2018-04-05 18:33:19'),
(351, 1, 'login', '{"customer_id":"1","name":"Sam Populous"}', '172.68.146.203', '2018-04-06 18:53:16'),
(352, 1, 'login', '{"customer_id":"1","name":"Sam Populous"}', '162.158.54.43', '2018-04-06 19:04:40'),
(353, 1, 'login', '{"customer_id":"1","name":"Sam Populous"}', '162.158.167.33', '2018-04-07 12:49:09'),
(354, 64, 'register', '{"customer_id":64,"name":"Darshan Shanbhag"}', '162.158.167.129', '2018-04-07 15:46:58'),
(355, 64, 'order_account', '{"customer_id":"64","name":"Darshan Shanbhag","order_id":58}', '162.158.167.129', '2018-04-07 15:48:08'),
(356, 1, 'login', '{"customer_id":"1","name":"Sam Populous"}', '172.68.146.209', '2018-04-08 10:17:11'),
(357, 1, 'login', '{"customer_id":"1","name":"Sam Populous"}', '172.68.144.232', '2018-04-08 18:08:19'),
(358, 65, 'register', '{"customer_id":"65","name":"ganesh thakur"}', '162.158.165.25', '2018-04-09 00:37:35'),
(359, 1, 'login', '{"customer_id":"1","name":"Sam Populous"}', '162.158.54.61', '2018-04-09 11:50:16'),
(360, 1, 'login', '{"customer_id":"1","name":"Sam Populous"}', '162.158.165.175', '2018-04-09 11:53:28'),
(361, 64, 'forgotten', '{"customer_id":"64","name":"Darshan Shanbhag"}', '172.68.144.52', '2018-04-09 12:57:09'),
(362, 64, 'login', '{"customer_id":"64","name":"Darshan Shanbhag"}', '172.68.144.52', '2018-04-09 12:57:27'),
(363, 64, 'return_account', '{"customer_id":"64","name":"Darshan Shanbhag","return_id":5}', '172.68.144.52', '2018-04-09 12:58:13'),
(364, 66, 'register', '{"customer_id":"66","name":"GAJANAN BISEN N"}', '162.158.166.212', '2018-04-09 15:39:37'),
(365, 1, 'login', '{"customer_id":"1","name":"Sam Populous"}', '162.158.54.163', '2018-04-09 17:26:03'),
(366, 1, 'edit', '{"customer_id":"1","name":"Sam Populous"}', '162.158.54.163', '2018-04-09 17:27:49'),
(367, 1, 'login', '{"customer_id":"1","name":"Sam Populous"}', '172.68.144.130', '2018-04-11 12:29:30'),
(368, 1, 'login', '{"customer_id":"1","name":"Sam Populous"}', '162.158.165.121', '2018-04-11 16:20:57'),
(369, 1, 'login', '{"customer_id":"1","name":"Sam Populous"}', '162.158.165.121', '2018-04-11 17:01:58'),
(370, 1, 'login', '{"customer_id":"1","name":"Sam Populous"}', '162.158.50.133', '2018-04-11 18:10:37'),
(371, 67, 'register', '{"customer_id":67,"name":"Gajanan  Bisen"}', '162.158.166.44', '2018-04-11 19:05:26'),
(372, 67, 'order_account', '{"customer_id":"67","name":"Gajanan  Bisen","order_id":59}', '162.158.166.44', '2018-04-11 19:05:42'),
(373, 67, 'login', '{"customer_id":"67","name":"Gajanan  Bisen"}', '162.158.166.44', '2018-04-12 00:16:36'),
(374, 1, 'login', '{"customer_id":"1","name":"Sam Populous"}', '162.158.166.38', '2018-04-12 09:30:35'),
(375, 1, 'login', '{"customer_id":"1","name":"Sam Populous"}', '162.158.166.242', '2018-04-15 11:42:18'),
(376, 1, 'login', '{"customer_id":"1","name":"Sam Populous"}', '162.158.50.163', '2018-04-16 13:09:16'),
(377, 1, 'login', '{"customer_id":"1","name":"Sam Populous"}', '172.68.146.173', '2018-04-16 13:13:30'),
(378, 1, 'login', '{"customer_id":"1","name":"Sam Populous"}', '162.158.50.175', '2018-04-16 15:21:20'),
(379, 1, 'login', '{"customer_id":"1","name":"Sam Populous"}', '172.68.144.16', '2018-04-16 16:08:02'),
(380, 1, 'login', '{"customer_id":"1","name":"Sam Populous"}', '141.101.99.194', '2018-04-16 16:24:04'),
(381, 68, 'register', '{"customer_id":"68","name":"gaurav singh"}', '162.158.167.159', '2018-04-16 16:36:10'),
(382, 1, 'login', '{"customer_id":"1","name":"Sam Populous"}', '162.158.166.20', '2018-04-16 16:47:54'),
(383, 1, 'login', '{"customer_id":"1","name":"Sam Populous"}', '172.69.134.168', '2018-04-17 10:17:02'),
(384, 1, 'login', '{"customer_id":"1","name":"Sam Populous"}', '162.158.54.7', '2018-04-17 12:03:08'),
(385, 1, 'login', '{"customer_id":"1","name":"Sam Populous"}', '172.69.134.36', '2018-04-17 12:58:31'),
(386, 1, 'login', '{"customer_id":"1","name":"Sam Populous"}', '172.68.146.143', '2018-04-17 15:01:24'),
(387, 1, 'login', '{"customer_id":"1","name":"Sam Populous"}', '162.158.46.73', '2018-04-18 16:22:05'),
(388, 1, 'login', '{"customer_id":"1","name":"Sam Populous"}', '162.158.46.73', '2018-04-18 16:24:18'),
(389, 1, 'login', '{"customer_id":"1","name":"Sam Populous"}', '172.69.134.36', '2018-04-18 16:50:27'),
(390, 0, 'order_guest', '{"name":"fdgdf fddfd","order_id":60}', '162.158.46.91', '2018-04-19 12:08:34'),
(391, 1, 'login', '{"customer_id":"1","name":"Sam Populous"}', '172.68.146.65', '2018-04-20 12:12:56'),
(392, 69, 'register', '{"customer_id":69,"name":"Amit Singh"}', '172.68.144.118', '2018-04-20 15:41:43'),
(393, 63, 'login', '{"customer_id":"63","name":"Arnab dhar"}', '162.158.165.127', '2018-04-21 19:26:10'),
(394, 1, 'login', '{"customer_id":"1","name":"Sam Populous"}', '162.158.54.115', '2018-04-22 10:20:15'),
(395, 1, 'login', '{"customer_id":"1","name":"Sam Populous"}', '162.158.166.98', '2018-04-23 12:41:01'),
(396, 0, 'order_guest', '{"name":"Abc kumar","order_id":61}', '162.158.167.177', '2018-04-23 16:41:45'),
(397, 1, 'login', '{"customer_id":"1","name":"Sam Populous"}', '162.158.167.33', '2018-04-23 17:25:23'),
(398, 70, 'register', '{"customer_id":"70","name":"brij g"}', '162.158.167.51', '2018-04-24 14:09:04'),
(399, 1, 'login', '{"customer_id":"1","name":"Sam Populous"}', '162.158.50.157', '2018-04-24 14:45:26'),
(400, 1, 'login', '{"customer_id":"1","name":"Sam Populous"}', '172.69.134.96', '2018-04-25 13:16:04'),
(401, 1, 'login', '{"customer_id":"1","name":"Sam Populous"}', '172.69.134.96', '2018-04-25 14:25:43'),
(402, 1, 'login', '{"customer_id":"1","name":"Sam Populous"}', '172.68.146.185', '2018-04-26 13:19:34'),
(403, 1, 'login', '{"customer_id":"1","name":"Sam Populous"}', '141.101.98.211', '2018-04-26 18:36:18'),
(404, 1, 'login', '{"customer_id":"1","name":"Sam Populous"}', '172.68.146.143', '2018-04-26 23:14:49'),
(405, 1, 'login', '{"customer_id":"1","name":"Sam Populous"}', '162.158.167.201', '2018-04-28 06:28:11'),
(406, 71, 'register', '{"customer_id":71,"name":"Irfan Mulla"}', '162.158.167.201', '2018-04-28 06:55:43'),
(407, 71, 'order_account', '{"customer_id":"71","name":"Irfan Mulla","order_id":62}', '162.158.167.201', '2018-04-28 07:03:44'),
(408, 63, 'login', '{"customer_id":"63","name":"Arnab dhar"}', '141.101.107.123', '2018-05-06 11:46:45'),
(409, 1, 'login', '{"customer_id":"1","name":"Sam Populous"}', '162.158.50.103', '2018-05-10 09:18:12'),
(410, 1, 'login', '{"customer_id":"1","name":"Sam Populous"}', '162.158.167.81', '2018-05-10 09:56:33'),
(411, 1, 'login', '{"customer_id":"1","name":"Sam Populous"}', '172.69.134.174', '2018-05-14 13:07:22'),
(412, 1, 'login', '{"customer_id":"1","name":"Sam Populous"}', '172.69.134.12', '2018-05-14 15:20:12'),
(413, 1, 'login', '{"customer_id":"1","name":"Sam Populous"}', '172.68.144.136', '2018-05-17 11:48:50'),
(414, 1, 'login', '{"customer_id":"1","name":"Sam Populous"}', '172.68.146.77', '2018-05-18 09:59:50'),
(415, 1, 'login', '{"customer_id":"1","name":"Sam Populous"}', '162.158.46.31', '2018-05-23 09:06:13'),
(416, 1, 'login', '{"customer_id":"1","name":"Sam Populous"}', '162.158.165.37', '2018-05-25 14:11:01'),
(417, 1, 'login', '{"customer_id":"1","name":"Sam Populous"}', '162.158.165.223', '2018-05-25 19:04:49'),
(418, 1, 'login', '{"customer_id":"1","name":"Sam Populous"}', '172.68.144.28', '2018-05-25 21:22:05'),
(419, 1, 'login', '{"customer_id":"1","name":"Sam Populous"}', '162.158.46.55', '2018-05-27 16:30:17'),
(420, 1, 'login', '{"customer_id":"1","name":"Sam Populous"}', '162.158.54.61', '2018-06-01 18:02:18'),
(421, 1, 'login', '{"customer_id":"1","name":"Sam Populous"}', '162.158.154.70', '2018-06-07 15:04:29'),
(422, 1, 'login', '{"customer_id":"1","name":"Sam Populous"}', '162.158.167.159', '2018-06-11 11:26:15'),
(423, 1, 'login', '{"customer_id":"1","name":"Sam Populous"}', '162.158.167.207', '2018-06-11 17:35:32'),
(424, 1, 'login', '{"customer_id":"1","name":"Sam Populous"}', '172.69.134.24', '2018-06-30 16:38:22'),
(425, 1, 'login', '{"customer_id":"1","name":"Sam Populous"}', '162.158.54.19', '2018-07-02 13:30:23'),
(426, 1, 'login', '{"customer_id":"1","name":"Sam Populous"}', '172.68.130.19', '2018-07-05 22:57:20'),
(427, 1, 'login', '{"customer_id":"1","name":"Sam Populous"}', '172.68.144.124', '2018-07-08 23:01:16'),
(428, 1, 'login', '{"customer_id":"1","name":"Sam Populous"}', '162.158.165.205', '2018-07-09 19:49:40'),
(429, 1, 'login', '{"customer_id":"1","name":"Sam Populous"}', '172.69.134.222', '2018-07-10 10:16:56'),
(430, 1, 'login', '{"customer_id":"1","name":"Sam Populous"}', '172.68.146.41', '2018-07-10 11:06:30'),
(431, 1, 'login', '{"customer_id":"1","name":"Sam Populous"}', '162.158.46.37', '2018-07-10 12:04:28'),
(432, 1, 'login', '{"customer_id":"1","name":"Sam Populous"}', '172.68.146.41', '2018-07-12 12:16:21'),
(433, 72, 'register', '{"customer_id":72,"name":"saru tanuku"}', '172.69.134.222', '2018-07-13 16:31:24'),
(434, 1, 'login', '{"customer_id":"1","name":"Sam Populous"}', '172.68.146.161', '2018-07-13 20:31:14'),
(435, 1, 'login', '{"customer_id":"1","name":"Sam Populous"}', '172.68.144.178', '2018-07-13 23:47:36'),
(436, 1, 'login', '{"customer_id":"1","name":"Sam Populous"}', '162.158.54.7', '2018-07-14 15:25:42'),
(437, 1, 'login', '{"customer_id":"1","name":"Sam Populous"}', '162.158.46.13', '2018-07-18 13:12:23'),
(438, 1, 'login', '{"customer_id":"1","name":"Sam Populous"}', '172.69.134.216', '2018-07-18 17:10:13'),
(439, 1, 'login', '{"customer_id":"1","name":"Sam Populous"}', '172.68.144.244', '2018-07-21 18:09:30'),
(440, 1, 'login', '{"customer_id":"1","name":"Sam Populous"}', '162.158.50.49', '2018-07-23 14:08:31'),
(441, 1, 'login', '{"customer_id":"1","name":"Sam Populous"}', '162.158.166.218', '2018-07-26 15:07:29'),
(442, 1, 'login', '{"customer_id":"1","name":"Sam Populous"}', '162.158.167.21', '2018-07-27 16:10:29'),
(443, 1, 'login', '{"customer_id":"1","name":"Sam Populous"}', '162.158.54.205', '2018-07-28 14:36:27'),
(444, 73, 'register', '{"customer_id":73,"name":"aakash jha"}', '162.158.50.49', '2018-07-28 22:47:46'),
(445, 73, 'order_account', '{"customer_id":"73","name":"aakash jha","order_id":63}', '162.158.50.49', '2018-07-28 22:51:58'),
(446, 1, 'login', '{"customer_id":"1","name":"Sam Populous"}', '162.158.50.175', '2018-07-30 14:37:51'),
(447, 1, 'login', '{"customer_id":"1","name":"Sam Populous"}', '172.68.144.244', '2018-07-30 20:34:43'),
(448, 1, 'login', '{"customer_id":"1","name":"Sam Populous"}', '162.158.50.181', '2018-07-31 09:34:44'),
(449, 1, 'login', '{"customer_id":"1","name":"Sam Populous"}', '141.101.99.236', '2018-08-01 11:16:32'),
(450, 74, 'register', '{"customer_id":"74","name":"sam populous"}', '162.158.155.71', '2018-08-02 16:05:17'),
(451, 1, 'login', '{"customer_id":"1","name":"Sam Populous"}', '162.158.154.142', '2018-08-03 03:03:03'),
(452, 1, 'login', '{"customer_id":"1","name":"Sam Populous"}', '162.158.50.37', '2018-08-04 18:43:41'),
(453, 1, 'login', '{"customer_id":"1","name":"Sam Populous"}', '162.158.54.31', '2018-08-06 17:55:01'),
(454, 1, 'login', '{"customer_id":"1","name":"Sam Populous"}', '172.68.144.178', '2018-08-06 18:44:49'),
(455, 1, 'login', '{"customer_id":"1","name":"Sam Populous"}', '141.101.99.86', '2018-08-06 23:28:01'),
(456, 75, 'register', '{"customer_id":"75","name":"BASANTA CHEKANIDHARA"}', '162.158.154.142', '2018-08-08 12:17:33'),
(457, 1, 'login', '{"customer_id":"1","name":"Sam Populous"}', '172.68.146.161', '2018-08-08 18:52:27'),
(458, 76, 'register', '{"customer_id":76,"name":"BASANTA CHEKANIDHARA"}', '162.158.155.71', '2018-08-12 14:51:46'),
(459, 76, 'order_account', '{"customer_id":"76","name":"BASANTA CHEKANIDHARA","order_id":64}', '162.158.155.71', '2018-08-12 14:51:57'),
(460, 77, 'register', '{"customer_id":"77","name":"mohit sfg"}', '172.69.134.228', '2018-08-12 21:48:41'),
(461, 1, 'login', '{"customer_id":"1","name":"Sam Populous"}', '172.69.134.228', '2018-08-12 21:50:54'),
(462, 1, 'login', '{"customer_id":"1","name":"Sam Populous"}', '162.158.167.225', '2018-08-14 00:46:51'),
(463, 1, 'login', '{"customer_id":"1","name":"Sam Populous"}', '172.69.134.240', '2018-08-16 00:21:20'),
(464, 1, 'login', '{"customer_id":"1","name":"Sam Populous"}', '172.69.134.6', '2018-08-16 13:58:02'),
(465, 0, 'order_guest', '{"name":"BASANTA CHEKANIDHARA","order_id":65}', '162.158.155.179', '2018-08-20 17:48:30'),
(466, 1, 'login', '{"customer_id":"1","name":"Sam Populous"}', '162.158.155.71', '2018-08-21 01:03:26'),
(467, 78, 'register', '{"customer_id":"78","name":"shah alam Siddiqui"}', '162.158.154.142', '2018-08-23 23:38:46'),
(468, 1, 'login', '{"customer_id":"1","name":"Sam Populous"}', '162.158.50.19', '2018-08-24 07:02:32'),
(469, 0, 'order_guest', '{"name":"Sales s","order_id":66}', '162.158.166.218', '2018-08-25 01:19:48'),
(470, 1, 'login', '{"customer_id":"1","name":"Sam Populous"}', '162.158.50.37', '2018-08-27 16:38:25'),
(471, 1, 'login', '{"customer_id":"1","name":"Sam Populous"}', '162.158.166.14', '2018-08-30 12:27:25'),
(472, 1, 'login', '{"customer_id":"1","name":"Sam Populous"}', '141.101.99.182', '2018-08-30 12:44:10'),
(473, 79, 'register', '{"customer_id":"79","name":"pawan gupta"}', '162.158.50.55', '2018-08-30 20:32:19');
INSERT INTO `oc_customer_activity` (`activity_id`, `customer_id`, `key`, `data`, `ip`, `date_added`) VALUES
(474, 1, 'login', '{"customer_id":"1","name":"Sam Populous"}', '162.158.165.163', '2018-08-30 23:50:52'),
(475, 1, 'login', '{"customer_id":"1","name":"Sam Populous"}', '162.158.46.31', '2018-08-31 15:47:19'),
(476, 1, 'login', '{"customer_id":"1","name":"Sam Populous"}', '162.158.46.37', '2018-08-31 16:03:01'),
(477, 1, 'order_account', '{"customer_id":"1","name":"Sam Populous","order_id":67}', '162.158.46.31', '2018-08-31 17:19:10'),
(478, 1, 'login', '{"customer_id":"1","name":"Sam Populous"}', '162.158.46.43', '2018-08-31 17:21:29'),
(479, 1, 'login', '{"customer_id":"1","name":"Sam Populous"}', '162.158.46.31', '2018-08-31 17:43:57'),
(480, 1, 'login', '{"customer_id":"1","name":"Sam Populous"}', '162.158.50.43', '2018-08-31 20:37:02'),
(481, 1, 'login', '{"customer_id":"1","name":"Sam Populous"}', '162.158.167.249', '2018-09-01 09:29:21'),
(482, 1, 'login', '{"customer_id":"1","name":"Sam Populous"}', '162.158.50.19', '2018-09-01 16:01:07'),
(483, 1, 'login', '{"customer_id":"1","name":"Sam Populous"}', '172.69.134.222', '2018-09-02 12:14:34'),
(484, 1, 'login', '{"customer_id":"1","name":"Sam Populous"}', '162.158.50.19', '2018-09-02 18:38:06'),
(485, 1, 'login', '{"customer_id":"1","name":"Sam Populous"}', '162.158.165.199', '2018-09-05 16:24:58'),
(486, 1, 'login', '{"customer_id":"1","name":"Sam Populous"}', '162.158.166.50', '2018-09-06 17:17:35'),
(487, 1, 'login', '{"customer_id":"1","name":"Sam Populous"}', '162.158.50.37', '2018-09-06 17:33:10'),
(488, 1, 'login', '{"customer_id":"1","name":"Sam Populous"}', '172.68.146.215', '2018-09-07 13:35:47'),
(489, 1, 'login', '{"customer_id":"1","name":"Sam Populous"}', '162.158.165.181', '2018-09-07 14:23:02'),
(490, 1, 'login', '{"customer_id":"1","name":"Sam Populous"}', '162.158.158.42', '2018-09-08 22:21:57'),
(491, 1, 'login', '{"customer_id":"1","name":"Sam Populous"}', '172.68.244.243', '2018-09-10 17:25:49'),
(492, 1, 'login', '{"customer_id":"1","name":"Sam Populous"}', '162.158.46.31', '2018-09-11 11:16:44'),
(493, 1, 'order_account', '{"customer_id":"1","name":"Sam Populous","order_id":69}', '162.158.46.31', '2018-09-11 11:43:26'),
(494, 1, 'login', '{"customer_id":"1","name":"Sam Populous"}', '162.158.165.181', '2018-09-11 16:14:57'),
(495, 1, 'login', '{"customer_id":"1","name":"Sam Populous"}', '162.158.46.31', '2018-09-11 17:33:53'),
(496, 80, 'register', '{"customer_id":80,"name":"ann ann"}', '162.158.50.55', '2018-09-12 14:22:44'),
(497, 1, 'login', '{"customer_id":"1","name":"Sam Populous"}', '162.158.50.43', '2018-09-19 15:30:07'),
(498, 1, 'login', '{"customer_id":"1","name":"Sam Populous"}', '162.158.50.37', '2018-09-19 16:20:53'),
(499, 1, 'login', '{"customer_id":"1","name":"Sam Populous"}', '162.158.50.43', '2018-09-19 18:12:14'),
(500, 81, 'register', '{"customer_id":"81","name":"Naveen Verma"}', '172.68.146.101', '2018-09-21 19:22:48'),
(501, 1, 'login', '{"customer_id":"1","name":"Sam Populous"}', '162.158.22.217', '2018-09-22 13:14:29'),
(502, 1, 'login', '{"customer_id":"1","name":"Sam Populous"}', '108.162.219.31', '2018-09-23 16:48:25'),
(503, 1, 'login', '{"customer_id":"1","name":"Sam Populous"}', '172.68.146.17', '2018-09-24 13:33:52'),
(504, 1, 'login', '{"customer_id":"1","name":"Sam Populous"}', '162.158.22.217', '2018-09-24 17:34:11'),
(505, 82, 'register', '{"customer_id":"82","name":"Mohit rk"}', '172.68.146.215', '2018-09-25 21:32:00'),
(506, 1, 'login', '{"customer_id":"1","name":"Sam Populous"}', '162.158.46.91', '2018-09-26 17:48:11'),
(507, 83, 'register', '{"customer_id":"83","name":"rk hju"}', '162.158.46.91', '2018-09-27 11:08:34'),
(508, 1, 'login', '{"customer_id":"1","name":"Sam Populous"}', '162.158.54.67', '2018-09-27 12:12:52'),
(509, 1, 'login', '{"customer_id":"1","name":"Sam Populous"}', '162.158.46.91', '2018-09-28 09:33:09'),
(510, 1, 'login', '{"customer_id":"1","name":"Sam Populous"}', '162.158.46.91', '2018-09-28 17:43:53'),
(511, 1, 'login', '{"customer_id":"1","name":"Sam Populous"}', '172.68.146.215', '2018-09-30 20:44:13'),
(512, 0, 'order_guest', '{"name":"DFGBFD DFGFD","order_id":70}', '162.158.46.13', '2018-10-02 16:39:20'),
(513, 1, 'login', '{"customer_id":"1","name":"Sam Populous"}', '172.68.144.124', '2018-10-02 20:00:44'),
(514, 1, 'login', '{"customer_id":"1","name":"Sam Populous"}', '203.163.242.80', '2019-01-01 22:42:00'),
(515, 1, 'login', '{"customer_id":"1","name":"Sam Populous"}', '115.96.143.161', '2019-01-02 05:30:33'),
(516, 84, 'register', '{"customer_id":84,"name":"Ashok V"}', '157.44.137.140', '2019-01-03 17:07:17'),
(517, 1, 'login', '{"customer_id":"1","name":"Sam Populous"}', '115.96.153.44', '2019-01-03 18:13:29'),
(518, 1, 'login', '{"customer_id":"1","name":"Sam Populous"}', '115.96.105.188', '2019-01-04 16:14:00'),
(519, 84, 'forgotten', '{"customer_id":"84","name":"Ashok V"}', '157.48.17.95', '2019-01-06 05:47:27'),
(520, 84, 'login', '{"customer_id":"84","name":"Ashok V"}', '157.48.17.95', '2019-01-06 05:49:47'),
(521, 84, 'login', '{"customer_id":"84","name":"Ashok V"}', '157.48.96.247', '2019-01-06 06:22:16'),
(522, 84, 'login', '{"customer_id":"84","name":"Ashok V"}', '157.48.55.144', '2019-01-07 22:43:03'),
(523, 84, 'login', '{"customer_id":"84","name":"Ashok V"}', '157.48.55.144', '2019-01-07 23:36:08'),
(524, 84, 'login', '{"customer_id":"84","name":"Ashok V"}', '157.48.20.247', '2019-01-08 17:21:23'),
(525, 84, 'login', '{"customer_id":"84","name":"Ashok V"}', '157.44.83.50', '2019-01-09 16:02:20'),
(526, 84, 'login', '{"customer_id":"84","name":"Ashok V"}', '157.44.21.228', '2019-01-10 13:05:33'),
(527, 84, 'login', '{"customer_id":"84","name":"Ashok V"}', '157.48.59.202', '2019-01-12 06:14:22'),
(528, 84, 'login', '{"customer_id":"84","name":"Ashok V"}', '157.48.193.81', '2019-01-12 20:21:30'),
(529, 84, 'order_account', '{"customer_id":"84","name":"Ashok V","order_id":71}', '157.48.193.81', '2019-01-12 20:22:50'),
(530, 84, 'order_account', '{"customer_id":"84","name":"Ashok V","order_id":72}', '157.48.193.81', '2019-01-12 20:56:59'),
(531, 84, 'login', '{"customer_id":"84","name":"Ashok V"}', '157.48.205.249', '2019-01-13 22:31:14'),
(532, 84, 'login', '{"customer_id":"84","name":"Ashok V"}', '157.48.205.249', '2019-01-13 22:32:18'),
(533, 0, 'register', '{"customer_id":null,"name":"Farmers Association"}', '103.41.97.186', '2019-01-15 00:08:49'),
(534, 0, 'register', '{"customer_id":null,"name":"Ashok V V"}', '103.41.97.186', '2019-01-15 13:52:27'),
(535, 84, 'login', '{"customer_id":"84","name":"Ashok V"}', '103.41.97.186', '2019-01-15 16:47:09'),
(536, 84, 'login', '{"customer_id":"84","name":"Ashok V"}', '157.48.64.214', '2019-01-15 18:02:54'),
(537, 84, 'login', '{"customer_id":"84","name":"Ashok V"}', '157.48.114.152', '2019-01-16 10:19:31'),
(538, 0, 'register', '{"customer_id":null,"name":"sam Populous"}', '202.142.105.17', '2019-01-22 19:10:35'),
(539, 88, 'register', '{"customer_id":"88","name":"sam Populous"}', '202.142.105.17', '2019-01-22 19:20:19'),
(540, 88, 'login', '{"customer_id":"88","name":"sam Populous"}', '202.142.105.17', '2019-01-24 21:07:08'),
(541, 88, 'login', '{"customer_id":"88","name":"sam Populous"}', '202.142.105.17', '2019-01-24 21:16:47'),
(542, 89, 'register', '{"customer_id":89,"name":"nagesh  rao"}', '72.163.217.105', '2019-01-25 18:43:46'),
(543, 89, 'forgotten', '{"customer_id":"89","name":"nagesh  rao"}', '72.163.217.104', '2019-02-13 15:39:03'),
(544, 89, 'login', '{"customer_id":"89","name":"nagesh  rao"}', '72.163.217.104', '2019-02-13 15:43:25'),
(545, 88, 'login', '{"customer_id":"88","name":"sam Populous"}', '202.142.93.82', '2019-02-18 04:00:53'),
(546, 89, 'forgotten', '{"customer_id":"89","name":"nagesh  rao"}', '106.51.30.177', '2019-02-18 20:11:02'),
(547, 89, 'login', '{"customer_id":"89","name":"nagesh  rao"}', '106.51.30.177', '2019-02-18 20:12:48'),
(548, 89, 'login', '{"customer_id":"89","name":"nagesh  rao"}', '106.51.30.177', '2019-02-18 20:19:18'),
(549, 90, 'register', '{"customer_id":"90","name":"kalyani rao"}', '106.51.30.177', '2019-02-19 17:58:15'),
(550, 91, 'register', '{"customer_id":91,"name":"herbs yoga"}', '106.51.30.177', '2019-02-26 22:48:30'),
(551, 88, 'login', '{"customer_id":"88","name":"sam Populous"}', '202.142.93.82', '2019-04-01 20:29:01'),
(552, 88, 'login', '{"customer_id":"88","name":"sam Populous"}', '202.142.93.82', '2019-04-06 16:41:48'),
(553, 88, 'login', '{"customer_id":"88","name":"sam Populous"}', '162.158.154.250', '2019-04-22 02:56:45'),
(554, 88, 'login', '{"customer_id":"88","name":"sam Populous"}', '172.68.146.203', '2019-05-07 19:18:36'),
(555, 92, 'register', '{"customer_id":92,"name":"Prashant Kumar Sharma"}', '172.68.144.40', '2019-05-10 18:35:20'),
(556, 92, 'login', '{"customer_id":"92","name":"Prashant Kumar Sharma"}', '172.68.146.77', '2019-05-12 01:23:12'),
(557, 93, 'register', '{"customer_id":93,"name":"saurav kumar"}', '172.68.144.184', '2019-05-12 02:15:08'),
(558, 93, 'login', '{"customer_id":"93","name":"saurav kumar"}', '162.158.166.152', '2019-05-12 02:17:09'),
(559, 92, 'login', '{"customer_id":"92","name":"Prashant Kumar Sharma"}', '172.68.144.112', '2019-05-12 02:22:33'),
(560, 92, 'login', '{"customer_id":"92","name":"Prashant Kumar Sharma"}', '172.69.135.103', '2019-05-12 14:46:00'),
(561, 92, 'login', '{"customer_id":"92","name":"Prashant Kumar Sharma"}', '172.69.33.206', '2019-06-01 14:00:15'),
(562, 92, 'login', '{"customer_id":"92","name":"Prashant Kumar Sharma"}', '172.69.134.6', '2019-06-04 20:50:24'),
(563, 92, 'login', '{"customer_id":"92","name":"Prashant Kumar Sharma"}', '162.158.150.61', '2019-06-13 23:58:00'),
(564, 92, 'login', '{"customer_id":"92","name":"Prashant Kumar Sharma"}', '162.158.166.84', '2019-06-29 18:29:02'),
(565, 92, 'login', '{"customer_id":"92","name":"Prashant Kumar Sharma"}', '162.158.154.250', '2019-07-30 10:43:29'),
(566, 88, 'login', '{"customer_id":"88","name":"sam Populous"}', '103.228.112.242', '2019-09-11 17:45:12'),
(567, 88, 'login', '{"customer_id":"88","name":"sam Populous"}', '103.228.112.242', '2019-09-11 17:56:54'),
(568, 88, 'login', '{"customer_id":"88","name":"sam Populous"}', '103.228.112.242', '2019-09-11 18:29:39'),
(569, 88, 'login', '{"customer_id":"88","name":"sam Populous"}', '103.228.112.242', '2019-09-11 18:30:29'),
(570, 88, 'login', '{"customer_id":"88","name":"sam Populous"}', '157.40.50.83', '2019-09-12 00:39:01'),
(571, 88, 'login', '{"customer_id":"88","name":"sam Populous"}', '157.40.50.83', '2019-09-12 13:34:02'),
(572, 88, 'login', '{"customer_id":"88","name":"sam Populous"}', '122.162.240.195', '2019-09-12 15:23:26'),
(573, 94, 'register', '{"customer_id":94,"name":"Pankaj Nigam"}', '122.162.240.195', '2019-09-12 15:45:34'),
(574, 95, 'register', '{"customer_id":95,"name":"ASHISH RATHORE"}', '122.162.240.195', '2019-09-12 15:52:27'),
(575, 88, 'login', '{"customer_id":"88","name":"sam Populous"}', '122.162.240.195', '2019-09-12 17:30:55'),
(576, 88, 'login', '{"customer_id":"88","name":"sam Populous"}', '47.15.140.69', '2019-09-13 12:08:32'),
(577, 94, 'login', '{"customer_id":"94","name":"Pankaj Nigam"}', '122.162.240.195', '2019-09-14 10:43:38'),
(578, 96, 'register', '{"customer_id":96,"name":"Himanshu Rathore"}', '182.68.28.25', '2019-09-19 10:56:15'),
(579, 88, 'login', '{"customer_id":"88","name":"sam Populous"}', '157.40.82.190', '2019-09-20 12:02:48'),
(580, 88, 'login', '{"customer_id":"88","name":"sam Populous"}', '202.142.75.27', '2019-12-12 14:54:36'),
(581, 97, 'register', '{"customer_id":97,"name":"RAZA RAZA"}', '122.177.77.112', '2019-12-28 17:11:52'),
(582, 88, 'login', '{"customer_id":"88","name":"sam Populous"}', '47.15.128.125', '2020-05-07 01:25:32'),
(583, 88, 'login', '{"customer_id":"88","name":"sam Populous"}', '103.91.160.152', '2020-05-31 14:21:15'),
(584, 88, 'login', '{"customer_id":"88","name":"sam Populous"}', '103.91.160.152', '2020-05-31 14:25:12'),
(585, 88, 'order_account', '{"customer_id":"88","name":"sam Populous","order_id":78}', '103.91.160.152', '2020-05-31 14:53:45'),
(586, 88, 'login', '{"customer_id":"88","name":"sam Populous"}', '103.91.160.152', '2020-05-31 17:16:19'),
(587, 98, 'register', '{"customer_id":"98","name":"Randhir Kumar singh"}', '103.91.160.152', '2020-05-31 17:19:12'),
(588, 99, 'register', '{"customer_id":99,"name":"Nicky Kushwaha"}', '106.198.129.169', '2020-05-31 21:23:37'),
(589, 99, 'order_account', '{"customer_id":"99","name":"Nicky Kushwaha","order_id":79}', '106.198.129.169', '2020-05-31 21:28:12'),
(590, 88, 'login', '{"customer_id":"88","name":"sam Populous"}', '103.91.160.152', '2020-05-31 21:57:35'),
(591, 100, 'register', '{"customer_id":100,"name":"Anand Kumar"}', '103.91.160.152', '2020-06-01 14:59:07'),
(592, 100, 'order_account', '{"customer_id":"100","name":"Anand Kumar","order_id":82}', '103.91.160.152', '2020-06-01 23:48:42'),
(593, 100, 'return_account', '{"customer_id":"100","name":"Anand Kumar","return_id":1}', '103.91.160.152', '2020-06-01 23:53:08'),
(594, 100, 'login', '{"customer_id":"100","name":"Anand Kumar"}', '103.91.160.191', '2020-06-08 20:29:51'),
(595, 100, 'order_account', '{"customer_id":"100","name":"Anand Kumar","order_id":86}', '103.91.160.191', '2020-06-08 23:46:09'),
(596, 100, 'login', '{"customer_id":"100","name":"Anand Kumar"}', '103.91.160.191', '2020-06-09 05:43:08'),
(597, 100, 'order_account', '{"customer_id":"100","name":"Anand Kumar","order_id":88}', '103.91.160.191', '2020-06-09 05:51:04'),
(598, 101, 'register', '{"customer_id":"101","name":"Jai Prakash"}', '103.91.160.191', '2020-06-10 17:22:46'),
(599, 101, 'login', '{"customer_id":"101","name":"Jai Prakash"}', '103.91.160.62', '2020-06-12 11:44:44'),
(600, 101, 'login', '{"customer_id":"101","name":"Jai Prakash"}', '103.91.160.62', '2020-06-12 12:13:30'),
(601, 101, 'order_account', '{"customer_id":"101","name":"Jai Prakash","order_id":89}', '103.91.160.62', '2020-06-12 12:25:32'),
(602, 102, 'register', '{"customer_id":"102","name":"Helmet man India"}', '122.161.85.183', '2020-06-12 14:40:25'),
(603, 100, 'login', '{"customer_id":"100","name":"Anand Kumar"}', '103.91.160.138', '2020-06-13 12:38:10'),
(604, 103, 'register', '{"customer_id":"103","name":"S&amp;S  Collection''s "}', '103.70.203.139', '2020-06-15 11:05:09'),
(605, 104, 'register', '{"customer_id":"104","name":"Nitish  gaurav"}', '202.91.74.33', '2020-06-18 15:46:53'),
(606, 101, 'login', '{"customer_id":"101","name":"Jai Prakash"}', '152.56.157.64', '2020-07-14 17:09:39'),
(607, 101, 'login', '{"customer_id":"101","name":"Jai Prakash"}', '47.29.69.103', '2020-08-05 16:12:09'),
(608, 100, 'login', '{"customer_id":"100","name":"Anand Kumar"}', '157.42.112.238', '2020-08-05 16:20:49'),
(609, 101, 'order_account', '{"customer_id":"101","name":"Jai Prakash","order_id":97}', '157.35.227.56', '2020-08-05 16:26:14'),
(610, 101, 'login', '{"customer_id":"101","name":"Jai Prakash"}', '47.29.3.91', '2020-08-12 15:58:28'),
(611, 101, 'login', '{"customer_id":"101","name":"Jai Prakash"}', '103.109.6.73', '2020-09-10 10:26:39'),
(612, 105, 'register', '{"customer_id":"105","name":"Sushil Chaudhary"}', '223.225.21.71', '2020-09-10 10:56:13'),
(613, 101, 'login', '{"customer_id":"101","name":"Jai Prakash"}', '45.120.160.173', '2020-09-14 15:28:39'),
(614, 101, 'login', '{"customer_id":"101","name":"Jai Prakash"}', '103.91.160.60', '2020-09-14 18:48:37'),
(615, 101, 'login', '{"customer_id":"101","name":"Jai Prakash"}', '103.91.160.60', '2020-09-14 19:25:54'),
(616, 101, 'login', '{"customer_id":"101","name":"Jai Prakash"}', '103.91.160.60', '2020-09-14 21:20:27'),
(617, 101, 'login', '{"customer_id":"101","name":"Jai Prakash"}', '103.91.160.60', '2020-09-15 22:51:39'),
(618, 101, 'login', '{"customer_id":"101","name":"Jai Prakash"}', '103.91.160.60', '2020-09-15 23:25:34'),
(619, 101, 'login', '{"customer_id":"101","name":"Jai Prakash"}', '103.91.160.60', '2020-09-16 08:02:05'),
(620, 101, 'login', '{"customer_id":"101","name":"Jai Prakash"}', '103.91.160.60', '2020-09-16 08:02:22'),
(621, 101, 'login', '{"customer_id":"101","name":"Jai Prakash"}', '103.91.160.230', '2020-09-17 18:14:30'),
(622, 101, 'login', '{"customer_id":"101","name":"Jai Prakash"}', '103.91.160.230', '2020-09-17 18:29:15'),
(623, 101, 'login', '{"customer_id":"101","name":"Jai Prakash"}', '103.91.160.230', '2020-09-17 19:48:01'),
(624, 101, 'order_account', '{"customer_id":"101","name":"Jai Prakash","order_id":99}', '103.91.160.230', '2020-09-17 19:53:49'),
(625, 100, 'login', '{"customer_id":"100","name":"Anand Kumar"}', '103.91.160.230', '2020-09-17 19:54:31'),
(626, 100, 'login', '{"customer_id":"100","name":"Anand Kumar"}', '103.91.160.230', '2020-09-17 20:19:50'),
(627, 100, 'order_account', '{"customer_id":"100","name":"Anand Kumar","order_id":101}', '103.91.160.230', '2020-09-17 20:22:57'),
(628, 100, 'login', '{"customer_id":"100","name":"Anand Kumar"}', '103.91.160.230', '2020-09-18 02:11:26'),
(629, 100, 'order_account', '{"customer_id":"100","name":"Anand Kumar","order_id":102}', '103.91.160.230', '2020-09-18 02:12:00'),
(630, 100, 'login', '{"customer_id":"100","name":"Anand Kumar"}', '103.91.160.230', '2020-09-18 02:16:30'),
(631, 100, 'login', '{"customer_id":"100","name":"Anand Kumar"}', '103.91.160.230', '2020-09-18 02:27:19'),
(632, 100, 'order_account', '{"customer_id":"100","name":"Anand Kumar","order_id":104}', '103.91.160.230', '2020-09-18 02:27:54'),
(633, 101, 'login', '{"customer_id":"101","name":"Jai Prakash"}', '103.91.160.230', '2020-09-18 02:35:46'),
(634, 101, 'login', '{"customer_id":"101","name":"Jai Prakash"}', '103.91.160.202', '2020-09-18 03:34:43'),
(635, 101, 'login', '{"customer_id":"101","name":"Jai Prakash"}', '103.91.160.202', '2020-09-18 03:45:22'),
(636, 100, 'login', '{"customer_id":"100","name":"Anand Kumar"}', '103.109.6.73', '2020-09-18 05:07:46'),
(637, 101, 'login', '{"customer_id":"101","name":"Jai Prakash"}', '103.91.163.15', '2020-09-27 11:24:58'),
(638, 101, 'login', '{"customer_id":"101","name":"Jai Prakash"}', '103.91.160.63', '2020-09-30 15:58:12'),
(639, 101, 'login', '{"customer_id":"101","name":"Jai Prakash"}', '103.91.160.63', '2020-09-30 16:18:34'),
(640, 101, 'login', '{"customer_id":"101","name":"Jai Prakash"}', '115.97.133.198', '2020-12-15 06:11:12'),
(641, 101, 'login', '{"customer_id":"101","name":"Jai Prakash"}', '115.97.133.198', '2020-12-15 06:11:41'),
(642, 101, 'login', '{"customer_id":"101","name":"Jai Prakash"}', '125.99.214.182', '2020-12-23 05:06:38'),
(643, 100, 'login', '{"customer_id":"100","name":"Anand Kumar"}', '103.237.173.121', '2020-12-28 01:52:31'),
(644, 106, 'register', '{"customer_id":"106","name":"Anand Kumar"}', '115.97.134.196', '2021-01-05 05:04:14'),
(645, 88, 'login', '{"customer_id":"88","name":"sam Populous"}', '115.97.134.196', '2021-01-05 05:46:03'),
(646, 106, 'login', '{"customer_id":"106","name":"Anand Kumar"}', '115.97.134.196', '2021-01-05 05:50:17'),
(647, 101, 'login', '{"customer_id":"101","name":"Jai Prakash"}', '115.97.134.196', '2021-01-05 05:54:17'),
(648, 101, 'login', '{"customer_id":"101","name":"Jai Prakash"}', '115.97.134.196', '2021-01-05 06:59:10'),
(649, 100, 'login', '{"customer_id":"100","name":"Anand Kumar"}', '27.6.244.213', '2021-01-06 09:27:31'),
(650, 101, 'login', '{"customer_id":"101","name":"Jai Prakash"}', '27.6.234.41', '2021-03-06 06:05:55');

-- --------------------------------------------------------

--
-- Table structure for table `oc_customer_group`
--

CREATE TABLE IF NOT EXISTS `oc_customer_group` (
  `customer_group_id` int(11) NOT NULL AUTO_INCREMENT,
  `approval` int(1) NOT NULL,
  `sort_order` int(3) NOT NULL,
  PRIMARY KEY (`customer_group_id`)
) ENGINE=MyISAM  DEFAULT CHARSET=utf8 AUTO_INCREMENT=2 ;

--
-- Dumping data for table `oc_customer_group`
--

INSERT INTO `oc_customer_group` (`customer_group_id`, `approval`, `sort_order`) VALUES
(1, 0, 1);

-- --------------------------------------------------------

--
-- Table structure for table `oc_customer_group_description`
--

CREATE TABLE IF NOT EXISTS `oc_customer_group_description` (
  `customer_group_id` int(11) NOT NULL,
  `language_id` int(11) NOT NULL,
  `name` varchar(32) NOT NULL,
  `description` text NOT NULL,
  PRIMARY KEY (`customer_group_id`,`language_id`)
) ENGINE=MyISAM DEFAULT CHARSET=utf8;

--
-- Dumping data for table `oc_customer_group_description`
--

INSERT INTO `oc_customer_group_description` (`customer_group_id`, `language_id`, `name`, `description`) VALUES
(1, 1, 'Default', 'Default');

-- --------------------------------------------------------

--
-- Table structure for table `oc_customer_history`
--

CREATE TABLE IF NOT EXISTS `oc_customer_history` (
  `customer_history_id` int(11) NOT NULL AUTO_INCREMENT,
  `customer_id` int(11) NOT NULL,
  `comment` text NOT NULL,
  `date_added` datetime NOT NULL,
  PRIMARY KEY (`customer_history_id`)
) ENGINE=MyISAM DEFAULT CHARSET=utf8 AUTO_INCREMENT=1 ;

-- --------------------------------------------------------

--
-- Table structure for table `oc_customer_ip`
--

CREATE TABLE IF NOT EXISTS `oc_customer_ip` (
  `customer_ip_id` int(11) NOT NULL AUTO_INCREMENT,
  `customer_id` int(11) NOT NULL,
  `ip` varchar(40) NOT NULL,
  `date_added` datetime NOT NULL,
  PRIMARY KEY (`customer_ip_id`),
  KEY `ip` (`ip`)
) ENGINE=MyISAM  DEFAULT CHARSET=utf8 AUTO_INCREMENT=575 ;

--
-- Dumping data for table `oc_customer_ip`
--

INSERT INTO `oc_customer_ip` (`customer_ip_id`, `customer_id`, `ip`, `date_added`) VALUES
(464, 84, '157.48.17.95', '2019-01-06 05:49:48'),
(465, 84, '157.48.96.247', '2019-01-06 06:22:21'),
(466, 84, '157.48.55.144', '2019-01-07 22:43:05'),
(467, 84, '157.48.20.247', '2019-01-08 17:21:24'),
(468, 84, '157.44.83.50', '2019-01-09 16:02:21'),
(469, 84, '157.44.25.120', '2019-01-09 16:02:29'),
(470, 84, '157.44.111.234', '2019-01-10 13:05:33'),
(471, 84, '157.44.21.228', '2019-01-10 13:05:35'),
(472, 84, '157.48.59.202', '2019-01-12 06:14:23'),
(473, 84, '157.48.193.81', '2019-01-12 20:21:30'),
(474, 84, '157.48.205.249', '2019-01-13 22:31:14'),
(475, 84, '103.41.97.186', '2019-01-15 16:47:10'),
(476, 84, '157.48.64.214', '2019-01-15 17:16:34'),
(477, 84, '157.48.114.152', '2019-01-16 10:19:32'),
(461, 84, '157.44.137.140', '2019-01-03 17:07:18'),
(478, 88, '202.142.105.17', '2019-01-22 19:20:20'),
(479, 89, '72.163.217.105', '2019-01-25 18:43:47'),
(480, 89, '72.163.217.104', '2019-02-13 15:43:27'),
(481, 88, '202.142.93.82', '2019-02-18 04:00:53'),
(482, 89, '106.51.30.177', '2019-02-18 20:12:49'),
(483, 90, '106.51.30.177', '2019-02-19 17:58:16'),
(484, 91, '106.51.30.177', '2019-02-26 22:48:32'),
(485, 88, '162.158.154.250', '2019-04-22 02:56:46'),
(486, 88, '162.158.155.47', '2019-04-22 03:02:56'),
(487, 88, '141.101.98.85', '2019-04-22 03:03:05'),
(488, 88, '141.101.98.181', '2019-04-22 03:03:08'),
(489, 88, '141.101.107.63', '2019-04-22 03:03:21'),
(490, 88, '162.158.155.203', '2019-04-22 03:03:23'),
(491, 88, '172.68.146.203', '2019-05-07 19:18:38'),
(492, 92, '172.68.144.40', '2019-05-10 18:35:21'),
(493, 92, '172.68.146.77', '2019-05-12 01:23:13'),
(494, 92, '162.158.165.11', '2019-05-12 01:25:19'),
(495, 93, '172.68.144.184', '2019-05-12 02:15:10'),
(496, 93, '162.158.166.152', '2019-05-12 02:17:10'),
(497, 93, '162.158.165.61', '2019-05-12 02:17:25'),
(498, 92, '172.68.144.112', '2019-05-12 02:22:34'),
(499, 92, '172.69.135.103', '2019-05-12 14:46:01'),
(500, 92, '172.68.144.160', '2019-05-12 15:12:31'),
(501, 92, '172.69.33.206', '2019-06-01 14:00:17'),
(502, 92, '172.69.134.6', '2019-06-04 20:50:25'),
(503, 92, '162.158.150.61', '2019-06-13 23:58:01'),
(504, 92, '162.158.150.55', '2019-06-14 00:05:03'),
(505, 92, '162.158.166.84', '2019-06-29 18:29:04'),
(506, 92, '172.68.144.214', '2019-06-29 18:35:13'),
(507, 92, '162.158.154.250', '2019-07-30 10:43:33'),
(508, 92, '162.158.158.24', '2019-07-30 10:43:58'),
(509, 88, '103.228.112.242', '2019-09-11 17:45:12'),
(510, 88, '157.40.50.83', '2019-09-12 00:39:01'),
(511, 88, '122.162.240.195', '2019-09-12 15:23:26'),
(512, 94, '122.162.240.195', '2019-09-12 15:45:34'),
(513, 95, '122.162.240.195', '2019-09-12 15:52:27'),
(514, 88, '47.15.140.69', '2019-09-13 12:08:33'),
(515, 96, '182.68.28.25', '2019-09-19 10:56:15'),
(516, 96, '122.176.187.127', '2019-09-19 12:14:04'),
(517, 88, '157.40.82.190', '2019-09-20 12:02:49'),
(518, 88, '202.142.75.27', '2019-12-12 14:54:36'),
(519, 97, '122.177.77.112', '2019-12-28 17:11:52'),
(520, 88, '47.15.128.125', '2020-05-07 01:25:32'),
(521, 88, '103.91.160.152', '2020-05-31 14:21:15'),
(522, 98, '103.91.160.152', '2020-05-31 17:19:12'),
(523, 99, '106.198.129.169', '2020-05-31 21:23:38'),
(524, 99, '106.198.193.121', '2020-05-31 21:24:35'),
(525, 99, '103.91.160.152', '2020-05-31 22:08:55'),
(526, 100, '103.91.160.152', '2020-06-01 14:59:08'),
(527, 100, '103.91.160.191', '2020-06-08 20:29:51'),
(528, 100, '223.225.100.129', '2020-06-09 05:46:06'),
(529, 101, '103.91.160.191', '2020-06-10 17:22:47'),
(530, 101, '103.91.160.62', '2020-06-12 11:44:44'),
(531, 101, '103.91.160.193', '2020-06-12 12:19:40'),
(532, 101, '103.91.160.157', '2020-06-12 12:22:15'),
(533, 102, '122.161.85.183', '2020-06-12 14:40:26'),
(534, 102, '103.91.160.62', '2020-06-12 14:45:40'),
(535, 101, '103.91.160.138', '2020-06-13 11:24:01'),
(536, 100, '103.91.160.138', '2020-06-13 12:38:10'),
(537, 100, '103.91.160.158', '2020-06-13 14:57:27'),
(538, 101, '103.91.160.158', '2020-06-13 18:17:43'),
(539, 103, '103.70.203.139', '2020-06-15 11:05:10'),
(540, 103, '103.91.160.231', '2020-06-15 11:32:55'),
(541, 101, '103.91.160.231', '2020-06-15 11:58:18'),
(542, 104, '202.91.74.33', '2020-06-18 15:46:53'),
(543, 104, '223.230.132.87', '2020-06-19 17:45:42'),
(544, 101, '152.56.157.64', '2020-07-14 17:09:40'),
(545, 101, '47.29.69.103', '2020-08-05 16:12:09'),
(546, 101, '157.35.227.56', '2020-08-05 16:13:37'),
(547, 101, '157.42.112.238', '2020-08-05 16:17:35'),
(548, 100, '157.42.112.238', '2020-08-05 16:20:50'),
(549, 100, '47.29.69.103', '2020-08-05 16:21:05'),
(550, 100, '157.35.227.56', '2020-08-05 16:21:23'),
(551, 101, '157.42.108.99', '2020-08-12 15:58:37'),
(552, 101, '157.35.255.121', '2020-08-12 15:59:36'),
(553, 101, '47.29.3.91', '2020-08-12 16:00:29'),
(554, 101, '103.109.6.73', '2020-09-10 10:26:44'),
(555, 105, '223.225.21.71', '2020-09-10 10:56:14'),
(556, 101, '45.120.160.173', '2020-09-14 15:28:39'),
(557, 101, '103.91.160.60', '2020-09-14 18:44:44'),
(558, 101, '103.91.160.237', '2020-09-14 22:15:06'),
(559, 101, '103.91.160.230', '2020-09-17 18:14:30'),
(560, 100, '103.91.160.230', '2020-09-17 19:54:31'),
(561, 101, '103.91.160.202', '2020-09-18 03:34:43'),
(562, 100, '103.109.6.73', '2020-09-18 05:07:47'),
(563, 93, '103.91.160.95', '2020-09-20 06:49:42'),
(564, 101, '103.91.163.15', '2020-09-27 11:24:58'),
(565, 101, '103.91.160.63', '2020-09-30 15:58:13'),
(566, 101, '115.97.133.198', '2020-12-15 06:11:12'),
(567, 101, '125.99.214.182', '2020-12-23 05:06:38'),
(568, 101, '203.212.228.116', '2020-12-23 05:26:39'),
(569, 100, '103.237.173.121', '2020-12-28 01:52:31'),
(570, 106, '115.97.134.196', '2021-01-05 05:04:14'),
(571, 88, '115.97.134.196', '2021-01-05 05:46:03'),
(572, 101, '115.97.134.196', '2021-01-05 05:54:18'),
(573, 100, '27.6.244.213', '2021-01-06 09:27:31'),
(574, 101, '27.6.234.41', '2021-03-06 06:05:55');

-- --------------------------------------------------------

--
-- Table structure for table `oc_customer_login`
--

CREATE TABLE IF NOT EXISTS `oc_customer_login` (
  `customer_login_id` int(11) NOT NULL AUTO_INCREMENT,
  `email` varchar(96) NOT NULL,
  `ip` varchar(40) NOT NULL,
  `total` int(4) NOT NULL,
  `date_added` datetime NOT NULL,
  `date_modified` datetime NOT NULL,
  PRIMARY KEY (`customer_login_id`),
  KEY `email` (`email`),
  KEY `ip` (`ip`)
) ENGINE=MyISAM  DEFAULT CHARSET=utf8 AUTO_INCREMENT=252 ;

--
-- Dumping data for table `oc_customer_login`
--

INSERT INTO `oc_customer_login` (`customer_login_id`, `email`, `ip`, `total`, `date_added`, `date_modified`) VALUES
(1, 'sam', '152.52.18.75', 1, '2016-07-04 18:48:36', '2016-07-04 18:48:36'),
(2, 'demo', '59.98.165.24', 1, '2016-07-05 12:12:12', '2016-07-05 12:12:12'),
(3, 'demo', '202.142.123.113', 1, '2016-07-11 06:24:51', '2016-07-11 06:24:51'),
(4, 'sam', '202.142.123.113', 1, '2016-07-11 06:28:16', '2016-07-11 06:28:16'),
(5, 'sam', '103.197.118.234', 1, '2016-07-13 16:02:24', '2016-07-13 16:02:24'),
(6, 'sam', '203.134.196.81', 2, '2016-07-26 15:29:15', '2016-07-26 15:29:47'),
(7, '', '122.163.163.68', 1, '2016-07-29 18:29:54', '2016-07-29 18:29:54'),
(8, 'sam', '116.202.38.39', 1, '2016-07-30 14:42:19', '2016-07-30 14:42:19'),
(9, 'sam', '117.99.177.92', 1, '2016-08-01 15:36:44', '2016-08-01 15:36:44'),
(10, '', '59.95.61.151', 1, '2016-08-02 17:05:16', '2016-08-02 17:05:16'),
(11, 'sam', '49.207.223.71', 2, '2016-08-06 13:47:33', '2016-08-06 13:47:56'),
(12, 'sam', '182.64.125.208', 2, '2016-08-06 16:12:45', '2016-08-06 16:13:05'),
(13, 'sam', '106.215.189.186', 1, '2016-08-08 13:37:58', '2016-08-08 13:37:58'),
(14, 'sam', '43.248.37.250', 1, '2016-08-08 14:47:13', '2016-08-08 14:47:13'),
(15, 'admin', '203.134.199.237', 3, '2016-09-27 00:08:13', '2016-09-27 00:08:33'),
(19, 'admin', '124.253.146.210', 1, '2016-09-29 11:43:41', '2016-09-29 11:43:41'),
(17, 'admin', '203.134.197.47', 1, '2016-09-28 20:24:22', '2016-09-28 20:24:22'),
(22, 'sa', '202.142.106.2', 1, '2016-11-07 17:56:11', '2016-11-07 17:56:11'),
(24, '', '47.31.206.30', 1, '2016-11-12 13:37:10', '2016-11-12 13:37:10'),
(25, 'sam', '47.31.79.168', 1, '2016-11-12 13:40:03', '2016-11-12 13:40:03'),
(26, 'sam', '47.31.206.30', 1, '2016-11-12 13:40:27', '2016-11-12 13:40:27'),
(27, 'demo', '165.225.104.79', 1, '2016-11-14 17:50:05', '2016-11-14 17:50:05'),
(28, 'demo', '1.22.181.126', 1, '2016-11-15 13:06:42', '2016-11-15 13:06:43'),
(29, 'sam', '1.22.181.126', 2, '2016-11-15 13:07:02', '2016-11-15 13:08:56'),
(30, 'fgfg', '202.142.75.67', 1, '2016-12-08 06:33:08', '2016-12-08 06:33:08'),
(31, '&lt;?php echo $email; ?&gt;', '202.142.75.67', 1, '2016-12-08 06:39:07', '2016-12-08 06:39:07'),
(32, '', '202.142.75.67', 9, '2016-12-08 06:53:28', '2016-12-08 08:25:49'),
(33, 'fsff@fdf.com', '202.142.75.67', 1, '2016-12-08 07:15:14', '2016-12-08 07:15:14'),
(34, '', '47.29.170.189', 3, '2016-12-22 11:58:32', '2016-12-22 12:22:47'),
(35, '', '117.203.164.35', 1, '2016-12-22 13:40:10', '2016-12-22 13:40:10'),
(36, '', '47.29.131.109', 1, '2016-12-22 15:06:19', '2016-12-22 15:06:19'),
(48, 'pran_d@yahoo.co.in', '47.29.190.15', 1, '2017-01-21 10:02:58', '2017-01-21 10:02:58'),
(38, '', '117.203.168.65', 1, '2017-01-06 20:04:40', '2017-01-06 20:04:40'),
(39, '', '202.142.106.71', 1, '2017-01-07 13:08:17', '2017-01-07 13:08:17'),
(40, '', '202.142.118.249', 1, '2017-01-10 17:14:19', '2017-01-10 17:14:19'),
(41, '', '117.203.160.125', 1, '2017-01-10 19:25:38', '2017-01-10 19:25:38'),
(42, '', '117.203.165.216', 1, '2017-01-15 09:04:21', '2017-01-15 09:04:21'),
(43, '', '202.142.123.225', 5, '2017-01-16 18:15:06', '2017-01-16 19:30:56'),
(44, '', '117.216.124.206', 1, '2017-01-16 19:02:29', '2017-01-16 19:02:29'),
(45, 'pran_d@yahoo.co.in', '47.29.137.133', 1, '2017-01-18 09:39:20', '2017-01-18 09:39:20'),
(47, 'pran_d@yahoo.co.in', '47.29.181.120', 1, '2017-01-19 12:46:56', '2017-01-19 12:46:56'),
(49, 'pradyumnaborthakur23@gmail.com', '117.203.167.35', 2, '2017-01-23 08:18:40', '2017-01-23 08:18:58'),
(50, 'demo', '47.30.104.125', 1, '2017-02-21 16:14:55', '2017-02-21 16:14:55'),
(51, 'sam', '47.30.104.125', 1, '2017-02-21 16:17:20', '2017-02-21 16:17:20'),
(52, 'sam', '47.15.5.252', 1, '2017-02-25 15:02:01', '2017-02-25 15:02:01'),
(53, 'sam', '139.167.2.190', 1, '2017-02-28 04:35:45', '2017-02-28 04:35:45'),
(54, 'demo', '103.243.55.71', 2, '2017-03-05 20:29:53', '2017-03-05 20:31:25'),
(55, 'sam', '103.243.55.71', 1, '2017-03-05 20:49:11', '2017-03-05 20:49:11'),
(56, 'sam', '169.149.128.56', 1, '2017-03-06 05:50:30', '2017-03-06 05:50:30'),
(57, 'sam', '42.104.93.1', 1, '2017-03-06 16:01:30', '2017-03-06 16:01:30'),
(59, 'abhimaurya11@gmail.com', '117.216.143.74', 1, '2017-03-08 09:32:56', '2017-03-08 09:32:56'),
(60, 'demo', '27.5.11.23', 1, '2017-03-09 13:19:53', '2017-03-09 13:19:53'),
(61, 'sam', '27.5.11.23', 1, '2017-03-09 13:23:26', '2017-03-09 13:23:26'),
(62, 'sam', '123.176.47.178', 2, '2017-03-09 13:50:54', '2017-03-09 13:52:22'),
(63, 'sam', '123.201.107.36', 1, '2017-03-09 21:24:34', '2017-03-09 21:24:34'),
(64, 'maurya12', '169.149.128.46', 1, '2017-03-11 06:33:49', '2017-03-11 06:33:49'),
(65, 'sam', '124.253.86.107', 2, '2017-03-12 15:03:27', '2017-03-12 15:04:14'),
(66, 'demo', '124.253.86.107', 1, '2017-03-12 15:04:08', '2017-03-12 15:04:08'),
(67, 'sam', '49.35.7.219', 1, '2017-03-28 16:50:52', '2017-03-28 16:50:52'),
(68, 'sam', '49.34.125.216', 2, '2017-03-29 13:45:10', '2017-03-29 13:49:49'),
(69, 'demo', '103.243.60.37', 1, '2017-03-29 14:31:26', '2017-03-29 14:31:26'),
(70, 'sam', '122.161.163.20', 1, '2017-03-30 15:04:51', '2017-03-30 15:04:51'),
(71, 'abhimaurya11@gmail.com', '59.89.39.250', 1, '2017-03-31 15:59:59', '2017-03-31 15:59:59'),
(72, 'sam', '202.78.235.214', 1, '2017-04-01 11:21:10', '2017-04-01 11:21:10'),
(73, 'sam', '42.109.2.175', 1, '2017-04-05 16:00:51', '2017-04-05 16:00:51'),
(74, 'sam@gmail.com', '42.109.2.175', 1, '2017-04-05 16:01:11', '2017-04-05 16:01:11'),
(75, 'sam', '202.91.77.198', 2, '2017-04-06 15:24:59', '2017-04-06 15:26:01'),
(76, 'sam@websolink.com', '122.169.107.191', 1, '2017-04-06 16:23:15', '2017-04-06 16:23:15'),
(77, 'sam@gmail.com', '122.169.107.191', 1, '2017-04-06 16:23:24', '2017-04-06 16:23:24'),
(78, 'sam', '8.37.230.93', 3, '2017-04-07 13:28:26', '2017-04-07 13:29:18'),
(79, 'demo', '59.163.35.158', 1, '2017-04-12 13:01:52', '2017-04-12 13:01:52'),
(80, 'demo', '49.203.248.48', 2, '2017-04-13 10:13:48', '2017-04-13 10:14:27'),
(81, 'sam', '49.203.248.48', 2, '2017-04-13 10:15:53', '2017-04-13 10:16:22'),
(82, 'demo', '49.34.6.76', 1, '2017-04-14 18:33:39', '2017-04-14 18:33:39'),
(83, 'sem', '49.34.6.76', 1, '2017-04-14 18:39:27', '2017-04-14 18:39:27'),
(84, 'sam', '219.65.44.238', 1, '2017-04-18 08:23:09', '2017-04-18 08:23:09'),
(85, 'demo', '203.110.83.46', 1, '2017-04-18 08:23:30', '2017-04-18 08:23:30'),
(86, 'demo', '103.84.185.212', 2, '2017-04-18 21:51:40', '2017-04-18 21:53:12'),
(87, 'sam', '183.82.116.85', 1, '2017-04-19 17:25:59', '2017-04-19 17:25:59'),
(88, 'sam', '139.167.6.16', 1, '2017-04-25 12:16:43', '2017-04-25 12:16:43'),
(89, 'demo', '157.49.14.150', 1, '2017-04-30 13:22:19', '2017-04-30 13:22:19'),
(90, 'sam', '47.31.10.181', 1, '2017-05-06 22:11:57', '2017-05-06 22:11:57'),
(91, '', '137.97.9.67', 1, '2017-05-09 20:59:19', '2017-05-09 20:59:19'),
(92, 'sam', '137.97.9.67', 1, '2017-05-09 21:00:18', '2017-05-09 21:00:18'),
(93, 'sam', '92.97.150.70', 1, '2017-05-18 00:11:23', '2017-05-18 00:11:23'),
(94, 'sam', '47.30.67.186', 1, '2017-05-18 22:50:58', '2017-05-18 22:50:58'),
(95, 'sam', '42.110.191.231', 1, '2017-05-19 06:43:37', '2017-05-19 06:43:37'),
(96, 'demo', '47.8.5.249', 1, '2017-05-20 17:23:37', '2017-05-20 17:23:37'),
(97, 'jehyhe', '183.87.94.50', 1, '2017-05-23 20:05:50', '2017-05-23 20:05:50'),
(98, 'sam', '122.165.86.50', 1, '2017-05-25 15:55:45', '2017-05-25 15:55:45'),
(99, 'demo', '47.9.202.177', 2, '2017-05-26 08:04:15', '2017-05-26 08:04:21'),
(100, '', '60.243.42.50', 1, '2017-05-27 13:31:42', '2017-05-27 13:31:42'),
(101, 'sam', '60.243.42.50', 1, '2017-05-27 13:31:57', '2017-05-27 13:31:57'),
(102, 'sam', '49.207.177.115', 1, '2017-05-30 15:34:01', '2017-05-30 15:34:01'),
(103, 'demo', '47.9.183.137', 1, '2017-05-31 06:57:54', '2017-05-31 06:57:54'),
(104, 'sam', '47.9.183.137', 2, '2017-05-31 06:58:43', '2017-05-31 06:58:54'),
(105, 'sam', '49.34.151.85', 1, '2017-06-01 20:00:07', '2017-06-01 20:00:07'),
(106, '', '122.178.91.231', 1, '2017-06-05 17:26:24', '2017-06-05 17:26:24'),
(107, 'demo', '117.98.163.123', 1, '2017-06-07 15:42:18', '2017-06-07 15:42:18'),
(108, '', '182.64.133.125', 1, '2017-06-12 15:40:40', '2017-06-12 15:40:40'),
(109, 'web@websolink.com', '47.8.11.135', 1, '2017-06-13 13:17:32', '2017-06-13 13:17:32'),
(110, 'sam', '165.254.222.205', 4, '2017-06-13 23:37:09', '2017-06-13 23:38:09'),
(111, 'demo', '103.39.240.63', 1, '2017-06-15 21:27:46', '2017-06-15 21:27:46'),
(112, 'demo', '45.249.233.154', 1, '2017-06-22 21:05:44', '2017-06-22 21:05:44'),
(113, 'ifuwububu@mail.ru', '195.22.126.193', 1, '2017-06-26 21:49:50', '2017-06-26 21:49:50'),
(114, 'sam', '110.227.192.163', 2, '2017-07-12 15:54:51', '2017-07-12 15:55:53'),
(115, 'sam', '210.18.169.102', 1, '2017-07-13 00:06:17', '2017-07-13 00:06:17'),
(116, '', '196.207.74.206', 1, '2017-07-13 18:40:06', '2017-07-13 18:40:06'),
(117, 'sam', '103.29.117.70', 1, '2017-07-15 16:01:54', '2017-07-15 16:01:54'),
(118, 'web@websolink.com', '202.142.118.250', 2, '2017-07-31 14:45:43', '2017-07-31 14:45:54'),
(119, 'sam', '41.220.68.136', 2, '2017-08-01 04:08:18', '2017-08-01 04:09:37'),
(120, 'sam', '157.48.14.29', 1, '2017-08-01 13:51:42', '2017-08-01 13:51:42'),
(121, 'sam', '27.63.189.25', 2, '2017-08-05 09:32:20', '2017-08-05 09:32:38'),
(122, 'sam', '223.188.204.34', 1, '2017-08-05 14:52:48', '2017-08-05 14:52:48'),
(123, 'sam', '171.79.215.98', 1, '2017-08-05 21:38:10', '2017-08-05 21:38:10'),
(125, 'sam', '49.203.248.2', 3, '2017-08-09 14:25:02', '2017-08-09 14:27:49'),
(126, '', '106.51.235.193', 1, '2017-08-10 17:27:51', '2017-08-10 17:27:51'),
(127, 'sam', '197.210.46.86', 1, '2017-08-12 05:16:51', '2017-08-12 05:16:51'),
(128, 'sam', '223.190.102.29', 2, '2017-08-12 15:22:49', '2017-08-12 15:23:05'),
(129, 'sam', '163.53.179.54', 2, '2017-08-12 23:05:00', '2017-08-12 23:05:41'),
(130, 'pink.sum143@gmail.com', '202.142.81.207', 3, '2017-08-14 01:55:37', '2017-08-14 01:56:34'),
(131, 'sam', '106.203.108.158', 1, '2017-08-25 06:49:46', '2017-08-25 06:49:46'),
(132, '', '47.15.0.89', 1, '2017-09-02 13:15:17', '2017-09-02 13:15:17'),
(133, 'sam', '47.15.0.89', 1, '2017-09-02 13:15:54', '2017-09-02 13:15:54'),
(134, 'sam@gmail.com', '106.203.28.200', 1, '2017-09-06 03:39:05', '2017-09-06 03:39:05'),
(135, 'sam@gmail.com', '157.50.13.148', 1, '2017-09-18 11:50:06', '2017-09-18 11:50:06'),
(136, 'sam', '47.247.7.20', 1, '2017-09-19 11:49:38', '2017-09-19 11:49:38'),
(137, 'demo', '139.167.9.43', 1, '2017-09-21 09:50:16', '2017-09-21 09:50:16'),
(138, '', '47.29.68.70', 1, '2017-09-22 08:11:24', '2017-09-22 08:11:24'),
(139, '', '139.167.10.29', 1, '2017-09-23 07:04:00', '2017-09-23 07:04:00'),
(140, 'sam', '122.177.205.242', 1, '2017-09-27 12:05:06', '2017-09-27 12:05:06'),
(141, 'demo', '124.123.80.17', 1, '2017-10-12 07:29:11', '2017-10-12 07:29:11'),
(142, 'sam', '124.123.80.17', 1, '2017-10-12 07:29:33', '2017-10-12 07:29:33'),
(143, 'sam', '106.51.74.54', 1, '2017-10-17 09:01:14', '2017-10-17 09:01:14'),
(144, 'sam', '182.68.113.238', 4, '2017-10-18 10:52:36', '2017-10-20 08:36:10'),
(145, 'samspopulous@hotmail.com', '42.111.46.213', 2, '2017-10-25 17:30:48', '2017-10-25 17:32:06'),
(146, 'demo@gmail.com', '49.207.54.103', 1, '2017-10-27 05:37:53', '2017-10-27 05:37:53'),
(151, 'demosrjkumar02@gmail.com', '141.101.107.99', 1, '2017-11-08 14:39:32', '2017-11-08 14:39:32'),
(150, 'demosrjkumar02@gmail.com', '141.101.98.25', 1, '2017-11-08 11:48:04', '2017-11-08 11:48:04'),
(152, 'demosampopulous@hotmail.com', '162.158.165.91', 1, '2017-11-21 11:50:16', '2017-11-21 11:50:16'),
(153, 'demo', '162.158.165.103', 1, '2017-11-25 16:46:38', '2017-11-25 16:46:38'),
(154, 'sampopulous@hotmail.comom', '162.158.54.211', 2, '2017-12-01 08:57:30', '2017-12-01 08:57:54'),
(155, '', '162.158.166.80', 1, '2018-01-25 11:01:36', '2018-01-25 11:01:36'),
(156, 'ampopulous@hotmail.com', '172.68.144.202', 2, '2018-03-13 09:36:17', '2018-03-13 09:36:24'),
(157, 'sampopulous@gmail.com', '162.158.154.94', 1, '2018-03-27 15:13:39', '2018-03-27 15:13:39'),
(158, '', '172.69.134.84', 1, '2018-04-05 12:13:27', '2018-04-05 12:13:27'),
(159, ''' 1=1 ''', '162.158.46.43', 1, '2018-04-06 10:53:03', '2018-04-06 10:53:03'),
(166, 'gajubisen20@gmail.com@gmail.com', '172.68.146.41', 1, '2018-04-15 09:47:44', '2018-04-15 09:47:44'),
(165, 'gajubisen20@gmail.com', '172.68.146.41', 1, '2018-04-15 09:47:36', '2018-04-15 09:47:36'),
(164, '431603', '162.158.166.44', 1, '2018-04-11 18:46:20', '2018-04-11 18:46:20'),
(167, 'sampopluos@hotmail.com', '141.101.99.194', 1, '2018-04-16 10:52:57', '2018-04-16 10:52:57'),
(168, 'sampopopulous@hotmail.com', '141.101.99.194', 1, '2018-04-16 10:53:51', '2018-04-16 10:53:51'),
(169, 'anandstd4@gmail.com', '162.158.165.151', 3, '2018-04-18 04:31:04', '2018-04-18 09:28:31'),
(170, '', '162.158.167.249', 1, '2018-04-18 04:48:09', '2018-04-18 04:48:09'),
(171, 'anandstd4@gmail.com', '162.158.166.206', 1, '2018-04-18 09:28:19', '2018-04-18 09:28:19'),
(172, 'demo', '162.158.165.127', 1, '2018-04-21 13:56:01', '2018-04-21 13:56:01'),
(173, 'sampopulas@hotmail.com', '162.158.50.103', 1, '2018-05-10 03:46:57', '2018-05-10 03:46:57'),
(174, 'sampopuolas@hotmail.com', '162.158.50.103', 1, '2018-05-10 03:47:33', '2018-05-10 03:47:33'),
(175, '', '162.158.167.81', 1, '2018-05-10 04:26:25', '2018-05-10 04:26:25'),
(176, 'ridaintl2011@gmail.com ', '162.158.50.37', 1, '2018-06-22 16:45:27', '2018-06-22 16:45:27'),
(177, 'as19ish@gmail.com', '162.158.50.175', 1, '2018-07-16 07:25:10', '2018-07-16 07:25:10'),
(178, 'demo', '162.158.50.175', 2, '2018-07-16 07:30:09', '2018-07-16 07:30:15'),
(179, 'dineshdeep1997@gmail.com', '162.158.46.31', 1, '2018-07-21 08:51:03', '2018-07-21 08:51:03'),
(180, '', '162.158.50.49', 1, '2018-07-23 08:39:36', '2018-07-23 08:39:36'),
(183, 'jitreports@gmail.com', '162.158.50.13', 1, '2018-07-27 11:26:07', '2018-07-27 11:26:07'),
(182, 'admin', '162.158.50.49', 1, '2018-07-23 08:45:25', '2018-07-23 08:45:25'),
(184, 'sampipulous@hotmail.com', '162.158.50.193', 3, '2018-07-28 06:34:17', '2018-07-28 06:34:35'),
(187, 'abhibahas@gmail.com', '172.69.134.234', 1, '2018-08-01 16:02:42', '2018-08-01 16:02:42'),
(188, 'spopulous@hotmail.com', '162.158.166.218', 1, '2018-08-24 05:47:33', '2018-08-24 05:47:33'),
(189, 'demo', '162.158.150.25', 1, '2018-08-27 13:05:02', '2018-08-27 13:05:02'),
(193, 'sam', '172.68.146.101', 1, '2018-09-19 08:39:21', '2018-09-19 08:39:21'),
(192, 'demo', '172.68.146.101', 1, '2018-09-19 08:38:58', '2018-09-19 08:38:58'),
(194, 'dkhanani96@gmail.com', '162.158.46.79', 1, '2018-09-27 14:21:19', '2018-09-27 14:21:19'),
(195, 'demo', '157.44.137.140', 2, '2019-01-03 11:34:15', '2019-01-03 11:34:20'),
(196, 'ashok', '157.48.55.144', 1, '2019-01-07 17:11:36', '2019-01-07 17:11:36'),
(197, 'balramnadigottu@gmail.com', '27.59.250.231', 5, '2019-01-10 06:55:49', '2019-01-10 07:04:55'),
(199, 'farmers store', '103.41.97.186', 1, '2019-01-14 18:39:03', '2019-01-14 18:39:03'),
(202, '', '202.142.105.17', 4, '2019-01-24 16:10:59', '2019-01-24 16:13:11'),
(203, 'admin', '72.163.217.105', 1, '2019-01-25 13:09:42', '2019-01-25 13:09:42'),
(206, 'demo', '106.51.30.177', 1, '2019-02-18 14:40:13', '2019-02-18 14:40:13'),
(208, 'herbsyoga@gmail.com', '106.51.30.177', 2, '2019-02-26 17:16:36', '2019-02-26 17:17:00'),
(209, '7869508287', '162.158.166.152', 1, '2019-05-11 20:46:37', '2019-05-11 20:46:37'),
(210, '8370064194', '172.69.135.103', 1, '2019-05-12 09:15:20', '2019-05-12 09:15:20'),
(211, 'raphaesn@gmail.com', '162.158.79.194', 1, '2019-08-27 14:36:38', '2019-08-27 14:36:38'),
(212, '', '122.162.240.195', 2, '2019-09-12 10:21:09', '2019-09-14 08:40:51'),
(213, 'pankajbeats143@gmail.com', '122.162.240.195', 3, '2019-09-14 08:41:05', '2019-09-14 08:41:44'),
(214, 'ashish2009rathore@gmail.com', '122.162.240.195', 1, '2019-09-14 08:42:14', '2019-09-14 08:42:14'),
(215, 'campaign@digitalproductselection.com', '193.7.203.9', 1, '2019-09-16 12:36:44', '2019-09-16 12:36:44'),
(216, 'silika-kat@mail.ru', '138.128.98.249', 1, '2019-09-17 03:17:41', '2019-09-17 03:17:41'),
(217, 'admin', '182.69.127.108', 1, '2019-09-17 04:06:56', '2019-09-17 04:06:56'),
(218, 'paolorossisimulatore@gmail.com', '193.7.203.9', 1, '2019-09-17 04:38:35', '2019-09-17 04:38:35'),
(219, 'pusilka71@mail.ru', '138.128.98.249', 1, '2019-09-18 02:28:35', '2019-09-18 02:28:35'),
(220, 'janutoy@mail.ru', '138.128.98.249', 1, '2019-09-19 03:03:08', '2019-09-19 03:03:08'),
(221, 'admin', '182.68.28.25', 1, '2019-09-19 08:54:54', '2019-09-19 08:54:54'),
(222, 'zinkatut@mail.ru', '46.8.107.189', 1, '2019-09-20 01:51:33', '2019-09-20 01:51:33'),
(223, 'raphaegerifriecy@gmail.com', '103.86.176.20', 1, '2020-01-02 18:05:55', '2020-01-02 18:05:55'),
(224, 'monetizzareoggi2019@gmail.com', '103.86.176.20', 1, '2020-04-01 11:29:25', '2020-04-01 11:29:25'),
(225, 'no-reply@hilkom-digital.de', '84.17.49.66', 1, '2020-05-04 15:16:45', '2020-05-04 15:16:45'),
(226, 'helmetman@gmail.com', '103.91.160.152', 1, '2020-05-31 14:24:59', '2020-05-31 14:24:59'),
(228, 'demo', '103.91.160.152', 1, '2020-06-01 14:57:52', '2020-06-01 14:57:52'),
(230, 'atrixxtrix@gmail.com', '89.187.168.180', 1, '2020-06-19 19:20:47', '2020-06-19 19:20:47'),
(231, 'arthur@choose2help.org', '154.28.188.90', 1, '2020-06-23 22:55:56', '2020-06-23 22:55:56'),
(232, 'no-reply@hilkom-digital.de', '51.75.56.41', 1, '2020-07-08 22:12:30', '2020-07-08 22:12:30'),
(233, 'no-replyclethy@gmail.com', '89.187.168.183', 1, '2020-07-18 16:57:38', '2020-07-18 16:57:38'),
(234, 'marktomson40@gmail.com', '82.102.16.197', 1, '2020-07-21 01:43:45', '2020-07-21 01:43:45'),
(235, 'wpdeveloperfiver@gmail.com', '193.9.114.213', 1, '2020-08-01 20:27:25', '2020-08-01 20:27:25'),
(236, 'turbomavro@gmail.com', '37.120.143.60', 2, '2020-08-03 21:08:37', '2020-08-03 21:08:50'),
(237, 'admin', '47.29.69.103', 1, '2020-08-05 16:20:40', '2020-08-05 16:20:40'),
(238, 'alaahameed.broker@yahoo.com', '46.246.65.182', 1, '2020-08-06 02:53:40', '2020-08-06 02:53:40'),
(239, 'atrixxtrix@gmail.com', '139.28.217.212', 1, '2020-08-06 17:14:50', '2020-08-06 17:14:50'),
(240, 'daliborharald02@gmail.com', '84.17.48.11', 1, '2020-08-12 02:50:36', '2020-08-12 02:50:36'),
(241, 'no-replynip@google.com', '84.17.48.36', 1, '2020-08-12 11:50:25', '2020-08-12 11:50:25'),
(242, 'bee.pannell7184@gmail.com', '89.187.168.136', 1, '2020-08-17 18:33:22', '2020-08-17 18:33:22'),
(243, 'writingbyb@gmail.com', '37.120.133.165', 1, '2020-08-19 11:18:35', '2020-08-19 11:18:35'),
(244, 'no-replyclethy@gmail.com', '84.17.51.67', 1, '2020-08-23 21:23:26', '2020-08-23 21:23:26'),
(245, 'jimmyscowley@gmail.com', '84.17.48.196', 1, '2020-08-27 15:45:46', '2020-08-27 15:45:46'),
(246, 'turbomavro@gmail.com', '84.17.47.111', 1, '2020-09-02 13:08:43', '2020-09-02 13:08:43'),
(247, 'no-replynip@google.com', '185.189.114.115', 1, '2020-09-09 03:53:35', '2020-09-09 03:53:35'),
(249, 'contact1@theonlinepublishers.com', '141.98.100.55', 1, '2020-09-14 17:53:27', '2020-09-14 17:53:27'),
(250, 'customer@demo.com', '115.97.134.196', 1, '2021-01-05 05:47:24', '2021-01-05 05:47:24'),
(251, 'admin', '125.99.4.119', 1, '2021-02-08 16:37:36', '2021-02-08 16:37:36');

-- --------------------------------------------------------

--
-- Table structure for table `oc_customer_online`
--

CREATE TABLE IF NOT EXISTS `oc_customer_online` (
  `ip` varchar(40) NOT NULL,
  `customer_id` int(11) NOT NULL,
  `url` text NOT NULL,
  `referer` text NOT NULL,
  `date_added` datetime NOT NULL,
  PRIMARY KEY (`ip`)
) ENGINE=MyISAM DEFAULT CHARSET=utf8;

--
-- Dumping data for table `oc_customer_online`
--

INSERT INTO `oc_customer_online` (`ip`, `customer_id`, `url`, `referer`, `date_added`) VALUES
('127.0.0.1', 0, 'http://rdamall.loc/', '', '2021-06-09 15:10:39');

-- --------------------------------------------------------

--
-- Table structure for table `oc_customer_reward`
--

CREATE TABLE IF NOT EXISTS `oc_customer_reward` (
  `customer_reward_id` int(11) NOT NULL AUTO_INCREMENT,
  `customer_id` int(11) NOT NULL DEFAULT '0',
  `order_id` int(11) NOT NULL DEFAULT '0',
  `description` text NOT NULL,
  `points` int(8) NOT NULL DEFAULT '0',
  `date_added` datetime NOT NULL,
  PRIMARY KEY (`customer_reward_id`)
) ENGINE=MyISAM DEFAULT CHARSET=utf8 AUTO_INCREMENT=1 ;

-- --------------------------------------------------------

--
-- Table structure for table `oc_customer_transaction`
--

CREATE TABLE IF NOT EXISTS `oc_customer_transaction` (
  `customer_transaction_id` int(11) NOT NULL AUTO_INCREMENT,
  `customer_id` int(11) NOT NULL,
  `order_id` int(11) NOT NULL,
  `description` text NOT NULL,
  `amount` decimal(15,4) NOT NULL,
  `date_added` datetime NOT NULL,
  PRIMARY KEY (`customer_transaction_id`)
) ENGINE=MyISAM DEFAULT CHARSET=utf8 AUTO_INCREMENT=1 ;

-- --------------------------------------------------------

--
-- Table structure for table `oc_customer_wishlist`
--

CREATE TABLE IF NOT EXISTS `oc_customer_wishlist` (
  `customer_id` int(11) NOT NULL,
  `product_id` int(11) NOT NULL,
  `date_added` datetime NOT NULL,
  PRIMARY KEY (`customer_id`,`product_id`)
) ENGINE=MyISAM DEFAULT CHARSET=utf8;

--
-- Dumping data for table `oc_customer_wishlist`
--

INSERT INTO `oc_customer_wishlist` (`customer_id`, `product_id`, `date_added`) VALUES
(32, 60, '2017-05-23 16:33:14'),
(51, 56, '2017-10-18 14:44:27'),
(51, 65, '2017-10-18 16:35:16'),
(1, 67, '2018-01-06 09:29:33'),
(73, 60, '2018-07-28 22:49:33'),
(84, 92, '2019-01-08 17:21:23');

-- --------------------------------------------------------

--
-- Table structure for table `oc_custom_field`
--

CREATE TABLE IF NOT EXISTS `oc_custom_field` (
  `custom_field_id` int(11) NOT NULL AUTO_INCREMENT,
  `type` varchar(32) NOT NULL,
  `value` text NOT NULL,
  `location` varchar(7) NOT NULL,
  `status` tinyint(1) NOT NULL,
  `sort_order` int(3) NOT NULL,
  PRIMARY KEY (`custom_field_id`)
) ENGINE=MyISAM DEFAULT CHARSET=utf8 AUTO_INCREMENT=1 ;

-- --------------------------------------------------------

--
-- Table structure for table `oc_custom_field_customer_group`
--

CREATE TABLE IF NOT EXISTS `oc_custom_field_customer_group` (
  `custom_field_id` int(11) NOT NULL,
  `customer_group_id` int(11) NOT NULL,
  `required` tinyint(1) NOT NULL,
  PRIMARY KEY (`custom_field_id`,`customer_group_id`)
) ENGINE=MyISAM DEFAULT CHARSET=utf8;

-- --------------------------------------------------------

--
-- Table structure for table `oc_custom_field_description`
--

CREATE TABLE IF NOT EXISTS `oc_custom_field_description` (
  `custom_field_id` int(11) NOT NULL,
  `language_id` int(11) NOT NULL,
  `name` varchar(128) NOT NULL,
  PRIMARY KEY (`custom_field_id`,`language_id`)
) ENGINE=MyISAM DEFAULT CHARSET=utf8;

-- --------------------------------------------------------

--
-- Table structure for table `oc_custom_field_value`
--

CREATE TABLE IF NOT EXISTS `oc_custom_field_value` (
  `custom_field_value_id` int(11) NOT NULL AUTO_INCREMENT,
  `custom_field_id` int(11) NOT NULL,
  `sort_order` int(3) NOT NULL,
  PRIMARY KEY (`custom_field_value_id`)
) ENGINE=MyISAM DEFAULT CHARSET=utf8 AUTO_INCREMENT=1 ;

-- --------------------------------------------------------

--
-- Table structure for table `oc_custom_field_value_description`
--

CREATE TABLE IF NOT EXISTS `oc_custom_field_value_description` (
  `custom_field_value_id` int(11) NOT NULL,
  `language_id` int(11) NOT NULL,
  `custom_field_id` int(11) NOT NULL,
  `name` varchar(128) NOT NULL,
  PRIMARY KEY (`custom_field_value_id`,`language_id`)
) ENGINE=MyISAM DEFAULT CHARSET=utf8;

-- --------------------------------------------------------

--
-- Table structure for table `oc_download`
--

CREATE TABLE IF NOT EXISTS `oc_download` (
  `download_id` int(11) NOT NULL AUTO_INCREMENT,
  `filename` varchar(128) NOT NULL,
  `mask` varchar(128) NOT NULL,
  `date_added` datetime NOT NULL,
  PRIMARY KEY (`download_id`)
) ENGINE=MyISAM  DEFAULT CHARSET=utf8 AUTO_INCREMENT=2 ;

--
-- Dumping data for table `oc_download`
--

INSERT INTO `oc_download` (`download_id`, `filename`, `mask`, `date_added`) VALUES
(1, 'IMG-20200917-WA0007.jpg.ZgiVel9SKwSpqOzK3x1MQvNWrvG4WunG', 'IMG-20200917-WA0007.jpg', '2020-09-17 18:59:56');

-- --------------------------------------------------------

--
-- Table structure for table `oc_download_description`
--

CREATE TABLE IF NOT EXISTS `oc_download_description` (
  `download_id` int(11) NOT NULL,
  `language_id` int(11) NOT NULL,
  `name` varchar(64) NOT NULL,
  PRIMARY KEY (`download_id`,`language_id`)
) ENGINE=MyISAM DEFAULT CHARSET=utf8;

--
-- Dumping data for table `oc_download_description`
--

INSERT INTO `oc_download_description` (`download_id`, `language_id`, `name`) VALUES
(1, 1, 'Test');

-- --------------------------------------------------------

--
-- Table structure for table `oc_dummyzip`
--

CREATE TABLE IF NOT EXISTS `oc_dummyzip` (
  `zip_code_id` int(11) NOT NULL AUTO_INCREMENT,
  PRIMARY KEY (`zip_code_id`)
) ENGINE=InnoDB DEFAULT CHARSET=latin1 AUTO_INCREMENT=1 ;

-- --------------------------------------------------------

--
-- Table structure for table `oc_ebay_category`
--

CREATE TABLE IF NOT EXISTS `oc_ebay_category` (
  `ebay_category_id` int(11) NOT NULL AUTO_INCREMENT,
  `CategoryID` int(11) NOT NULL,
  `CategoryParentID` int(11) NOT NULL,
  `CategoryLevel` smallint(6) NOT NULL,
  `CategoryName` char(100) NOT NULL,
  `BestOfferEnabled` tinyint(1) NOT NULL,
  `AutoPayEnabled` tinyint(1) NOT NULL,
  PRIMARY KEY (`ebay_category_id`)
) ENGINE=MyISAM DEFAULT CHARSET=latin1 AUTO_INCREMENT=1 ;

-- --------------------------------------------------------

--
-- Table structure for table `oc_ebay_category_history`
--

CREATE TABLE IF NOT EXISTS `oc_ebay_category_history` (
  `ebay_category_history_id` int(11) NOT NULL AUTO_INCREMENT,
  `CategoryID` int(11) NOT NULL,
  `breadcrumb` varchar(255) NOT NULL,
  `used` int(6) NOT NULL,
  PRIMARY KEY (`ebay_category_history_id`)
) ENGINE=MyISAM DEFAULT CHARSET=latin1 AUTO_INCREMENT=1 ;

-- --------------------------------------------------------

--
-- Table structure for table `oc_ebay_image_import`
--

CREATE TABLE IF NOT EXISTS `oc_ebay_image_import` (
  `id` int(11) NOT NULL AUTO_INCREMENT,
  `image_original` text NOT NULL,
  `image_new` text NOT NULL,
  `name` text NOT NULL,
  `product_id` int(11) NOT NULL,
  `imgcount` int(11) NOT NULL,
  PRIMARY KEY (`id`)
) ENGINE=MyISAM DEFAULT CHARSET=utf8 AUTO_INCREMENT=1 ;

-- --------------------------------------------------------

--
-- Table structure for table `oc_ebay_listing`
--

CREATE TABLE IF NOT EXISTS `oc_ebay_listing` (
  `ebay_listing_id` int(11) NOT NULL AUTO_INCREMENT,
  `ebay_item_id` char(100) NOT NULL,
  `product_id` int(11) NOT NULL,
  `variant` int(11) NOT NULL,
  `status` smallint(3) NOT NULL DEFAULT '1',
  PRIMARY KEY (`ebay_listing_id`),
  KEY `product_id` (`product_id`)
) ENGINE=MyISAM DEFAULT CHARSET=latin1 AUTO_INCREMENT=1 ;

-- --------------------------------------------------------

--
-- Table structure for table `oc_ebay_listing_pending`
--

CREATE TABLE IF NOT EXISTS `oc_ebay_listing_pending` (
  `ebay_listing_pending_id` int(11) NOT NULL AUTO_INCREMENT,
  `ebay_item_id` char(25) NOT NULL,
  `product_id` int(11) NOT NULL,
  `key` char(50) NOT NULL,
  `variant` int(11) NOT NULL,
  PRIMARY KEY (`ebay_listing_pending_id`),
  KEY `product_id` (`product_id`)
) ENGINE=MyISAM DEFAULT CHARSET=latin1 AUTO_INCREMENT=1 ;

-- --------------------------------------------------------

--
-- Table structure for table `oc_ebay_order`
--

CREATE TABLE IF NOT EXISTS `oc_ebay_order` (
  `ebay_order_id` int(11) NOT NULL AUTO_INCREMENT,
  `parent_ebay_order_id` int(11) NOT NULL,
  `order_id` int(11) NOT NULL,
  `smp_id` int(11) NOT NULL,
  `tracking_no` varchar(100) NOT NULL,
  `carrier_id` varchar(100) NOT NULL,
  PRIMARY KEY (`ebay_order_id`),
  KEY `order_id` (`order_id`),
  KEY `smp_id` (`smp_id`),
  KEY `parent_ebay_order_id` (`parent_ebay_order_id`)
) ENGINE=MyISAM DEFAULT CHARSET=latin1 AUTO_INCREMENT=1 ;

-- --------------------------------------------------------

--
-- Table structure for table `oc_ebay_order_lock`
--

CREATE TABLE IF NOT EXISTS `oc_ebay_order_lock` (
  `smp_id` int(11) NOT NULL,
  PRIMARY KEY (`smp_id`)
) ENGINE=MyISAM DEFAULT CHARSET=utf8;

-- --------------------------------------------------------

--
-- Table structure for table `oc_ebay_payment_method`
--

CREATE TABLE IF NOT EXISTS `oc_ebay_payment_method` (
  `ebay_payment_method_id` int(11) NOT NULL AUTO_INCREMENT,
  `ebay_name` char(50) NOT NULL,
  `local_name` char(50) NOT NULL,
  PRIMARY KEY (`ebay_payment_method_id`)
) ENGINE=MyISAM  DEFAULT CHARSET=latin1 AUTO_INCREMENT=5 ;

-- --------------------------------------------------------

--
-- Table structure for table `oc_ebay_profile`
--

CREATE TABLE IF NOT EXISTS `oc_ebay_profile` (
  `ebay_profile_id` int(11) NOT NULL AUTO_INCREMENT,
  `name` varchar(100) NOT NULL,
  `description` text NOT NULL,
  `type` int(11) NOT NULL,
  `default` tinyint(1) NOT NULL,
  `data` text NOT NULL,
  PRIMARY KEY (`ebay_profile_id`)
) ENGINE=MyISAM DEFAULT CHARSET=latin1 AUTO_INCREMENT=1 ;

-- --------------------------------------------------------

--
-- Table structure for table `oc_ebay_setting_option`
--

CREATE TABLE IF NOT EXISTS `oc_ebay_setting_option` (
  `ebay_setting_option_id` int(11) NOT NULL AUTO_INCREMENT,
  `key` varchar(100) NOT NULL,
  `last_updated` datetime NOT NULL,
  `data` text NOT NULL,
  PRIMARY KEY (`ebay_setting_option_id`)
) ENGINE=MyISAM DEFAULT CHARSET=latin1 AUTO_INCREMENT=1 ;

-- --------------------------------------------------------

--
-- Table structure for table `oc_ebay_shipping`
--

CREATE TABLE IF NOT EXISTS `oc_ebay_shipping` (
  `ebay_shipping_id` int(11) NOT NULL AUTO_INCREMENT,
  `description` varchar(100) NOT NULL,
  `InternationalService` tinyint(4) NOT NULL,
  `ShippingService` varchar(100) NOT NULL,
  `ShippingServiceID` int(11) NOT NULL,
  `ServiceType` varchar(100) NOT NULL,
  `ValidForSellingFlow` tinyint(4) NOT NULL,
  `ShippingCategory` varchar(100) NOT NULL,
  `ShippingTimeMin` int(11) NOT NULL,
  `ShippingTimeMax` int(11) NOT NULL,
  PRIMARY KEY (`ebay_shipping_id`)
) ENGINE=MyISAM DEFAULT CHARSET=latin1 AUTO_INCREMENT=1 ;

-- --------------------------------------------------------

--
-- Table structure for table `oc_ebay_shipping_location`
--

CREATE TABLE IF NOT EXISTS `oc_ebay_shipping_location` (
  `ebay_shipping_id` int(11) NOT NULL AUTO_INCREMENT,
  `description` varchar(100) NOT NULL,
  `detail_version` varchar(100) NOT NULL,
  `shipping_location` varchar(100) NOT NULL,
  `update_time` varchar(100) NOT NULL,
  PRIMARY KEY (`ebay_shipping_id`)
) ENGINE=MyISAM DEFAULT CHARSET=latin1 AUTO_INCREMENT=1 ;

-- --------------------------------------------------------

--
-- Table structure for table `oc_ebay_shipping_location_exclude`
--

CREATE TABLE IF NOT EXISTS `oc_ebay_shipping_location_exclude` (
  `ebay_shipping_exclude_id` int(11) NOT NULL AUTO_INCREMENT,
  `description` varchar(100) NOT NULL,
  `location` varchar(100) NOT NULL,
  `region` varchar(100) NOT NULL,
  PRIMARY KEY (`ebay_shipping_exclude_id`)
) ENGINE=MyISAM DEFAULT CHARSET=latin1 AUTO_INCREMENT=1 ;

-- --------------------------------------------------------

--
-- Table structure for table `oc_ebay_stock_reserve`
--

CREATE TABLE IF NOT EXISTS `oc_ebay_stock_reserve` (
  `id` int(11) NOT NULL AUTO_INCREMENT,
  `product_id` int(11) NOT NULL,
  `variant_id` varchar(100) NOT NULL,
  `item_id` varchar(100) NOT NULL,
  `reserve` int(11) NOT NULL,
  PRIMARY KEY (`id`),
  KEY `product_id` (`product_id`)
) ENGINE=MyISAM DEFAULT CHARSET=utf8 AUTO_INCREMENT=1 ;

-- --------------------------------------------------------

--
-- Table structure for table `oc_ebay_template`
--

CREATE TABLE IF NOT EXISTS `oc_ebay_template` (
  `template_id` int(11) NOT NULL AUTO_INCREMENT,
  `name` varchar(100) NOT NULL,
  `html` mediumtext NOT NULL,
  PRIMARY KEY (`template_id`)
) ENGINE=MyISAM DEFAULT CHARSET=utf8 AUTO_INCREMENT=1 ;

-- --------------------------------------------------------

--
-- Table structure for table `oc_ebay_transaction`
--

CREATE TABLE IF NOT EXISTS `oc_ebay_transaction` (
  `ebay_transaction_id` int(11) NOT NULL AUTO_INCREMENT,
  `order_id` int(11) NOT NULL,
  `product_id` int(11) NOT NULL,
  `sku` varchar(100) NOT NULL,
  `txn_id` varchar(100) NOT NULL,
  `item_id` varchar(100) NOT NULL,
  `containing_order_id` varchar(100) NOT NULL,
  `order_line_id` varchar(100) NOT NULL,
  `qty` int(11) NOT NULL,
  `smp_id` int(11) NOT NULL,
  `created` datetime NOT NULL,
  `modified` datetime NOT NULL,
  PRIMARY KEY (`ebay_transaction_id`),
  KEY `product_id` (`product_id`),
  KEY `order_id` (`order_id`),
  KEY `smp_id` (`smp_id`)
) ENGINE=MyISAM DEFAULT CHARSET=latin1 AUTO_INCREMENT=1 ;

-- --------------------------------------------------------

--
-- Table structure for table `oc_event`
--

CREATE TABLE IF NOT EXISTS `oc_event` (
  `event_id` int(11) NOT NULL AUTO_INCREMENT,
  `code` varchar(32) NOT NULL,
  `trigger` text NOT NULL,
  `action` text NOT NULL,
  PRIMARY KEY (`event_id`)
) ENGINE=MyISAM  DEFAULT CHARSET=utf8 AUTO_INCREMENT=12 ;

--
-- Dumping data for table `oc_event`
--

INSERT INTO `oc_event` (`event_id`, `code`, `trigger`, `action`) VALUES
(1, 'voucher', 'post.order.history.add', 'total/voucher/send'),
(2, 'cartsms', 'sms.post.return.history.add', 'sms/events/returnGoodsStatus'),
(3, 'cartsms', 'post.order.history.add', 'sms/events/changeOrderStatusHook'),
(4, 'cartsms', 'sms.post.order.add.success', 'sms/events/orderAddHook'),
(5, 'cartsms', 'post.customer.add', 'sms/events/customerAddHook'),
(6, 'cartsms', 'post.return.add', 'sms/events/returnGoods'),
(7, 'cartsms', 'pre.admin.delete.product', 'sms/events/productDeleteHook'),
(8, 'cartsms', 'sms.post.contactformmail.send', 'sms/events/contactFormHook'),
(9, 'openbay', 'post.admin.product.delete', 'extension/openbay/eventDeleteProduct'),
(10, 'openbay', 'post.admin.product.edit', 'extension/openbay/eventEditProduct'),
(11, 'openbaypro_ebay', 'post.order.history.add', 'openbay/ebay/eventAddOrderHistory');

-- --------------------------------------------------------

--
-- Table structure for table `oc_extension`
--

CREATE TABLE IF NOT EXISTS `oc_extension` (
  `extension_id` int(11) NOT NULL AUTO_INCREMENT,
  `type` varchar(32) NOT NULL,
  `code` varchar(32) NOT NULL,
  PRIMARY KEY (`extension_id`)
) ENGINE=MyISAM  DEFAULT CHARSET=utf8 AUTO_INCREMENT=520 ;

--
-- Dumping data for table `oc_extension`
--

INSERT INTO `oc_extension` (`extension_id`, `type`, `code`) VALUES
(1, 'payment', 'cod'),
(2, 'total', 'shipping'),
(3, 'total', 'sub_total'),
(4, 'total', 'tax'),
(5, 'total', 'total'),
(432, 'module', 'showintabs'),
(8, 'total', 'credit'),
(9, 'shipping', 'flat'),
(10, 'total', 'handling'),
(11, 'total', 'low_order_fee'),
(12, 'total', 'coupon'),
(431, 'module', 'revslideroutput'),
(15, 'total', 'reward'),
(16, 'total', 'voucher'),
(511, 'captcha', 'basic_captcha'),
(430, 'module', 'revslideropencart'),
(428, 'module', 'shopme'),
(408, 'module', 'account'),
(433, 'module', 'showintabs_output'),
(434, 'module', 'shopme_banner'),
(435, 'module', 'shopme_testimonial'),
(436, 'module', 'd_ajax_search'),
(437, 'module', 'newsletter'),
(438, 'module', 'shopme_content'),
(440, 'module', 'shopme_tagcloud'),
(442, 'module', 'shopme_category'),
(445, 'module', 'blog_category'),
(446, 'module', 'shopme_recently'),
(448, 'module', 'shopme_facebook'),
(449, 'module', 'shopme_twitterfeed'),
(450, 'module', 'shopme_contact'),
(454, 'module', 'blog_latest'),
(455, 'module', 'shopme_carousel'),
(456, 'module', 'shopme_socials'),
(457, 'module', 'affiliate'),
(458, 'module', 'multiseller'),
(461, 'module', 'html'),
(464, 'payment', 'payu'),
(465, 'module', 'adv_ajaxfilter'),
(466, 'module', 'megamenu'),
(467, 'module', 'banner'),
(468, 'module', 'category'),
(469, 'module', 'slideshow'),
(470, 'analytics', 'google_analytics'),
(471, 'fraud', 'maxmind'),
(472, 'module', 'featured'),
(473, 'payment', 'pp_express'),
(474, 'module', 'multimerch_topsellers'),
(475, 'module', 'faqmanager'),
(478, 'shipping', 'item'),
(479, 'shipping', 'fedex'),
(480, 'module', 'quickcheckout'),
(481, 'module', 'cartsms'),
(483, 'shipping', 'weight'),
(484, 'module', 'shopme_productbrand'),
(485, 'module', 'pincheck'),
(486, 'module', 'megamenu_output'),
(487, 'module', 'shopme_bannerwall'),
(488, 'module', 'store'),
(489, 'module', 'bestseller'),
(490, 'shipping', 'pickup'),
(491, 'fraud', 'ip'),
(492, 'fraud', 'fraudlabspro'),
(493, 'feed', 'google_sitemap'),
(494, 'feed', 'google_base'),
(495, 'feed', 'openbaypro'),
(496, 'module', 'information'),
(497, 'module', 'filter'),
(498, 'module', 'pushassist'),
(499, 'shipping', 'free'),
(500, 'module', 'android_store'),
(501, 'module', 'as_special'),
(502, 'module', 'as_slideshow'),
(503, 'module', 'as_latest'),
(504, 'module', 'as_featured'),
(505, 'module', 'as_bestseller'),
(506, 'module', 'rest_api'),
(508, 'module', 'shopme_deals'),
(513, 'module', 'special'),
(515, 'openbay', 'ebay');

-- --------------------------------------------------------

--
-- Table structure for table `oc_filter`
--

CREATE TABLE IF NOT EXISTS `oc_filter` (
  `filter_id` int(11) NOT NULL AUTO_INCREMENT,
  `filter_group_id` int(11) NOT NULL,
  `sort_order` int(3) NOT NULL,
  PRIMARY KEY (`filter_id`)
) ENGINE=MyISAM  DEFAULT CHARSET=utf8 AUTO_INCREMENT=10 ;

--
-- Dumping data for table `oc_filter`
--

INSERT INTO `oc_filter` (`filter_id`, `filter_group_id`, `sort_order`) VALUES
(1, 1, 0),
(2, 1, 0),
(3, 2, 0),
(4, 3, 2),
(5, 3, 1),
(6, 3, 3),
(7, 3, 4),
(8, 4, 0),
(9, 4, 1);

-- --------------------------------------------------------

--
-- Table structure for table `oc_filter_description`
--

CREATE TABLE IF NOT EXISTS `oc_filter_description` (
  `filter_id` int(11) NOT NULL,
  `language_id` int(11) NOT NULL,
  `filter_group_id` int(11) NOT NULL,
  `name` varchar(64) NOT NULL,
  PRIMARY KEY (`filter_id`,`language_id`)
) ENGINE=MyISAM DEFAULT CHARSET=utf8;

--
-- Dumping data for table `oc_filter_description`
--

INSERT INTO `oc_filter_description` (`filter_id`, `language_id`, `filter_group_id`, `name`) VALUES
(1, 1, 1, 'Size'),
(2, 1, 1, 'Color'),
(3, 1, 2, 'Color'),
(4, 1, 3, 'Hindi'),
(5, 1, 3, 'English'),
(6, 1, 3, 'Others'),
(7, 1, 3, 'Hindi &amp; English Both'),
(8, 1, 4, 'Online'),
(9, 1, 4, 'Physical');

-- --------------------------------------------------------

--
-- Table structure for table `oc_filter_group`
--

CREATE TABLE IF NOT EXISTS `oc_filter_group` (
  `filter_group_id` int(11) NOT NULL AUTO_INCREMENT,
  `sort_order` int(3) NOT NULL,
  PRIMARY KEY (`filter_group_id`)
) ENGINE=MyISAM  DEFAULT CHARSET=utf8 AUTO_INCREMENT=5 ;

--
-- Dumping data for table `oc_filter_group`
--

INSERT INTO `oc_filter_group` (`filter_group_id`, `sort_order`) VALUES
(1, 0),
(2, 0),
(3, 3),
(4, 4);

-- --------------------------------------------------------

--
-- Table structure for table `oc_filter_group_description`
--

CREATE TABLE IF NOT EXISTS `oc_filter_group_description` (
  `filter_group_id` int(11) NOT NULL,
  `language_id` int(11) NOT NULL,
  `name` varchar(64) NOT NULL,
  PRIMARY KEY (`filter_group_id`,`language_id`)
) ENGINE=MyISAM DEFAULT CHARSET=utf8;

--
-- Dumping data for table `oc_filter_group_description`
--

INSERT INTO `oc_filter_group_description` (`filter_group_id`, `language_id`, `name`) VALUES
(1, 1, 'Size'),
(2, 1, 'Color'),
(3, 1, 'Language'),
(4, 1, 'Delivery Mode');

-- --------------------------------------------------------

--
-- Table structure for table `oc_fraudlabspro`
--

CREATE TABLE IF NOT EXISTS `oc_fraudlabspro` (
  `order_id` varchar(11) NOT NULL,
  `is_country_match` char(2) NOT NULL,
  `is_high_risk_country` char(2) NOT NULL,
  `distance_in_km` varchar(10) NOT NULL,
  `distance_in_mile` varchar(10) NOT NULL,
  `ip_address` varchar(15) NOT NULL,
  `ip_country` varchar(2) NOT NULL,
  `ip_continent` varchar(20) NOT NULL,
  `ip_region` varchar(21) NOT NULL,
  `ip_city` varchar(21) NOT NULL,
  `ip_latitude` varchar(21) NOT NULL,
  `ip_longitude` varchar(21) NOT NULL,
  `ip_timezone` varchar(10) NOT NULL,
  `ip_elevation` varchar(10) NOT NULL,
  `ip_domain` varchar(50) NOT NULL,
  `ip_mobile_mnc` varchar(100) NOT NULL,
  `ip_mobile_mcc` varchar(100) NOT NULL,
  `ip_mobile_brand` varchar(100) NOT NULL,
  `ip_netspeed` varchar(10) NOT NULL,
  `ip_isp_name` varchar(50) NOT NULL,
  `ip_usage_type` varchar(30) NOT NULL,
  `is_free_email` char(2) NOT NULL,
  `is_new_domain_name` char(2) NOT NULL,
  `is_proxy_ip_address` char(2) NOT NULL,
  `is_bin_found` char(2) NOT NULL,
  `is_bin_country_match` char(2) NOT NULL,
  `is_bin_name_match` char(2) NOT NULL,
  `is_bin_phone_match` char(2) NOT NULL,
  `is_bin_prepaid` char(2) NOT NULL,
  `is_address_ship_forward` char(2) NOT NULL,
  `is_bill_ship_city_match` char(2) NOT NULL,
  `is_bill_ship_state_match` char(2) NOT NULL,
  `is_bill_ship_country_match` char(2) NOT NULL,
  `is_bill_ship_postal_match` char(2) NOT NULL,
  `is_ip_blacklist` char(2) NOT NULL,
  `is_email_blacklist` char(2) NOT NULL,
  `is_credit_card_blacklist` char(2) NOT NULL,
  `is_device_blacklist` char(2) NOT NULL,
  `is_user_blacklist` char(2) NOT NULL,
  `fraudlabspro_score` char(3) NOT NULL,
  `fraudlabspro_distribution` char(3) NOT NULL,
  `fraudlabspro_status` char(10) NOT NULL,
  `fraudlabspro_id` char(15) NOT NULL,
  `fraudlabspro_error` char(3) NOT NULL,
  `fraudlabspro_message` varchar(50) NOT NULL,
  `fraudlabspro_credits` varchar(10) NOT NULL,
  `api_key` char(32) NOT NULL,
  PRIMARY KEY (`order_id`)
) ENGINE=MyISAM DEFAULT CHARSET=utf8;

-- --------------------------------------------------------

--
-- Table structure for table `oc_fraud_ip`
--

CREATE TABLE IF NOT EXISTS `oc_fraud_ip` (
  `ip` varchar(40) NOT NULL,
  `date_added` datetime NOT NULL,
  PRIMARY KEY (`ip`)
) ENGINE=MyISAM DEFAULT CHARSET=utf8;

-- --------------------------------------------------------

--
-- Table structure for table `oc_geo_zone`
--

CREATE TABLE IF NOT EXISTS `oc_geo_zone` (
  `geo_zone_id` int(11) NOT NULL AUTO_INCREMENT,
  `name` varchar(32) NOT NULL,
  `description` varchar(255) NOT NULL,
  `date_modified` datetime NOT NULL,
  `date_added` datetime NOT NULL,
  PRIMARY KEY (`geo_zone_id`)
) ENGINE=MyISAM  DEFAULT CHARSET=utf8 AUTO_INCREMENT=6 ;

--
-- Dumping data for table `oc_geo_zone`
--

INSERT INTO `oc_geo_zone` (`geo_zone_id`, `name`, `description`, `date_modified`, `date_added`) VALUES
(3, 'UK VAT Zone', 'UK VAT', '2010-02-26 22:33:24', '2009-01-06 23:26:25'),
(4, 'UK Shipping', 'UK Shipping Zones', '2010-12-15 15:18:13', '2009-06-23 01:14:53'),
(5, 'Telangana', 'Hyderabad city', '2019-01-08 19:21:06', '2019-01-04 21:59:19');

-- --------------------------------------------------------

--
-- Table structure for table `oc_google_base_category`
--

CREATE TABLE IF NOT EXISTS `oc_google_base_category` (
  `google_base_category_id` int(11) NOT NULL AUTO_INCREMENT,
  `name` varchar(255) NOT NULL,
  PRIMARY KEY (`google_base_category_id`)
) ENGINE=MyISAM DEFAULT CHARSET=utf8 AUTO_INCREMENT=1 ;

-- --------------------------------------------------------

--
-- Table structure for table `oc_google_base_category_to_category`
--

CREATE TABLE IF NOT EXISTS `oc_google_base_category_to_category` (
  `google_base_category_id` int(11) NOT NULL,
  `category_id` int(11) NOT NULL,
  PRIMARY KEY (`google_base_category_id`,`category_id`)
) ENGINE=MyISAM DEFAULT CHARSET=utf8;

-- --------------------------------------------------------

--
-- Table structure for table `oc_information`
--

CREATE TABLE IF NOT EXISTS `oc_information` (
  `information_id` int(11) NOT NULL AUTO_INCREMENT,
  `bottom` int(1) NOT NULL DEFAULT '0',
  `sort_order` int(3) NOT NULL DEFAULT '0',
  `status` tinyint(1) NOT NULL DEFAULT '1',
  PRIMARY KEY (`information_id`)
) ENGINE=MyISAM  DEFAULT CHARSET=utf8 AUTO_INCREMENT=18 ;

--
-- Dumping data for table `oc_information`
--

INSERT INTO `oc_information` (`information_id`, `bottom`, `sort_order`, `status`) VALUES
(3, 1, 3, 1),
(4, 1, 1, 1),
(5, 1, 4, 1),
(6, 1, 2, 1),
(7, 0, 0, 1),
(12, 0, 0, 1),
(9, 0, 0, 1),
(10, 0, 0, 1),
(11, 0, 0, 1),
(13, 0, 0, 1),
(14, 0, 0, 1),
(15, 0, 0, 1),
(16, 0, 0, 1);

-- --------------------------------------------------------

--
-- Table structure for table `oc_information_description`
--

CREATE TABLE IF NOT EXISTS `oc_information_description` (
  `information_id` int(11) NOT NULL,
  `language_id` int(11) NOT NULL,
  `title` varchar(64) NOT NULL,
  `description` text NOT NULL,
  `meta_title` varchar(255) NOT NULL,
  `meta_description` varchar(255) NOT NULL,
  `meta_keyword` varchar(255) NOT NULL,
  PRIMARY KEY (`information_id`,`language_id`)
) ENGINE=MyISAM DEFAULT CHARSET=utf8;

--
-- Dumping data for table `oc_information_description`
--

INSERT INTO `oc_information_description` (`information_id`, `language_id`, `title`, `description`, `meta_title`, `meta_description`, `meta_keyword`) VALUES
(4, 1, 'About Us', '&lt;div class=&quot;page-cover-img&quot;&gt;&lt;div class=&quot;page-cover-img&quot;&gt;In May 2020, Anand Kumar started RdaMall.com - India''s largest online marketplace, with the widest assortment of&amp;nbsp; products and&amp;nbsp; categories from regional, national and international brands and retailers.&lt;br&gt;&lt;/div&gt;&lt;div class=&quot;page-cover-img&quot;&gt;&lt;br&gt;&lt;/div&gt;&lt;div class=&quot;page-cover-img&quot;&gt;Mission and Visions&lt;/div&gt;&lt;div class=&quot;page-cover-img&quot;&gt;With target millions of users and more than 300,000 sellers, RDAMall is the shopping destination for Internet users across the country, delivering to 6000+ cities and towns in India.&lt;/div&gt;&lt;div&gt;&lt;br&gt;&lt;/div&gt;&lt;/div&gt;&lt;div class=&quot;padded box&quot;&gt;\r\n\r\n      &lt;/div&gt;', 'About Us', '', ''),
(6, 1, 'Delivery Information', '&lt;div class=&quot;padded box&quot;&gt;      &lt;h1&gt;&lt;div data-v-3fece2be=&quot;&quot; class=&quot;policy&quot; style=&quot;-webkit-font-smoothing: antialiased; font-size: 13px; line-height: 20px; color: rgb(69, 79, 91); height: 380px; overflow: hidden scroll; margin: 0px 0px 15px; font-family: Karla, &amp;quot;Source Sans Pro&amp;quot;, Arial, sans-serif;&quot;&gt;&lt;p style=&quot;-webkit-font-smoothing: antialiased; margin-bottom: 0px;&quot;&gt;RDA Softech Private Limited (&quot;we&quot; and &quot;us&quot;) is the operator of (https://rdamall.com) (&quot;Website&quot;). By placing an order through this Website you will be agreeing to the terms below. These are provided to ensure both parties are aware of and agree upon this arrangement to mutually protect and set expectations on our service.&lt;/p&gt;&lt;br style=&quot;-webkit-font-smoothing: antialiased;&quot;&gt;&lt;p style=&quot;-webkit-font-smoothing: antialiased; margin-bottom: 0px;&quot;&gt;&lt;strong style=&quot;-webkit-font-smoothing: antialiased;&quot;&gt;1. General&lt;/strong&gt;&lt;/p&gt;&lt;p style=&quot;-webkit-font-smoothing: antialiased; margin-bottom: 0px;&quot;&gt;Subject to stock availability. We try to maintain accurate stock counts on our website but from time-to-time there may be a stock discrepancy and we will not be able to fulfill all your items at time of purchase. In this instance, we will fulfill the available products to you, and contact you about whether you would prefer to await restocking of the backordered item or if you would prefer for us to process a refund.&lt;/p&gt;&lt;br style=&quot;-webkit-font-smoothing: antialiased;&quot;&gt;&lt;p style=&quot;-webkit-font-smoothing: antialiased; margin-bottom: 0px;&quot;&gt;&lt;strong style=&quot;-webkit-font-smoothing: antialiased;&quot;&gt;2. Shipping Costs&lt;/strong&gt;&lt;/p&gt;&lt;p style=&quot;-webkit-font-smoothing: antialiased; margin-bottom: 0px;&quot;&gt;Shipping costs are calculated during checkout based on weight, dimensions and destination of the items in the order. Payment for shipping will be collected with the purchase.&lt;/p&gt;&lt;p style=&quot;-webkit-font-smoothing: antialiased; margin-bottom: 0px;&quot;&gt;This price will be the final price for shipping cost to the customer.&lt;/p&gt;&lt;br style=&quot;-webkit-font-smoothing: antialiased;&quot;&gt;&lt;p style=&quot;-webkit-font-smoothing: antialiased; margin-bottom: 0px;&quot;&gt;&lt;strong style=&quot;-webkit-font-smoothing: antialiased;&quot;&gt;3. Returns&lt;/strong&gt;&lt;/p&gt;&lt;p style=&quot;-webkit-font-smoothing: antialiased; margin-bottom: 0px;&quot;&gt;&lt;strong style=&quot;-webkit-font-smoothing: antialiased;&quot;&gt;3.1 Return Due To Change Of Mind&lt;/strong&gt;&lt;/p&gt;&lt;p style=&quot;-webkit-font-smoothing: antialiased; margin-bottom: 0px;&quot;&gt;RDA Softech Private Limited will happily accept returns due to change of mind as long as a request to return is received by us within 10 days of receipt of item and are returned to us in original packaging, unused and in resellable condition.&lt;/p&gt;Return shipping will be paid at the customers expense and will be required to arrange their own shipping.&lt;p style=&quot;-webkit-font-smoothing: antialiased; margin-bottom: 0px;&quot;&gt;&lt;/p&gt;Once returns are received and accepted, refunds will be processed to store credit for a future purchase. We will notify you once this has been completed through email.&lt;p style=&quot;-webkit-font-smoothing: antialiased; margin-bottom: 0px;&quot;&gt;&lt;/p&gt;&lt;p style=&quot;-webkit-font-smoothing: antialiased; margin-bottom: 0px;&quot;&gt;(RDA Softech Private Limited) will refund the value of the goods returned but will NOT refund the value of any shipping paid.&lt;/p&gt;&lt;br style=&quot;-webkit-font-smoothing: antialiased;&quot;&gt;&lt;p style=&quot;-webkit-font-smoothing: antialiased; margin-bottom: 0px;&quot;&gt;&lt;strong style=&quot;-webkit-font-smoothing: antialiased;&quot;&gt;3.2 Warranty Returns&lt;/strong&gt;&lt;/p&gt;&lt;p style=&quot;-webkit-font-smoothing: antialiased; margin-bottom: 0px;&quot;&gt;RDA Softech Private Limited will happily honor any valid warranty claims, provided a claim is submitted within 90 days of receipt of items.&lt;/p&gt;&lt;p style=&quot;-webkit-font-smoothing: antialiased; margin-bottom: 0px;&quot;&gt;Customers will be required to pre-pay the return shipping, however we will reimburse you upon successful warranty claim.&lt;/p&gt;&lt;p style=&quot;-webkit-font-smoothing: antialiased; margin-bottom: 0px;&quot;&gt;Upon return receipt of items for warranty claim, you can expect RDA Softech Private Limited to process your warranty claim within 7 days.&lt;/p&gt;&lt;p style=&quot;-webkit-font-smoothing: antialiased; margin-bottom: 0px;&quot;&gt;Once warranty claim is confirmed, you will receive the choice of:&lt;/p&gt;&lt;p style=&quot;-webkit-font-smoothing: antialiased; margin-bottom: 0px;&quot;&gt;(a) refund to your payment method&lt;/p&gt;&lt;p style=&quot;-webkit-font-smoothing: antialiased; margin-bottom: 0px;&quot;&gt;(b) a refund in store credit&lt;/p&gt;&lt;p style=&quot;-webkit-font-smoothing: antialiased; margin-bottom: 0px;&quot;&gt;(c) a replacement item sent to you (if stock is available)&lt;/p&gt;&lt;br style=&quot;-webkit-font-smoothing: antialiased;&quot;&gt;&lt;p style=&quot;-webkit-font-smoothing: antialiased; margin-bottom: 0px;&quot;&gt;&lt;strong style=&quot;-webkit-font-smoothing: antialiased;&quot;&gt;4. Delivery Terms&lt;/strong&gt;&lt;/p&gt;&lt;p style=&quot;-webkit-font-smoothing: antialiased; margin-bottom: 0px;&quot;&gt;&lt;strong style=&quot;-webkit-font-smoothing: antialiased;&quot;&gt;4.1 Transit Time Domestically&lt;/strong&gt;&lt;/p&gt;&lt;p style=&quot;-webkit-font-smoothing: antialiased; margin-bottom: 0px;&quot;&gt;In general, domestic shipments are in transit for 2 - 7 days&lt;/p&gt;&lt;br style=&quot;-webkit-font-smoothing: antialiased;&quot;&gt;&lt;p style=&quot;-webkit-font-smoothing: antialiased; margin-bottom: 0px;&quot;&gt;&lt;strong style=&quot;-webkit-font-smoothing: antialiased;&quot;&gt;4.2 Transit time Internationally&lt;/strong&gt;&lt;/p&gt;&lt;p style=&quot;-webkit-font-smoothing: antialiased; margin-bottom: 0px;&quot;&gt;Generally, orders shipped internationally are in transit for 4 - 22 days. This varies greatly depending on the courier you have selected. We are able to offer a more specific estimate when you are choosing your courier at checkout.&lt;/p&gt;&lt;br style=&quot;-webkit-font-smoothing: antialiased;&quot;&gt;&lt;p style=&quot;-webkit-font-smoothing: antialiased; margin-bottom: 0px;&quot;&gt;&lt;strong style=&quot;-webkit-font-smoothing: antialiased;&quot;&gt;4.3 Dispatch Time&lt;/strong&gt;&lt;/p&gt;&lt;p style=&quot;-webkit-font-smoothing: antialiased; margin-bottom: 0px;&quot;&gt;Orders are usually dispatched within 2 business days of payment of order&lt;/p&gt;&lt;p style=&quot;-webkit-font-smoothing: antialiased; margin-bottom: 0px;&quot;&gt;Our warehouse operates on Monday - Friday during standard business hours, except on national holidays at which time the warehouse will be closed. In these instances, we take steps to ensure shipment delays will be kept to a minimum.&lt;/p&gt;&lt;br style=&quot;-webkit-font-smoothing: antialiased;&quot;&gt;&lt;p style=&quot;-webkit-font-smoothing: antialiased; margin-bottom: 0px;&quot;&gt;&lt;strong style=&quot;-webkit-font-smoothing: antialiased;&quot;&gt;4.4 Change Of Delivery Address&lt;/strong&gt;&lt;/p&gt;&lt;p style=&quot;-webkit-font-smoothing: antialiased; margin-bottom: 0px;&quot;&gt;For change of delivery address requests, we are able to change the address at any time before the order has been dispatched.&lt;/p&gt;&lt;br style=&quot;-webkit-font-smoothing: antialiased;&quot;&gt;&lt;p style=&quot;-webkit-font-smoothing: antialiased; margin-bottom: 0px;&quot;&gt;&lt;strong style=&quot;-webkit-font-smoothing: antialiased;&quot;&gt;4.5 P.O. Box Shipping&lt;/strong&gt;&lt;/p&gt;&lt;p style=&quot;-webkit-font-smoothing: antialiased; margin-bottom: 0px;&quot;&gt;RDA Softech Private Limited will ship to P.O. box addresses using postal services only. We are unable to offer couriers services to these locations.&lt;/p&gt;&lt;br style=&quot;-webkit-font-smoothing: antialiased;&quot;&gt;&lt;p style=&quot;-webkit-font-smoothing: antialiased; margin-bottom: 0px;&quot;&gt;&lt;strong style=&quot;-webkit-font-smoothing: antialiased;&quot;&gt;4.6 Military Address Shipping&lt;/strong&gt;&lt;/p&gt;&lt;p style=&quot;-webkit-font-smoothing: antialiased; margin-bottom: 0px;&quot;&gt;We are able to ship to military addresses using USPS. We are unable to offer this service using courier services.&lt;/p&gt;&lt;p style=&quot;-webkit-font-smoothing: antialiased; margin-bottom: 0px;&quot;&gt;&lt;br style=&quot;-webkit-font-smoothing: antialiased;&quot;&gt;&lt;/p&gt;&lt;p style=&quot;-webkit-font-smoothing: antialiased; margin-bottom: 0px;&quot;&gt;&lt;strong style=&quot;-webkit-font-smoothing: antialiased;&quot;&gt;4.7 Items Out Of Stock&lt;/strong&gt;&lt;/p&gt;&lt;p style=&quot;-webkit-font-smoothing: antialiased; margin-bottom: 0px;&quot;&gt;If an item is out of stock, we will dispatch the in-stock items immediately and send the remaining items once they return to stock.&lt;/p&gt;&lt;br style=&quot;-webkit-font-smoothing: antialiased;&quot;&gt;&lt;p style=&quot;-webkit-font-smoothing: antialiased; margin-bottom: 0px;&quot;&gt;&lt;strong style=&quot;-webkit-font-smoothing: antialiased;&quot;&gt;4.8 Delivery Time Exceeded&lt;/strong&gt;&lt;/p&gt;&lt;p style=&quot;-webkit-font-smoothing: antialiased; margin-bottom: 0px;&quot;&gt;If delivery time has exceeded the forecasted time, please contact us so that we can conduct an investigation.&lt;/p&gt;&lt;br style=&quot;-webkit-font-smoothing: antialiased;&quot;&gt;&lt;p style=&quot;-webkit-font-smoothing: antialiased; margin-bottom: 0px;&quot;&gt;&lt;strong style=&quot;-webkit-font-smoothing: antialiased;&quot;&gt;5. Tracking Notifications&lt;/strong&gt;&lt;/p&gt;&lt;p style=&quot;-webkit-font-smoothing: antialiased; margin-bottom: 0px;&quot;&gt;Upon dispatch, customers will receive a tracking link from which they will be able to follow the progress of their shipment based on the latest updates made available by the shipping provider.&lt;/p&gt;&lt;br style=&quot;-webkit-font-smoothing: antialiased;&quot;&gt;&lt;p style=&quot;-webkit-font-smoothing: antialiased; margin-bottom: 0px;&quot;&gt;&lt;strong style=&quot;-webkit-font-smoothing: antialiased;&quot;&gt;6. Parcels Damaged In Transit&lt;/strong&gt;&lt;/p&gt;&lt;p style=&quot;-webkit-font-smoothing: antialiased; margin-bottom: 0px;&quot;&gt;If you find a parcel is damaged in-transit, if possible, please reject the parcel from the courier and get in touch with our customer service. If the parcel has been delivered without you being present, please contact customer service with next steps.&lt;/p&gt;&lt;br style=&quot;-webkit-font-smoothing: antialiased;&quot;&gt;&lt;p style=&quot;-webkit-font-smoothing: antialiased; margin-bottom: 0px;&quot;&gt;&lt;strong style=&quot;-webkit-font-smoothing: antialiased;&quot;&gt;7. Duties &amp;amp; Taxes&lt;/strong&gt;&lt;/p&gt;&lt;p style=&quot;-webkit-font-smoothing: antialiased; margin-bottom: 0px;&quot;&gt;&lt;strong style=&quot;-webkit-font-smoothing: antialiased;&quot;&gt;7.1 Sales Tax&lt;/strong&gt;&lt;/p&gt;&lt;p style=&quot;-webkit-font-smoothing: antialiased; margin-bottom: 0px;&quot;&gt;Sales tax has already been applied to the price of the goods as displayed on the website&lt;/p&gt;&lt;br style=&quot;-webkit-font-smoothing: antialiased;&quot;&gt;&lt;p style=&quot;-webkit-font-smoothing: antialiased; margin-bottom: 0px;&quot;&gt;&lt;strong style=&quot;-webkit-font-smoothing: antialiased;&quot;&gt;7.2 Import Duties &amp;amp; Taxes&lt;/strong&gt;&lt;/p&gt;&lt;p style=&quot;-webkit-font-smoothing: antialiased; margin-bottom: 0px;&quot;&gt;Import duties and taxes for international shipments will be pre-paid, without any additional fees to be paid by customer upon arrival in destination country&lt;/p&gt;&lt;br style=&quot;-webkit-font-smoothing: antialiased;&quot;&gt;&lt;p style=&quot;-webkit-font-smoothing: antialiased; margin-bottom: 0px;&quot;&gt;&lt;strong style=&quot;-webkit-font-smoothing: antialiased;&quot;&gt;8. Cancellations&lt;/strong&gt;&lt;/p&gt;&lt;p style=&quot;-webkit-font-smoothing: antialiased; margin-bottom: 0px;&quot;&gt;If you change your mind before you have received your order, we are able to accept cancellations at any time before the order has been dispatched. If an order has already been dispatched, please refer to our refund policy.&lt;/p&gt;&lt;br style=&quot;-webkit-font-smoothing: antialiased;&quot;&gt;&lt;p style=&quot;-webkit-font-smoothing: antialiased; margin-bottom: 0px;&quot;&gt;&lt;strong style=&quot;-webkit-font-smoothing: antialiased;&quot;&gt;9. Insurance&lt;/strong&gt;&lt;/p&gt;&lt;p style=&quot;-webkit-font-smoothing: antialiased; margin-bottom: 0px;&quot;&gt;Parcels are insured for loss and damage up to the value as stated by the courier.&lt;/p&gt;&lt;br style=&quot;-webkit-font-smoothing: antialiased;&quot;&gt;&lt;p style=&quot;-webkit-font-smoothing: antialiased; margin-bottom: 0px;&quot;&gt;&lt;strong style=&quot;-webkit-font-smoothing: antialiased;&quot;&gt;9.1 Process for parcel damaged in-transit&lt;/strong&gt;&lt;/p&gt;&lt;p style=&quot;-webkit-font-smoothing: antialiased; margin-bottom: 0px;&quot;&gt;We will process a refund or replacement as soon as the courier has completed their investigation into the claim.&lt;/p&gt;&lt;br style=&quot;-webkit-font-smoothing: antialiased;&quot;&gt;&lt;p style=&quot;-webkit-font-smoothing: antialiased; margin-bottom: 0px;&quot;&gt;&lt;strong style=&quot;-webkit-font-smoothing: antialiased;&quot;&gt;9.2 Process for parcel lost in-transit&lt;/strong&gt;&lt;/p&gt;&lt;p style=&quot;-webkit-font-smoothing: antialiased; margin-bottom: 0px;&quot;&gt;We will process a refund or replacement as soon as the courier has conducted an investigation and deemed the parcel lost.&lt;/p&gt;&lt;br style=&quot;-webkit-font-smoothing: antialiased;&quot;&gt;&lt;p style=&quot;-webkit-font-smoothing: antialiased; margin-bottom: 0px;&quot;&gt;&lt;strong style=&quot;-webkit-font-smoothing: antialiased;&quot;&gt;10. Customer service&lt;/strong&gt;&lt;/p&gt;&lt;p style=&quot;-webkit-font-smoothing: antialiased; margin-bottom: 0px;&quot;&gt;For all customer service enquiries, please submit an enquiry at https://www.rdamall.com/index.php?route=information/contact&lt;/p&gt;&lt;div&gt;&lt;br&gt;&lt;/div&gt;&lt;/div&gt;&lt;/h1&gt;&lt;/div&gt;', 'Delivery Information', '', ''),
(7, 1, 'Careers', '&lt;div class=&quot;padded box&quot;&gt;      &lt;h1&gt;Career&lt;/h1&gt;\r\n\r\n&lt;p&gt;	Careers content here edit in admin panel&lt;/p&gt;\r\n\r\n      &lt;/div&gt;\r\n\r\n', 'Careers', 'Careers', 'Careers'),
(10, 1, 'Frequently Asked Questions', '&lt;div class=&quot;padded box&quot;&gt;      &lt;h1&gt;Help and Assistance FAQ&lt;/h1&gt;&lt;p&gt;Frequently Asked Questions &amp;nbsp;&lt;/p&gt;&lt;p&gt;My Account:&lt;br&gt;&lt;/p&gt;&lt;p&gt;&lt;/p&gt;&lt;ul&gt;&lt;li&gt;What is “My Account”?&lt;br&gt;“My Account” is the platform where you can have complete control over your orders like order history, transactions, return orders, download invoice of your orders and so on. Also in “My Account” you can manage your profile in Kroii.com like changing passwords, subscribing/unsubscribe to our newsletters and so on. To access these facilities you have to login (if you are an existing registered customer) or register (if you are new to our marketplace).&lt;/li&gt;&lt;li&gt;What should i do if I forget my password?&lt;br&gt;Find the “Forget password” option in the login page. On clicking the option, a page will appear asking for your email and contact number. After you filled up the form with proper details we will send you a security code, which can be used to login into your account and reset your password.&lt;/li&gt;&lt;li&gt;What should i do if I face problem with logging in?&lt;br&gt;Try logging in once again using email and password. If it does not work than try getting the security code using “Forget password” option. If it still does not form than fillup the“Contact form” and we will contact you or get in touch directly using “Contact Us” options.&lt;/li&gt;&lt;/ul&gt;My Order:&lt;/div&gt;&lt;div class=&quot;padded box&quot;&gt;&lt;br&gt;&lt;/div&gt;&lt;div class=&quot;padded box&quot;&gt;&lt;ul&gt;&lt;li&gt;How can i check my order status?&lt;br&gt;Go to “Track order” option present in the top of the page, above the Kroii.com logo. Enter your tracking ID in the form given and thus you can track your order. The tracking ID will be provided to you while you have placed your order.&lt;/li&gt;&lt;li&gt;&lt;br&gt;&lt;/li&gt;&lt;/ul&gt;&lt;/div&gt;&lt;div class=&quot;padded box&quot;&gt;&lt;p&gt;&lt;/p&gt;&lt;/div&gt;', 'Frequently Asked Questions', 'Frequently Asked Questions', 'Frequently Asked Questions'),
(11, 1, 'Cancellations &amp; Returns', '&lt;div class=&quot;padded box&quot;&gt; &lt;h1&gt;&lt;ul style=&quot;margin-right: 0px; margin-bottom: 0px; margin-left: 0px; list-style: none; padding: 0px; color: rgb(51, 51, 51); font-family: &amp;quot;ZCOOL XiaoWei&amp;quot;, serif; font-size: 14px; background-color: rgb(21, 29, 39);&quot;&gt;&lt;li style=&quot;padding-bottom: 8px; margin-left: 4px;&quot;&gt;&lt;a href=&quot;https://rdamall.com/index.php?route=account/return/add&quot; style=&quot;color: rgb(255, 255, 255); transition: color 200ms ease 0s, border-color 200ms ease-in-out 0s, background-color 200ms ease-in-out 0s; cursor: pointer; outline: 0px;&quot;&gt;Cancellations &amp;amp; Returns&lt;/a&gt;&lt;/li&gt;&lt;/ul&gt;&lt;/h1&gt;&lt;/div&gt;', 'Cancellations &amp; Returns', 'Cancellations &amp; Returns', 'Refund and Cancellation Policy'),
(12, 1, 'Report Infringement', '&lt;div class=&quot;padded box&quot;&gt;      &lt;h1&gt;Report Infringement&lt;/h1&gt;\r\n\r\n\r\n&lt;p&gt;\r\n	Report Infringement Content here&lt;/p&gt;\r\n\r\n&lt;/div&gt;', 'Report Infringement', 'Report Infringement', 'Report Infringement'),
(13, 1, 'Warranty / Guarantee', '\r\n&lt;div class=&quot;padded box&quot;&gt;      &lt;h1&gt;Warranty / Guarantee&lt;/h1&gt;\r\n\r\n\r\n\r\n&lt;p&gt;\r\n	Warranty / Guarantee Content here&lt;/p&gt;\r\n\r\n\r\n&lt;/div&gt;', 'Warranty / Guarantee', 'Warranty / Guarantee', 'Warranty / Guarantee'),
(14, 1, 'Quality Assurance', '&lt;div class=&quot;padded box&quot;&gt;      &lt;h1&gt;Quality Assurance&lt;/h1&gt;\r\n\r\n\r\n\r\n&lt;p&gt;\r\n	Quality Assurance Content here&lt;/p&gt;\r\n\r\n\r\n&lt;/div&gt;', 'Quality Assurance', 'Quality Assurance', 'Quality Assurance'),
(15, 1, 'Advertise', '&lt;div class=&quot;padded box&quot;&gt;      &lt;h1&gt;Advertise&lt;/h1&gt;\r\n\r\n\r\n\r\n\r\n\r\n&lt;p&gt;\r\n	Advertise Content here&lt;/p&gt;\r\n\r\n\r\n\r\n\r\n&lt;/div&gt;', 'Advertise on RDAmall.com', 'Advertise on RDAmall.com', 'Advertise on RDAmall.com'),
(16, 1, 'Service Page One', '&lt;p&gt;Service Page One&lt;br&gt;&lt;/p&gt;', 'Service Page One', 'Service Page One', 'Service Page One'),
(5, 1, 'Terms &amp; Conditions', '&lt;div class=&quot;padded box&quot;&gt; &lt;h2 style=&quot;text-align: center;&quot;&gt;&lt;b&gt;TERMS AND CONDITIONS&lt;/b&gt;&lt;/h2&gt;&lt;h1&gt;\r\n&lt;/h1&gt;&lt;h2 style=&quot;margin-top: 5em; font-size: 0.7em;&quot;&gt;&lt;p class=&quot;MsoNormal&quot; align=&quot;center&quot; style=&quot;text-align:center;line-height:normal&quot;&gt;&lt;b&gt;&lt;u&gt;&lt;span style=&quot;font-size: 10pt; font-family: Arial, sans-serif; color: black; background-image: initial; background-position: initial; background-size: initial; background-repeat: initial; background-attachment: initial; background-origin: initial; background-clip: initial;&quot;&gt;TERMS AND CONDITIONS&lt;/span&gt;&lt;/u&gt;&lt;/b&gt;&lt;b&gt;&lt;u&gt;&lt;span style=&quot;font-size: 10pt; font-family: Arial, sans-serif; background-image: initial; background-position: initial; background-size: initial; background-repeat: initial; background-attachment: initial; background-origin: initial; background-clip: initial;&quot;&gt;&lt;o:p&gt;&lt;/o:p&gt;&lt;/span&gt;&lt;/u&gt;&lt;/b&gt;&lt;/p&gt;\r\n\r\n&lt;p class=&quot;MsoNormal&quot; style=&quot;text-align:justify;line-height:normal&quot;&gt;&lt;b&gt;&lt;span style=&quot;font-size: 10pt; font-family: Arial, sans-serif; color: black; background-image: initial; background-position: initial; background-size: initial; background-repeat: initial; background-attachment: initial; background-origin: initial; background-clip: initial;&quot;&gt;Your\r\nwebsite may use the Terms and Conditions given below.&lt;/span&gt;&lt;/b&gt;&lt;b&gt;&lt;span style=&quot;font-size: 10pt; font-family: Arial, sans-serif; background-image: initial; background-position: initial; background-size: initial; background-repeat: initial; background-attachment: initial; background-origin: initial; background-clip: initial;&quot;&gt;&lt;o:p&gt;&lt;/o:p&gt;&lt;/span&gt;&lt;/b&gt;&lt;/p&gt;\r\n\r\n&lt;p style=&quot;margin: 7.35pt 0in; background-image: initial; background-position: initial; background-size: initial; background-repeat: initial; background-attachment: initial; background-origin: initial; background-clip: initial;&quot;&gt;&lt;span style=&quot;font-size: 10pt; font-family: Arial, sans-serif; color: black; background-image: initial; background-position: initial; background-size: initial; background-repeat: initial; background-attachment: initial; background-origin: initial; background-clip: initial;&quot;&gt;The terms &quot;We&quot;\r\n/ &quot;Us&quot; / &quot;Our&quot;/”Company” individually and collectively\r\nrefer toRdaMall.com and the terms &quot;Visitor” ”User” refer to the users. &lt;/span&gt;&lt;span style=&quot;font-size:10.0pt;font-family:&amp;quot;Arial&amp;quot;,sans-serif&quot;&gt;&lt;o:p&gt;&lt;/o:p&gt;&lt;/span&gt;&lt;/p&gt;\r\n\r\n&lt;p class=&quot;MsoNormal&quot; style=&quot;margin-bottom:0in;line-height:normal&quot;&gt;&lt;span style=&quot;font-size:10.0pt;font-family:&amp;quot;Arial&amp;quot;,sans-serif&quot;&gt;&lt;br&gt;\r\n&lt;span style=&quot;color: black; background-image: initial; background-position: initial; background-size: initial; background-repeat: initial; background-attachment: initial; background-origin: initial; background-clip: initial;&quot;&gt;This page\r\nstates the Terms and Conditions under which you (Visitor) may visit this\r\nwebsite (“Website”). Please read this page carefully. If you do not accept the\r\nTerms and Conditions stated here, we would request you to exit this site. The\r\nbusiness, any of its business divisions and / or its subsidiaries, associate\r\ncompanies or subsidiaries to subsidiaries or such other investment companies\r\n(in India or abroad) reserve their respective rights to revise these Terms and\r\nConditions at any time by updating this posting. You should visit this page\r\nperiodically to re-appraise yourself of the Terms and Conditions, because they\r\nare binding on all users of this Website.&lt;/span&gt;&lt;br&gt;\r\n&lt;br&gt;\r\n&lt;strong&gt;USE OF CONTENT&lt;/strong&gt;&lt;br&gt;\r\n&lt;br&gt;\r\n&lt;span style=&quot;color: black; background-image: initial; background-position: initial; background-size: initial; background-repeat: initial; background-attachment: initial; background-origin: initial; background-clip: initial;&quot;&gt;All logos,\r\nbrands, marks headings, labels, names, signatures, numerals, shapes or any\r\ncombinations thereof, appearing in this site, except as otherwise noted, are\r\nproperties either owned, or used under licence, by the business and / or its\r\nassociate entities who feature on this Website. The use of these properties or\r\nany other content on this site, except as provided in these terms and\r\nconditions or in the site content, is strictly prohibited.&lt;/span&gt;&lt;br&gt;\r\n&lt;br&gt;\r\n&lt;span style=&quot;color: black; background-image: initial; background-position: initial; background-size: initial; background-repeat: initial; background-attachment: initial; background-origin: initial; background-clip: initial;&quot;&gt;You may not\r\nsell or modify the content of this Website&amp;nbsp;\r\nor reproduce, display, publicly perform, distribute, or otherwise use\r\nthe materials in any way for any public or commercial purpose without the\r\nrespective organisation’s or entity’s written permission.&lt;/span&gt;&lt;br&gt;\r\n&lt;br&gt;\r\n&lt;strong&gt;ACCEPTABLE WEBSITE USE&lt;/strong&gt;&lt;br&gt;\r\n&lt;br&gt;\r\n&lt;b&gt;&lt;span style=&quot;color: black; background-image: initial; background-position: initial; background-size: initial; background-repeat: initial; background-attachment: initial; background-origin: initial; background-clip: initial;&quot;&gt;(A) Security Rules&lt;/span&gt;&lt;/b&gt;&lt;br&gt;\r\n&lt;span style=&quot;color: black; background-image: initial; background-position: initial; background-size: initial; background-repeat: initial; background-attachment: initial; background-origin: initial; background-clip: initial;&quot;&gt;Visitors\r\nare prohibited from violating or attempting to violate the security of the Web\r\nsite, including, without limitation, (1) accessing data not intended for such\r\nuser or logging into a server or account which the user is not authorised to\r\naccess, (2) attempting to probe, scan or test the vulnerability of a system or\r\nnetwork or to breach security or authentication measures without proper\r\nauthorisation, (3) attempting to interfere with service to any user, host or\r\nnetwork, including, without limitation, via means of submitting a virus or\r\n&quot;Trojan horse&quot; to the Website, overloading, &quot;flooding&quot;,\r\n&quot;mail bombing&quot; or &quot;crashing&quot;, or (4) sending unsolicited\r\nelectronic mail, including promotions and/or advertising of products or\r\nservices. Violations of system or network security may result in civil or\r\ncriminal liability. The business and / or its associate entities will have the\r\nright to investigate occurrences that they suspect as involving such violations\r\nand will have the right to involve, and cooperate with, law enforcement authorities\r\nin prosecuting users who are involved in such violations.&lt;/span&gt;&lt;span style=&quot;background-image: initial; background-position: initial; background-size: initial; background-repeat: initial; background-attachment: initial; background-origin: initial; background-clip: initial;&quot;&gt;&lt;o:p&gt;&lt;/o:p&gt;&lt;/span&gt;&lt;/span&gt;&lt;/p&gt;\r\n\r\n&lt;p class=&quot;MsoNormal&quot; style=&quot;margin-bottom:0in;line-height:normal&quot;&gt;&lt;span style=&quot;font-size:10.0pt;font-family:&amp;quot;Arial&amp;quot;,sans-serif&quot;&gt;&lt;br&gt;\r\n&lt;b&gt;&lt;span style=&quot;color: black; background-image: initial; background-position: initial; background-size: initial; background-repeat: initial; background-attachment: initial; background-origin: initial; background-clip: initial;&quot;&gt;(B) General Rules&lt;/span&gt;&lt;/b&gt;&lt;br&gt;\r\n&lt;span style=&quot;color: black; background-image: initial; background-position: initial; background-size: initial; background-repeat: initial; background-attachment: initial; background-origin: initial; background-clip: initial;&quot;&gt;Visitors\r\nmay not use the Web Site in order to transmit, distribute, store or destroy\r\nmaterial (a) that could constitute or encourage conduct that would be\r\nconsidered a criminal offence or violate any applicable law or regulation, (b)\r\nin a manner that will infringe the copyright, trademark, trade secret or other\r\nintellectual property rights of others or violate the privacy or publicity of\r\nother personal rights of others, or (c) that is libellous, defamatory,\r\npornographic, profane, obscene, threatening, abusive or hateful.&lt;/span&gt;&lt;br&gt;\r\n&lt;br&gt;\r\n&lt;span class=&quot;apple-converted-space&quot;&gt;&lt;b&gt;INDEMNITY&lt;/b&gt;&lt;/span&gt;&lt;br&gt;\r\n&lt;br&gt;\r\nThe User unilaterally agree to indemnify and hold harmless, without objection,\r\nthe Company, its officers, directors, employees and agents from and against any\r\nclaims, actions and/or demands and/or liabilities and/or losses and/or damages\r\nwhatsoever arising from or resulting from their use of&lt;span class=&quot;MsoHyperlink&quot;&gt;&amp;nbsp;&lt;/span&gt;&lt;/span&gt;&lt;a href=&quot;http://www.magicbricks.com/&quot; target=&quot;_blank&quot;&gt;&lt;span style=&quot;font-size:10.0pt;\r\nfont-family:&amp;quot;Arial&amp;quot;,sans-serif&quot;&gt;…………………………..com&lt;/span&gt;&lt;/a&gt;&lt;span class=&quot;MsoHyperlink&quot;&gt;&lt;span style=&quot;font-size:10.0pt;font-family:&amp;quot;Arial&amp;quot;,sans-serif&quot;&gt;&amp;nbsp;&lt;/span&gt;&lt;/span&gt;&lt;span style=&quot;font-size:10.0pt;font-family:&amp;quot;Arial&amp;quot;,sans-serif&quot;&gt;or their breach of the\r\nterms . &lt;/span&gt;&lt;span style=&quot;font-size:10.0pt;font-family:&amp;quot;Arial&amp;quot;,sans-serif;\r\nmso-fareast-font-family:&amp;quot;Times New Roman&amp;quot;&quot;&gt;&lt;o:p&gt;&lt;/o:p&gt;&lt;/span&gt;&lt;/p&gt;\r\n\r\n&lt;p class=&quot;MsoNormal&quot; style=&quot;margin-top:3.0pt;margin-right:0in;margin-bottom:2.25pt;\r\nmargin-left:.5in;line-height:normal&quot;&gt;&lt;span style=&quot;font-size:10.0pt;font-family:\r\n&amp;quot;Arial&amp;quot;,sans-serif;mso-fareast-font-family:&amp;quot;Times New Roman&amp;quot;&quot;&gt;&amp;nbsp;&lt;/span&gt;&lt;/p&gt;\r\n\r\n&lt;p class=&quot;MsoNormal&quot; style=&quot;margin-top:3.0pt;margin-right:0in;margin-bottom:2.25pt;\r\nmargin-left:0in;line-height:normal&quot;&gt;&lt;span class=&quot;apple-converted-space&quot;&gt;&lt;b&gt;&lt;span style=&quot;font-size:10.0pt;font-family:\r\n&amp;quot;Arial&amp;quot;,sans-serif&quot;&gt;LIABILITY&amp;nbsp;&amp;nbsp;&amp;nbsp;&amp;nbsp;&amp;nbsp;&amp;nbsp;&amp;nbsp; &lt;/span&gt;&lt;/b&gt;&lt;/span&gt;&lt;span style=&quot;font-size:10.0pt;font-family:&amp;quot;Arial&amp;quot;,sans-serif&quot;&gt;&lt;br&gt;\r\n&lt;br&gt;\r\n&lt;/span&gt;&lt;span style=&quot;font-size:10.0pt;font-family:&amp;quot;Arial&amp;quot;,sans-serif;mso-fareast-font-family:\r\n&amp;quot;Times New Roman&amp;quot;&quot;&gt;User agrees that neither&amp;nbsp;&lt;/span&gt;&lt;a href=&quot;http://www.magicbricks.com/&quot; target=&quot;_blank&quot;&gt;&lt;span style=&quot;font-size: 10pt; font-family: Arial, sans-serif; color: windowtext;&quot;&gt;Company&lt;/span&gt;&lt;/a&gt;&lt;span style=&quot;font-size:10.0pt;font-family:&amp;quot;Arial&amp;quot;,sans-serif;mso-fareast-font-family:\r\n&amp;quot;Times New Roman&amp;quot;&quot;&gt;&amp;nbsp;nor its group companies, directors, officers or\r\nemployee shall be liable for any direct or/and indirect or/and incidental or/and\r\nspecial or/and consequential or/and exemplary damages, resulting from the use\r\nor/and the inability to use the service or/and for cost of procurement of\r\nsubstitute goods or/and services or resulting from any goods or/and data or/and\r\ninformation or/and services purchased or/and obtained or/and messages received\r\nor/and transactions entered into through or/and from the service or/and\r\nresulting from unauthorized access to or/and alteration of user''s transmissions\r\nor/and data or/and arising from any other matter relating to the service,\r\nincluding but not limited to, damages for loss of profits or/and use or/and\r\ndata or other intangible, even if&amp;nbsp;&lt;/span&gt;&lt;a href=&quot;http://www.magicbricks.com/&quot; target=&quot;_blank&quot;&gt;&lt;span style=&quot;font-size: 10pt; font-family: Arial, sans-serif; color: windowtext;&quot;&gt;Company&lt;/span&gt;&lt;/a&gt;&lt;span style=&quot;font-size:10.0pt;font-family:&amp;quot;Arial&amp;quot;,sans-serif;mso-fareast-font-family:\r\n&amp;quot;Times New Roman&amp;quot;&quot;&gt;&amp;nbsp;has been advised of the possibility of such damages. &lt;o:p&gt;&lt;/o:p&gt;&lt;/span&gt;&lt;/p&gt;\r\n\r\n&lt;p class=&quot;MsoNormal&quot; style=&quot;margin-top:3.0pt;margin-right:0in;margin-bottom:2.25pt;\r\nmargin-left:0in;line-height:normal&quot;&gt;&lt;span style=&quot;font-size:10.0pt;font-family:\r\n&amp;quot;Arial&amp;quot;,sans-serif;mso-fareast-font-family:&amp;quot;Times New Roman&amp;quot;&quot;&gt;User further\r\nagrees that&amp;nbsp;&lt;/span&gt;&lt;a href=&quot;http://www.magicbricks.com/&quot; target=&quot;_blank&quot;&gt;&lt;span style=&quot;font-size: 10pt; font-family: Arial, sans-serif; color: windowtext;&quot;&gt;Company&lt;/span&gt;&lt;/a&gt;&lt;span style=&quot;font-size:10.0pt;font-family:&amp;quot;Arial&amp;quot;,sans-serif;mso-fareast-font-family:\r\n&amp;quot;Times New Roman&amp;quot;&quot;&gt;&amp;nbsp;shall not be liable for any damages arising from\r\ninterruption, suspension or termination of service, including but not limited\r\nto direct or/and indirect or/and incidental or/and special consequential or/and\r\nexemplary damages, whether such interruption or/and suspension or/and\r\ntermination was justified or not, negligent or intentional, inadvertent or\r\nadvertent. &lt;o:p&gt;&lt;/o:p&gt;&lt;/span&gt;&lt;/p&gt;\r\n\r\n&lt;p class=&quot;MsoNormal&quot; style=&quot;margin-top:3.0pt;margin-right:0in;margin-bottom:2.25pt;\r\nmargin-left:0in;line-height:normal&quot;&gt;&lt;span style=&quot;font-size:10.0pt;font-family:\r\n&amp;quot;Arial&amp;quot;,sans-serif;mso-fareast-font-family:&amp;quot;Times New Roman&amp;quot;&quot;&gt;User agrees\r\nthat&amp;nbsp;&lt;/span&gt;&lt;a href=&quot;http://www.magicbricks.com/&quot; target=&quot;_blank&quot;&gt;&lt;span style=&quot;font-size: 10pt; font-family: Arial, sans-serif; color: windowtext;&quot;&gt;Company&lt;/span&gt;&lt;/a&gt;&lt;span style=&quot;font-size:10.0pt;font-family:&amp;quot;Arial&amp;quot;,sans-serif;mso-fareast-font-family:\r\n&amp;quot;Times New Roman&amp;quot;&quot;&gt;&amp;nbsp;shall not be responsible or liable to user, or anyone,\r\nfor the statements or conduct of any third party of the service. In sum, in no\r\nevent shall Company''s total liability to the User for all damages or/and losses\r\nor/and causes of action exceed the amount paid by the User to&amp;nbsp;&lt;/span&gt;&lt;a href=&quot;http://www.magicbricks.com/&quot; target=&quot;_blank&quot;&gt;&lt;span style=&quot;font-size: 10pt; font-family: Arial, sans-serif; color: windowtext;&quot;&gt;Company&lt;/span&gt;&lt;/a&gt;&lt;span style=&quot;font-size:10.0pt;font-family:&amp;quot;Arial&amp;quot;,sans-serif;mso-fareast-font-family:\r\n&amp;quot;Times New Roman&amp;quot;&quot;&gt;, if any, that is related to the cause of action.&lt;o:p&gt;&lt;/o:p&gt;&lt;/span&gt;&lt;/p&gt;\r\n\r\n&lt;p class=&quot;MsoNormal&quot; style=&quot;line-height:normal&quot;&gt;&lt;span style=&quot;font-size:10.0pt;\r\nfont-family:&amp;quot;Arial&amp;quot;,sans-serif&quot;&gt;&lt;br&gt;\r\n&lt;strong&gt;DISCLAIMER OF\r\nCONSEQUENTIAL DAMAGES&lt;/strong&gt;&lt;br&gt;\r\n&lt;br&gt;\r\n&lt;span style=&quot;color: black; background-image: initial; background-position: initial; background-size: initial; background-repeat: initial; background-attachment: initial; background-origin: initial; background-clip: initial;&quot;&gt;In no event\r\nshall Company or any parties, organizations or entities associated with the\r\ncorporate brand name us or otherwise, mentioned at this Website be liable for\r\nany damages whatsoever (including, without limitations, incidental and\r\nconsequential damages, lost profits, or damage to computer hardware or loss of\r\ndata information or business interruption) resulting from the use or inability\r\nto use the Website and the Website material, whether based on warranty,\r\ncontract, tort, or any other legal theory, and whether or not, such\r\norganization or entities were advised of the possibility of such damages.&lt;/span&gt;&lt;span style=&quot;background-image: initial; background-position: initial; background-size: initial; background-repeat: initial; background-attachment: initial; background-origin: initial; background-clip: initial;&quot;&gt;&lt;o:p&gt;&lt;/o:p&gt;&lt;/span&gt;&lt;/span&gt;&lt;/p&gt;&lt;/h2&gt;\r\n\r\n\r\n\r\n\r\n\r\n\r\n\r\n\r\n\r\n\r\n\r\n\r\n\r\n\r\n\r\n\r\n\r\n\r\n\r\n\r\n\r\n\r\n\r\n\r\n\r\n\r\n\r\n\r\n\r\n\r\n\r\n\r\n\r\n\r\n\r\n\r\n\r\n\r\n\r\n\r\n\r\n\r\n\r\n\r\n\r\n\r\n\r\n\r\n\r\n\r\n\r\n\r\n\r\n\r\n\r\n\r\n\r\n\r\n\r\n\r\n\r\n\r\n\r\n\r\n\r\n\r\n\r\n\r\n\r\n\r\n\r\n\r\n\r\n\r\n\r\n\r\n\r\n\r\n\r\n\r\n\r\n\r\n\r\n\r\n\r\n\r\n\r\n&lt;/div&gt;', 'Terms &amp; Conditions', '', '');
INSERT INTO `oc_information_description` (`information_id`, `language_id`, `title`, `description`, `meta_title`, `meta_description`, `meta_keyword`) VALUES
(3, 1, 'Privacy Policy', '&lt;div class=&quot;padded box&quot; style=&quot;line-height: 1;&quot;&gt; &lt;h3 style=&quot;margin-top: 5em; font-size: 0.7em; line-height: 1;&quot;&gt;&lt;p class=&quot;MsoListParagraph&quot; align=&quot;center&quot; style=&quot;margin-left:13.5pt;mso-add-space:\r\nauto;text-align:center;line-height:normal&quot;&gt;&lt;b&gt;&lt;span style=&quot;font-size:12.0pt;font-family:&amp;quot;Arial&amp;quot;,sans-serif&quot;&gt;Privacy Policy&lt;o:p&gt;&lt;/o:p&gt;&lt;/span&gt;&lt;/b&gt;&lt;/p&gt;\r\n\r\n&lt;p class=&quot;MsoNormal&quot; style=&quot;text-align:justify;line-height:normal&quot;&gt;&lt;b&gt;&lt;span style=&quot;font-size: 10pt; font-family: Arial, sans-serif; color: black; background-image: initial; background-position: initial; background-size: initial; background-repeat: initial; background-attachment: initial; background-origin: initial; background-clip: initial;&quot;&gt;Your website\r\nmay use the Privacy Policy given below:&lt;/span&gt;&lt;/b&gt;&lt;b&gt;&lt;span style=&quot;font-size: 10pt; font-family: Arial, sans-serif; background-image: initial; background-position: initial; background-size: initial; background-repeat: initial; background-attachment: initial; background-origin: initial; background-clip: initial;&quot;&gt;&lt;o:p&gt;&lt;/o:p&gt;&lt;/span&gt;&lt;/b&gt;&lt;/p&gt;\r\n\r\n&lt;p style=&quot;margin: 7.35pt 0in; text-align: justify; background-image: initial; background-position: initial; background-size: initial; background-repeat: initial; background-attachment: initial; background-origin: initial; background-clip: initial;&quot;&gt;&lt;span style=&quot;font-size: 10pt; font-family: Arial, sans-serif; color: black; background-image: initial; background-position: initial; background-size: initial; background-repeat: initial; background-attachment: initial; background-origin: initial; background-clip: initial;&quot;&gt;The terms &quot;We&quot; / &quot;Us&quot; / &quot;Our&quot;/”Company”\r\nindividually and collectively refer to&amp;nbsp; rdamall.com and the terms &quot;You&quot;\r\n/&quot;Your&quot; / &quot;Yourself&quot; refer to the users. &lt;/span&gt;&lt;span style=&quot;font-size:10.0pt;font-family:&amp;quot;Arial&amp;quot;,sans-serif&quot;&gt;&lt;o:p&gt;&lt;/o:p&gt;&lt;/span&gt;&lt;/p&gt;\r\n\r\n&lt;p style=&quot;margin: 7.35pt 0in; text-align: justify; background-image: initial; background-position: initial; background-size: initial; background-repeat: initial; background-attachment: initial; background-origin: initial; background-clip: initial;&quot;&gt;&lt;span style=&quot;font-size:10.0pt;\r\nfont-family:&amp;quot;Arial&amp;quot;,sans-serif;color:black;mso-color-alt:windowtext&quot;&gt;This Privacy\r\nPolicy is an electronic record in the form of an electronic contract formed\r\nunder the information Technology Act, 2000 and the rules made thereunder and\r\nthe amended provisions pertaining to electronic documents / records in various\r\nstatutes as amended by the information Technology Act, 2000. This Privacy Policy\r\ndoes not require any physical, electronic or digital signature.&lt;/span&gt;&lt;span style=&quot;font-size:10.0pt;font-family:&amp;quot;Arial&amp;quot;,sans-serif&quot;&gt;&lt;o:p&gt;&lt;/o:p&gt;&lt;/span&gt;&lt;/p&gt;\r\n\r\n&lt;p style=&quot;margin: 7.35pt 0in; text-align: justify; background-image: initial; background-position: initial; background-size: initial; background-repeat: initial; background-attachment: initial; background-origin: initial; background-clip: initial;&quot;&gt;&lt;span style=&quot;font-size:10.0pt;\r\nfont-family:&amp;quot;Arial&amp;quot;,sans-serif;color:black;mso-color-alt:windowtext&quot;&gt;This Privacy\r\nPolicy is a legally binding document between you and &lt;span style=&quot;background-color: rgb(255, 255, 0);&quot;&gt;rdamall.com&amp;nbsp;&lt;/span&gt;(both terms defined below). The\r\nterms of this Privacy Policy will be effective upon your acceptance of the same\r\n(directly or indirectly in electronic form, by clicking on the I accept tab or\r\nby use of the website or by other means) and will govern the relationship\r\nbetween you and rdamall.com for your use of the website “&lt;b&gt;Website&lt;/b&gt;” (defined below).&lt;/span&gt;&lt;span style=&quot;font-size:10.0pt;\r\nfont-family:&amp;quot;Arial&amp;quot;,sans-serif&quot;&gt;&lt;o:p&gt;&lt;/o:p&gt;&lt;/span&gt;&lt;/p&gt;\r\n\r\n&lt;p style=&quot;margin: 7.35pt 0in; text-align: justify; background-image: initial; background-position: initial; background-size: initial; background-repeat: initial; background-attachment: initial; background-origin: initial; background-clip: initial;&quot;&gt;&lt;span style=&quot;font-size:10.0pt;\r\nfont-family:&amp;quot;Arial&amp;quot;,sans-serif;color:black;mso-color-alt:windowtext&quot;&gt;This\r\ndocument is published and shall be construed in accordance with the provisions\r\nof the Information Technology (reasonable security practices and procedures and\r\nsensitive personal data of information) rules, 2011 under Information\r\nTechnology Act, 2000; that require publishing of the Privacy Policy for\r\ncollection, use, storage and transfer of sensitive personal data or\r\ninformation.&lt;/span&gt;&lt;span style=&quot;font-size:10.0pt;font-family:&amp;quot;Arial&amp;quot;,sans-serif&quot;&gt;&lt;o:p&gt;&lt;/o:p&gt;&lt;/span&gt;&lt;/p&gt;\r\n\r\n&lt;p style=&quot;margin: 7.35pt 0in; text-align: justify; background-image: initial; background-position: initial; background-size: initial; background-repeat: initial; background-attachment: initial; background-origin: initial; background-clip: initial;&quot;&gt;&lt;span style=&quot;font-size:10.0pt;\r\nfont-family:&amp;quot;Arial&amp;quot;,sans-serif;color:black;mso-color-alt:windowtext&quot;&gt;Please\r\nread this Privacy Policy carefully by using the Website, you indicate that you\r\nunderstand, agree and consent to this Privacy Policy. If you do not agree with\r\nthe terms of this Privacy Policy, please do not use this Website. &lt;/span&gt;&lt;span style=&quot;font-size:10.0pt;font-family:&amp;quot;Arial&amp;quot;,sans-serif&quot;&gt;&lt;o:p&gt;&lt;/o:p&gt;&lt;/span&gt;&lt;/p&gt;\r\n\r\n&lt;p style=&quot;margin: 7.35pt 0in; text-align: justify; background-image: initial; background-position: initial; background-size: initial; background-repeat: initial; background-attachment: initial; background-origin: initial; background-clip: initial;&quot;&gt;&lt;span style=&quot;font-size:10.0pt;\r\nfont-family:&amp;quot;Arial&amp;quot;,sans-serif;color:black;mso-color-alt:windowtext&quot;&gt;By\r\nproviding us your Information or by making use of the facilities provided by\r\nthe Website, You hereby consent to the collection, storage, processing and\r\ntransfer of any or all of Your Personal Information and Non-Personal\r\nInformation by us as specified under this Privacy Policy. You further agree\r\nthat such collection, use, storage and transfer of Your Information shall not\r\ncause any loss or wrongful gain to you or any other person.&lt;/span&gt;&lt;span style=&quot;font-size:10.0pt;font-family:&amp;quot;Arial&amp;quot;,sans-serif&quot;&gt;&lt;o:p&gt;&lt;/o:p&gt;&lt;/span&gt;&lt;/p&gt;\r\n\r\n&lt;p style=&quot;margin: 7.35pt 0in 0in; background-image: initial; background-position: initial; background-size: initial; background-repeat: initial; background-attachment: initial; background-origin: initial; background-clip: initial;&quot;&gt;&lt;strong&gt;&lt;span style=&quot;font-size:10.0pt;font-family:&amp;quot;Arial&amp;quot;,sans-serif;\r\ncolor:black;mso-color-alt:windowtext&quot;&gt;USER INFORMATION&lt;/span&gt;&lt;/strong&gt;&lt;span class=&quot;apple-converted-space&quot;&gt;&lt;b&gt;&lt;span style=&quot;font-size:10.0pt;font-family:&amp;quot;Arial&amp;quot;,sans-serif;\r\ncolor:black;mso-color-alt:windowtext&quot;&gt;&amp;nbsp;&lt;/span&gt;&lt;/b&gt;&lt;/span&gt;&lt;span style=&quot;font-size:10.0pt;font-family:&amp;quot;Arial&amp;quot;,sans-serif&quot;&gt;&lt;o:p&gt;&lt;/o:p&gt;&lt;/span&gt;&lt;/p&gt;\r\n\r\n&lt;p style=&quot;margin: 7.35pt -4.5pt 0in 0in; background-image: initial; background-position: initial; background-size: initial; background-repeat: initial; background-attachment: initial; background-origin: initial; background-clip: initial;&quot;&gt;&lt;span style=&quot;font-size:10.0pt;\r\nfont-family:&amp;quot;Arial&amp;quot;,sans-serif;color:black;mso-color-alt:windowtext&quot;&gt;To avail\r\ncertain services on our Websites, users are required to provide certain\r\ninformation for the registration process namely: - a) your name, b) email\r\naddress, c) sex, d) age, e) PIN code, f) credit card or debit card details g)\r\nmedical records and history h) sexual orientation, i) biometric information, j)\r\npassword etc., and / or your occupation, interests, and the like. The Information\r\nas supplied by the users enables us to improve our sites and provide you the\r\nmost user-friendly experience.&lt;br&gt;\r\n&lt;br&gt;\r\nAll required information is service dependent and we may use the above said user\r\ninformation to, maintain, protect, and improve its services (including\r\nadvertising services) and for developing new services&lt;br&gt;\r\n&lt;br&gt;\r\nSuch information will not be considered as sensitive if it is freely available\r\nand accessible in the public domain or is furnished under the Right to\r\nInformation Act, 2005 or any other law for the time being in force.&lt;br&gt;\r\n&lt;br&gt;\r\n&lt;strong&gt;COOKIES&lt;/strong&gt;&lt;br&gt;\r\nTo improve the responsiveness of the sites for our users, we may use\r\n&quot;cookies&quot;, or similar electronic tools to collect information to\r\nassign each visitor a unique, random number as a User Identification (User ID)\r\nto understand the user''s individual interests using the Identified Computer.\r\nUnless you voluntarily identify yourself (through registration, for example),\r\nwe will have no way of knowing who you are, even if we assign a cookie to your\r\ncomputer. The only personal information a cookie can contain is information you\r\nsupply (an example of this is when you ask for our Personalised Horoscope). A\r\ncookie cannot read data off your hard drive. Our advertisers may also assign\r\ntheir own cookies to your browser (if you click on their ads), a process that\r\nwe do not control.&lt;span class=&quot;apple-converted-space&quot;&gt;&amp;nbsp;&lt;/span&gt;&lt;br&gt;\r\n&lt;br&gt;\r\nOur web servers automatically collect limited information about your computer''s\r\nconnection to the Internet, including your IP address, when you visit our site.\r\n(Your IP address is a number that lets computers attached to the Internet know\r\nwhere to send you data -- such as the web pages you view.) Your IP address does\r\nnot identify you personally. We use this information to deliver our web pages\r\nto you upon request, to tailor our site to the interests of our users, to\r\nmeasure traffic within our site and let advertisers know the geographic\r\nlocations from where our visitors come.&lt;span class=&quot;apple-converted-space&quot;&gt;&amp;nbsp;&lt;/span&gt;&lt;/span&gt;&lt;strong&gt;&lt;span style=&quot;font-size:10.0pt;font-family:&amp;quot;Arial&amp;quot;,sans-serif&quot;&gt;&lt;o:p&gt;&lt;/o:p&gt;&lt;/span&gt;&lt;/strong&gt;&lt;/p&gt;\r\n\r\n&lt;p style=&quot;margin: 7.35pt 0in; background-image: initial; background-position: initial; background-size: initial; background-repeat: initial; background-attachment: initial; background-origin: initial; background-clip: initial;&quot;&gt;&lt;strong&gt;&lt;span style=&quot;font-size:10.0pt;font-family:&amp;quot;Arial&amp;quot;,sans-serif;\r\ncolor:black;mso-color-alt:windowtext&quot;&gt;LINKS TO THE OTHER SITES&lt;/span&gt;&lt;/strong&gt;&lt;span style=&quot;font-size:10.0pt;font-family:&amp;quot;Arial&amp;quot;,sans-serif;color:black;mso-color-alt:\r\nwindowtext&quot;&gt;&lt;br&gt;\r\n&lt;span style=&quot;background-image: initial; background-position: initial; background-size: initial; background-repeat: initial; background-attachment: initial; background-origin: initial; background-clip: initial;&quot;&gt;Our policy discloses the privacy practices for\r\nour own web site only. Our site provides links to other websites also that are\r\nbeyond our control. We shall in no way be responsible in way for your use of\r\nsuch sites.&lt;/span&gt;&lt;strong&gt;5. &lt;/strong&gt;&lt;/span&gt;&lt;strong&gt;&lt;span style=&quot;font-size:10.0pt;font-family:&amp;quot;Arial&amp;quot;,sans-serif&quot;&gt;&lt;o:p&gt;&lt;/o:p&gt;&lt;/span&gt;&lt;/strong&gt;&lt;/p&gt;\r\n\r\n&lt;p style=&quot;margin: 7.35pt 0in; background-image: initial; background-position: initial; background-size: initial; background-repeat: initial; background-attachment: initial; background-origin: initial; background-clip: initial;&quot;&gt;&lt;strong&gt;&lt;span style=&quot;font-size:10.0pt;font-family:&amp;quot;Arial&amp;quot;,sans-serif;\r\ncolor:black;mso-color-alt:windowtext&quot;&gt;INFORMATION SHARING&lt;/span&gt;&lt;/strong&gt;&lt;span style=&quot;font-size:10.0pt;font-family:&amp;quot;Arial&amp;quot;,sans-serif;color:black;mso-color-alt:\r\nwindowtext&quot;&gt;&lt;br&gt;\r\nWe shares the sensitive personal information to any third party without\r\nobtaining the prior consent of the user in the following limited circumstances:&lt;br&gt;\r\n&lt;br&gt;\r\n&lt;strong&gt;(a)&lt;/strong&gt;&lt;span class=&quot;apple-converted-space&quot;&gt;&amp;nbsp;&lt;/span&gt;When it is requested or required by\r\nlaw or by any court or governmental agency or authority to disclose, for the purpose\r\nof verification of identity, or for the prevention, detection, investigation\r\nincluding cyber incidents, or for prosecution and punishment of offences. These\r\ndisclosures are made in good faith and belief that such disclosure is\r\nreasonably necessary for enforcing these Terms; for complying with the\r\napplicable laws and regulations.&lt;span class=&quot;apple-converted-space&quot;&gt;&amp;nbsp;&lt;/span&gt;&lt;br&gt;\r\n&lt;br&gt;\r\n&lt;strong&gt;(b)&lt;/strong&gt;&lt;span class=&quot;apple-converted-space&quot;&gt;&amp;nbsp;&lt;/span&gt;We proposes to share such information\r\nwithin its group companies and officers and employees of such group companies\r\nfor the purpose of processing personal information on its behalf. We also\r\nensure that these recipients of such information agree to process such\r\ninformation based on our instructions and in compliance with this Privacy\r\nPolicy and any other appropriate confidentiality and security measures.&lt;br&gt;\r\n&lt;br&gt;\r\n&lt;strong&gt;INFORMATION SECURITY&lt;/strong&gt;&lt;br&gt;\r\nWe take appropriate security measures to protect against unauthorized access to\r\nor unauthorized alteration, disclosure or destruction of data. These include\r\ninternal reviews of our data collection, storage and processing practices and\r\nsecurity measures, including appropriate encryption and physical security\r\nmeasures to guard against unauthorized access to systems where we store\r\npersonal data.&lt;br&gt;\r\n&lt;br&gt;\r\nAll information gathered on our Website is securely stored within our\r\ncontrolled database. The database is stored on servers secured behind a\r\nfirewall; access to the servers is password-protected and is strictly limited.\r\nHowever, as effective as our security measures are, no security system is\r\nimpenetrable. We cannot guarantee the security of our database, nor can we\r\nguarantee that information you supply will not be intercepted while being\r\ntransmitted to us over the Internet. And, of course, any information you\r\ninclude in a posting to the discussion areas is available to anyone with\r\nInternet access.&lt;span class=&quot;apple-converted-space&quot;&gt;&amp;nbsp;&lt;/span&gt;&lt;br&gt;\r\n&lt;br&gt;\r\nHowever the internet is an ever evolving medium. We may change our Privacy Policy\r\nfrom time to time to incorporate necessary future changes. Of course, our use\r\nof any information we gather will always be consistent with the policy under\r\nwhich the information was collected, regardless of what the new policy may be.&lt;span class=&quot;apple-converted-space&quot;&gt;&amp;nbsp;&lt;/span&gt;&lt;br&gt;\r\n&lt;br&gt;\r\n&lt;strong&gt;Grievance Redressal&lt;/strong&gt;&lt;br&gt;\r\nRedressal Mechanism: Any complaints, abuse or concerns with regards to content\r\nand or comment or breach of these terms shall be immediately informed to the\r\ndesignated Grievance Officer as mentioned below via in writing or through email\r\nsigned with the electronic signature to&lt;span class=&quot;apple-converted-space&quot;&gt;&amp;nbsp;&lt;/span&gt;……………………………..\r\n(&quot;Grievance Officer&quot;).&lt;span class=&quot;apple-converted-space&quot;&gt;&amp;nbsp;&lt;/span&gt;&lt;br&gt;\r\n&lt;br&gt;\r\nMr. Anand Kumar&amp;nbsp;&lt;strong&gt;(Grievance\r\nOfficer)&lt;/strong&gt;&lt;br&gt;\r\n&lt;/span&gt;&lt;span style=&quot;color:black;mso-color-alt:windowtext&quot;&gt;&lt;a href=&quot;http://www.magicbricks.com/&quot; target=&quot;_blank&quot;&gt;&lt;strong&gt;&lt;span style=&quot;font-size: 10pt; font-family: Arial, sans-serif; color: black;&quot;&gt;www.rdamall.com&lt;/span&gt;&lt;/strong&gt;&lt;/a&gt;&lt;/span&gt;&lt;span style=&quot;font-size:10.0pt;font-family:&amp;quot;Arial&amp;quot;,sans-serif;color:black;mso-color-alt:\r\nwindowtext&quot;&gt;&lt;br&gt;\r\nRDA Softech Private Limited&amp;nbsp;&lt;/span&gt;&lt;/p&gt;&lt;p style=&quot;margin: 7.35pt 0in; background-image: initial; background-position: initial; background-size: initial; background-repeat: initial; background-attachment: initial; background-origin: initial; background-clip: initial;&quot;&gt;&lt;span style=&quot;font-size:10.0pt;font-family:&amp;quot;Arial&amp;quot;,sans-serif;color:black;mso-color-alt:\r\nwindowtext&quot;&gt;U-152 A, 2nd Floor Shakarpur New Delhi, 110092&lt;/span&gt;&lt;/p&gt;\r\n\r\n&lt;p style=&quot;margin: 7.35pt 0in; background-image: initial; background-position: initial; background-size: initial; background-repeat: initial; background-attachment: initial; background-origin: initial; background-clip: initial;&quot;&gt;&lt;span style=&quot;font-size:10.0pt;font-family:&amp;quot;Arial&amp;quot;,sans-serif;\r\ncolor:black;mso-color-alt:windowtext&quot;&gt;Email:&lt;span class=&quot;apple-converted-space&quot;&gt;&amp;nbsp;anand@rdasoftech.com&lt;/span&gt;&lt;br&gt;\r\nPh: +91 888 2367711&amp;nbsp;&lt;/span&gt;&lt;span style=&quot;font-size: 10pt; font-family: Arial, sans-serif; background-image: initial; background-position: initial; background-size: initial; background-repeat: initial; background-attachment: initial; background-origin: initial; background-clip: initial;&quot;&gt;&lt;o:p&gt;&lt;/o:p&gt;&lt;/span&gt;&lt;/p&gt;&lt;/h3&gt;&lt;/div&gt;', 'Privacy Policy', 'Privacy Policy', ''),
(9, 1, 'Refund and Cancellation Policy', '&lt;div class=&quot;padded box&quot;&gt; &lt;h1&gt;&lt;p class=&quot;MsoListParagraph&quot; align=&quot;center&quot; style=&quot;margin-left:.25in;mso-add-space:\r\nauto;text-align:center;line-height:normal&quot;&gt;&lt;strong&gt;&lt;span style=&quot;font-size:12.0pt;\r\nfont-family:&amp;quot;Arial&amp;quot;,sans-serif&quot;&gt;Refund and Cancellation Policy&lt;o:p&gt;&lt;/o:p&gt;&lt;/span&gt;&lt;/strong&gt;&lt;/p&gt;\r\n\r\n&lt;p class=&quot;MsoNormal&quot; style=&quot;line-height:normal;tab-stops:459.0pt&quot;&gt;&lt;span style=&quot;font-size:10.0pt;font-family:&amp;quot;Arial&amp;quot;,sans-serif&quot;&gt;&lt;br&gt;\r\n&lt;span style=&quot;color: black; background-image: initial; background-position: initial; background-size: initial; background-repeat: initial; background-attachment: initial; background-origin: initial; background-clip: initial;&quot;&gt;Our focus\r\nis complete customer satisfaction. In the event, if you are displeased with the\r\nservices provided, we will refund back the money, provided the reasons are\r\ngenuine and proved after investigation. Please read the fine prints of each\r\ndeal before buying it, it provides all the details about the services or the product\r\nyou purchase.&lt;/span&gt;&lt;br&gt;\r\n&lt;br&gt;\r\n&lt;span style=&quot;color: black; background-image: initial; background-position: initial; background-size: initial; background-repeat: initial; background-attachment: initial; background-origin: initial; background-clip: initial;&quot;&gt;In case of\r\ndissatisfaction from our services, clients have the liberty to cancel their\r\nprojects and request a refund from us. Our Policy for the cancellation and\r\nrefund will be as follows:&lt;/span&gt;&lt;span style=&quot;background-image: initial; background-position: initial; background-size: initial; background-repeat: initial; background-attachment: initial; background-origin: initial; background-clip: initial;&quot;&gt;&lt;o:p&gt;&lt;/o:p&gt;&lt;/span&gt;&lt;/span&gt;&lt;/p&gt;\r\n\r\n&lt;p class=&quot;MsoNormal&quot; style=&quot;line-height:normal;tab-stops:459.0pt&quot;&gt;&lt;strong&gt;&lt;span style=&quot;font-size:10.0pt;font-family:&amp;quot;Arial&amp;quot;,sans-serif&quot;&gt;&amp;nbsp;Cancellation Policy&lt;/span&gt;&lt;/strong&gt;&lt;span style=&quot;font-size:10.0pt;font-family:&amp;quot;Arial&amp;quot;,sans-serif&quot;&gt;&lt;br&gt;\r\n&lt;br&gt;\r\n&lt;span style=&quot;color: black; background-image: initial; background-position: initial; background-size: initial; background-repeat: initial; background-attachment: initial; background-origin: initial; background-clip: initial;&quot;&gt;For\r\nCancellations please contact the us via contact us link.&lt;span class=&quot;apple-converted-space&quot;&gt;&amp;nbsp;&lt;/span&gt;&lt;/span&gt;&lt;br&gt;\r\n&lt;br&gt;\r\n&lt;span style=&quot;color: black; background-image: initial; background-position: initial; background-size: initial; background-repeat: initial; background-attachment: initial; background-origin: initial; background-clip: initial;&quot;&gt;Requests\r\nreceived later than 7 business days prior to the end of the current service\r\nperiod will be treated as cancellation of services for the next service period.&lt;/span&gt;&lt;br&gt;\r\n&lt;br&gt;\r\n&lt;strong&gt;Refund Policy&lt;/strong&gt;&lt;br&gt;\r\n&lt;br&gt;\r\n&lt;span style=&quot;color: black; background-image: initial; background-position: initial; background-size: initial; background-repeat: initial; background-attachment: initial; background-origin: initial; background-clip: initial;&quot;&gt;We will try\r\nour best to create the suitable design concepts for our clients.&lt;/span&gt;&lt;br&gt;\r\n&lt;br&gt;\r\n&lt;span style=&quot;color: black; background-image: initial; background-position: initial; background-size: initial; background-repeat: initial; background-attachment: initial; background-origin: initial; background-clip: initial;&quot;&gt;In case any\r\nclient is not completely satisfied with our products we can provide a refund.&lt;span class=&quot;apple-converted-space&quot;&gt;&amp;nbsp;&lt;/span&gt;&lt;/span&gt;&lt;br&gt;\r\n&lt;br&gt;\r\n&lt;span style=&quot;color: black; background-image: initial; background-position: initial; background-size: initial; background-repeat: initial; background-attachment: initial; background-origin: initial; background-clip: initial;&quot;&gt;If paid by\r\ncredit card, refunds will be issued to the original credit card provided at the\r\ntime of purchase and in case of payment gateway name payments refund will be\r\nmade to the same account.&lt;/span&gt;&lt;span style=&quot;background-image: initial; background-position: initial; background-size: initial; background-repeat: initial; background-attachment: initial; background-origin: initial; background-clip: initial;&quot;&gt;&lt;o:p&gt;&lt;/o:p&gt;&lt;/span&gt;&lt;/span&gt;&lt;/p&gt;\r\n\r\n&lt;p class=&quot;MsoNormal&quot;&gt;&lt;o:p&gt;&amp;nbsp;&lt;/o:p&gt;&lt;/p&gt;&lt;/h1&gt;\r\n&lt;/div&gt;', 'Refund and Cancellation Policy', 'Refund and Cancellation Policy', 'Refund and Cancellation Policy');

-- --------------------------------------------------------

--
